000
CDUS43 KICT 030630
CLICNU


CLIMATE REPORT
NATIONAL WEATHER SERVICE WICHITA KS
130 AM CDT TUE APR 3 2018


...................................

...THE CHANUTE KS CLIMATE SUMMARY FOR APRIL 2 2018...

CLIMATE NORMAL PERIOD 1981 TO 2010
CLIMATE RECORD PERIOD 1894 TO 2018


WEATHER ITEM   OBSERVED TIME   RECORD YEAR NORMAL DEPARTURE LAST
                VALUE   (LST)  VALUE       VALUE  FROM      YEAR
                                                  NORMAL
..................................................................
TEMPERATURE (F)
 YESTERDAY
  MAXIMUM         46   1159 PM  89    1918  64    -18       67
  MINIMUM         28    653 AM  20    1936  41    -13       50
  AVERAGE         37                        52    -15       59

PRECIPITATION (IN)
  YESTERDAY        0.03          1.24 1965   0.12  -0.09     1.23
  MONTH TO DATE    0.03                      0.24  -0.21     1.42
  SINCE MAR 1      1.49                      3.28  -1.79     3.44
  SINCE JAN 1      4.10                      6.44  -2.34     5.59

DEGREE DAYS
 HEATING
  YESTERDAY       28                        13     15        6
  MONTH TO DATE   60                        26     34       18
  SINCE MAR 1    580                       585     -5      428
  SINCE JUL 1   3926                      4157   -231     3196

 COOLING
  YESTERDAY        0                         0      0        0
  MONTH TO DATE    0                         0      0        0
  SINCE MAR 1      0                         4     -4       17
  SINCE JAN 1      0                         4     -4       20
..................................................................


WIND (MPH)
  HIGHEST WIND SPEED    15   HIGHEST WIND DIRECTION    SE (150)
  HIGHEST GUST SPEED    19   HIGHEST GUST DIRECTION    SE (150)
  AVERAGE WIND SPEED     8.4


SKY COVER
  POSSIBLE SUNSHINE  MM
  AVERAGE SKY COVER 1.0


WEATHER CONDITIONS
 THE FOLLOWING WEATHER WAS RECORDED YESTERDAY.
  LIGHT RAIN
  FOG


RELATIVE HUMIDITY (PERCENT)
 HIGHEST   100           800 AM
 LOWEST     78          1200 AM
 AVERAGE    89

..........................................................


THE CHANUTE KS CLIMATE NORMALS FOR TODAY
                         NORMAL    RECORD    YEAR
 MAXIMUM TEMPERATURE (F)   64        88      2011
 MINIMUM TEMPERATURE (F)   42        14      1936


SUNRISE AND SUNSET
APRIL  3 2018.........SUNRISE   704 AM CDT   SUNSET   747 PM CDT
APRIL  4 2018.........SUNRISE   703 AM CDT   SUNSET   748 PM CDT


-  INDICATES NEGATIVE NUMBERS.
R  INDICATES RECORD WAS SET OR TIED.
MM INDICATES DATA IS MISSING.
T  INDICATES TRACE AMOUNT.




$$
