000
CDUS43 KICT 101245
CLICNU


CLIMATE REPORT
NATIONAL WEATHER SERVICE WICHITA KS
745 AM CDT THU MAY 10 2018


...................................

...THE CHANUTE KS CLIMATE SUMMARY FOR MAY 9 2018...

CLIMATE NORMAL PERIOD 1981 TO 2010
CLIMATE RECORD PERIOD 1894 TO 2018


WEATHER ITEM   OBSERVED TIME   RECORD YEAR NORMAL DEPARTURE LAST
                VALUE   (LST)  VALUE       VALUE  FROM      YEAR
                                                  NORMAL
..................................................................
TEMPERATURE (F)
 YESTERDAY
  MAXIMUM         90R   353 PM  90    2018  74     16       84
                                      1956
  MINIMUM         66   1040 PM  33    1923  54     12       59
  AVERAGE         78                        64     14       72

PRECIPITATION (IN)
  YESTERDAY        0.00          1.90 1993   0.16  -0.16     0.00
  MONTH TO DATE    0.41                      1.44  -1.03     1.39
  SINCE MAR 1      3.00                      8.88  -5.88    14.43
  SINCE JAN 1      5.61                     12.04  -6.43    16.58

DEGREE DAYS
 HEATING
  YESTERDAY        0                         3     -3        0
  MONTH TO DATE    0                        36    -36       41
  SINCE MAR 1    941                       866     75      660
  SINCE JUL 1   4287                      4438   -151     3428

 COOLING
  YESTERDAY       13                         2     11        7
  MONTH TO DATE   61                        16     45       17
  SINCE MAR 1     70                        47     23       72
  SINCE JAN 1     70                        47     23       75
..................................................................


WIND (MPH)
  HIGHEST WIND SPEED    20   HIGHEST WIND DIRECTION     W (280)
  HIGHEST GUST SPEED    25   HIGHEST GUST DIRECTION     W (280)
  AVERAGE WIND SPEED     8.4


SKY COVER
  POSSIBLE SUNSHINE  MM
  AVERAGE SKY COVER 0.1


WEATHER CONDITIONS
 THE FOLLOWING WEATHER WAS RECORDED YESTERDAY.
  THUNDERSTORM


RELATIVE HUMIDITY (PERCENT)
 HIGHEST    81           600 AM
 LOWEST     29           300 PM
 AVERAGE    55

..........................................................


THE CHANUTE KS CLIMATE NORMALS FOR TODAY
                         NORMAL    RECORD    YEAR
 MAXIMUM TEMPERATURE (F)   74        94      1963
 MINIMUM TEMPERATURE (F)   54        35      1909


SUNRISE AND SUNSET
MAY 10 2018...........SUNRISE   617 AM CDT   SUNSET   820 PM CDT
MAY 11 2018...........SUNRISE   616 AM CDT   SUNSET   821 PM CDT


-  INDICATES NEGATIVE NUMBERS.
R  INDICATES RECORD WAS SET OR TIED.
MM INDICATES DATA IS MISSING.
T  INDICATES TRACE AMOUNT.




$$
