076
CDUS43 KICT 060629
CLICNU


CLIMATE REPORT
NATIONAL WEATHER SERVICE WICHITA KS
127 AM CDT FRI APR 6 2018


...................................

...THE CHANUTE KS CLIMATE SUMMARY FOR APRIL 5 2018...

CLIMATE NORMAL PERIOD 1981 TO 2010
CLIMATE RECORD PERIOD 1894 TO 2018


WEATHER ITEM   OBSERVED TIME   RECORD YEAR NORMAL DEPARTURE LAST
                VALUE   (LST)  VALUE       VALUE  FROM      YEAR
                                                  NORMAL
..................................................................
TEMPERATURE (F)
 YESTERDAY
  MAXIMUM         68    420 PM  85    2016  65      3       60
                                      2000
  MINIMUM         37    250 AM  18    1920  42     -5       40
  AVERAGE         53                        54     -1       50

PRECIPITATION (IN)
  YESTERDAY        0.00          1.69 1935   0.12  -0.12     0.10
  MONTH TO DATE    0.04                      0.60  -0.56     2.75
  SINCE MAR 1      1.50                      3.64  -2.14     4.77
  SINCE JAN 1      4.11                      6.80  -2.69     6.92

DEGREE DAYS
 HEATING
  YESTERDAY       12                        12      0       15
  MONTH TO DATE  120                        63     57       50
  SINCE MAR 1    640                       622     18      460
  SINCE JUL 1   3986                      4194   -208     3228

 COOLING
  YESTERDAY        0                         1     -1        0
  MONTH TO DATE    0                         1     -1        0
  SINCE MAR 1      0                         5     -5       17
  SINCE JAN 1      0                         5     -5       20
..................................................................


WIND (MPH)
  HIGHEST WIND SPEED    22   HIGHEST WIND DIRECTION     S (180)
  HIGHEST GUST SPEED    29   HIGHEST GUST DIRECTION     S (200)
  AVERAGE WIND SPEED    11.4


SKY COVER
  POSSIBLE SUNSHINE  MM
  AVERAGE SKY COVER 0.0


WEATHER CONDITIONS
 THE FOLLOWING WEATHER WAS RECORDED YESTERDAY.
  HAZE


RELATIVE HUMIDITY (PERCENT)
 HIGHEST    66           900 PM
 LOWEST     34          1200 PM
 AVERAGE    50

..........................................................


THE CHANUTE KS CLIMATE NORMALS FOR TODAY
                         NORMAL    RECORD    YEAR
 MAXIMUM TEMPERATURE (F)   65        85      1954
 MINIMUM TEMPERATURE (F)   43        21      1996


SUNRISE AND SUNSET
APRIL  6 2018.........SUNRISE   700 AM CDT   SUNSET   749 PM CDT
APRIL  7 2018.........SUNRISE   658 AM CDT   SUNSET   750 PM CDT


-  INDICATES NEGATIVE NUMBERS.
R  INDICATES RECORD WAS SET OR TIED.
MM INDICATES DATA IS MISSING.
T  INDICATES TRACE AMOUNT.




$$
