000
CDUS43 KICT 160652
CLICNU


CLIMATE REPORT
NATIONAL WEATHER SERVICE WICHITA KS
150 AM CDT FRI MAR 16 2018


...................................

...THE CHANUTE KS CLIMATE SUMMARY FOR MARCH 15 2018...

CLIMATE NORMAL PERIOD 1981 TO 2010
CLIMATE RECORD PERIOD 1894 TO 2018


WEATHER ITEM   OBSERVED TIME   RECORD YEAR NORMAL DEPARTURE LAST
                VALUE   (LST)  VALUE       VALUE  FROM      YEAR
                                                  NORMAL
..................................................................
TEMPERATURE (F)
 YESTERDAY
  MAXIMUM         75    426 PM  84    1914  58     17       46
  MINIMUM         41    610 AM  11    1900  36      5       19
  AVERAGE         58                        47     11       33

PRECIPITATION (IN)
  YESTERDAY        0.00          1.85 1928   0.10  -0.10     0.00
  MONTH TO DATE    T                         1.38  -1.38     0.26
  SINCE MAR 1      T                         1.38  -1.38     0.26
  SINCE JAN 1      2.61                      4.54  -1.93     2.41

DEGREE DAYS
 HEATING
  YESTERDAY        7                        18    -11       32
  MONTH TO DATE  285                       309    -24      291
  SINCE MAR 1    285                       309    -24      291
  SINCE JUL 1   3631                      3881   -250     3059

 COOLING
  YESTERDAY        0                         0      0        0
  MONTH TO DATE    0                         0      0        0
  SINCE MAR 1      0                         0      0        0
  SINCE JAN 1      0                         0      0        3
..................................................................


WIND (MPH)
  HIGHEST WIND SPEED    28   HIGHEST WIND DIRECTION     S (190)
  HIGHEST GUST SPEED    45   HIGHEST GUST DIRECTION     W (250)
  AVERAGE WIND SPEED    14.6


SKY COVER
  POSSIBLE SUNSHINE  MM
  AVERAGE SKY COVER 0.0


WEATHER CONDITIONS
 THE FOLLOWING WEATHER WAS RECORDED YESTERDAY.
  NO SIGNIFICANT WEATHER WAS OBSERVED.


RELATIVE HUMIDITY (PERCENT)
 HIGHEST    55          1100 PM
 LOWEST     25           100 PM
 AVERAGE    40

..........................................................


THE CHANUTE KS CLIMATE NORMALS FOR TODAY
                         NORMAL    RECORD    YEAR
 MAXIMUM TEMPERATURE (F)   58        82      2015
                                             2012
 MINIMUM TEMPERATURE (F)   36        17      1900


SUNRISE AND SUNSET
MARCH 16 2018.........SUNRISE   731 AM CDT   SUNSET   730 PM CDT
MARCH 17 2018.........SUNRISE   730 AM CDT   SUNSET   731 PM CDT


-  INDICATES NEGATIVE NUMBERS.
R  INDICATES RECORD WAS SET OR TIED.
MM INDICATES DATA IS MISSING.
T  INDICATES TRACE AMOUNT.




$$
