000
CDUS43 KICT 040631
CLICNU


CLIMATE REPORT
NATIONAL WEATHER SERVICE WICHITA KS
130 AM CDT FRI MAY 4 2018


...................................

...THE CHANUTE KS CLIMATE SUMMARY FOR MAY 3 2018...

CLIMATE NORMAL PERIOD 1981 TO 2010
CLIMATE RECORD PERIOD 1894 TO 2018


WEATHER ITEM   OBSERVED TIME   RECORD YEAR NORMAL DEPARTURE LAST
                VALUE   (LST)  VALUE       VALUE  FROM      YEAR
                                                  NORMAL
..................................................................
TEMPERATURE (F)
 YESTERDAY
  MAXIMUM         77    440 PM  91    1952  73      4       58
  MINIMUM         62    105 AM  30    2005  52     10       45
  AVERAGE         70                        62      8       52

PRECIPITATION (IN)
  YESTERDAY        0.01          1.44 1934   0.17  -0.16     1.38
  MONTH TO DATE    0.41                      0.47  -0.06     1.39
  SINCE MAR 1      3.00                      7.91  -4.91    14.43
  SINCE JAN 1      5.61                     11.07  -5.46    16.58

DEGREE DAYS
 HEATING
  YESTERDAY        0                         4     -4       13
  MONTH TO DATE    0                        14    -14       27
  SINCE MAR 1    941                       844     97      646
  SINCE JUL 1   4287                      4416   -129     3414

 COOLING
  YESTERDAY        5                         2      3        0
  MONTH TO DATE   21                         4     17        0
  SINCE MAR 1     30                        35     -5       55
  SINCE JAN 1     30                        35     -5       58
..................................................................


WIND (MPH)
  HIGHEST WIND SPEED    31   HIGHEST WIND DIRECTION     S (180)
  HIGHEST GUST SPEED    40   HIGHEST GUST DIRECTION     S (190)
  AVERAGE WIND SPEED    15.9


SKY COVER
  POSSIBLE SUNSHINE  MM
  AVERAGE SKY COVER 0.2


WEATHER CONDITIONS
 THE FOLLOWING WEATHER WAS RECORDED YESTERDAY.
  LIGHT RAIN


RELATIVE HUMIDITY (PERCENT)
 HIGHEST    93           100 AM
 LOWEST     69           500 PM
 AVERAGE    81

..........................................................


THE CHANUTE KS CLIMATE NORMALS FOR TODAY
                         NORMAL    RECORD    YEAR
 MAXIMUM TEMPERATURE (F)   73        94      2014
 MINIMUM TEMPERATURE (F)   52        33      1954


SUNRISE AND SUNSET
MAY  4 2018...........SUNRISE   623 AM CDT   SUNSET   815 PM CDT
MAY  5 2018...........SUNRISE   622 AM CDT   SUNSET   816 PM CDT


-  INDICATES NEGATIVE NUMBERS.
R  INDICATES RECORD WAS SET OR TIED.
MM INDICATES DATA IS MISSING.
T  INDICATES TRACE AMOUNT.




$$
