000
CDUS43 KICT 210623
CLICNU


CLIMATE REPORT
NATIONAL WEATHER SERVICE WICHITA KS
123 AM CDT SAT APR 21 2018


...................................

...THE CHANUTE KS CLIMATE SUMMARY FOR APRIL 20 2018...

CLIMATE NORMAL PERIOD 1981 TO 2010
CLIMATE RECORD PERIOD 1894 TO 2018


WEATHER ITEM   OBSERVED TIME   RECORD YEAR NORMAL DEPARTURE LAST
                VALUE   (LST)  VALUE       VALUE  FROM      YEAR
                                                  NORMAL
..................................................................
TEMPERATURE (F)
 YESTERDAY
  MAXIMUM         67    410 PM  87    1987  69     -2       70
  MINIMUM         40    609 AM  27    1953  47     -7       58
  AVERAGE         54                        58     -4       64

PRECIPITATION (IN)
  YESTERDAY        0.00          2.85 1929   0.14  -0.14     0.49
  MONTH TO DATE    0.08                      2.72  -2.64     5.11
  SINCE MAR 1      1.54                      5.76  -4.22     7.13
  SINCE JAN 1      4.15                      8.92  -4.77     9.28

DEGREE DAYS
 HEATING
  YESTERDAY       11                         8      3        1
  MONTH TO DATE  359                       209    150      102
  SINCE MAR 1    879                       768    111      512
  SINCE JUL 1   4225                      4340   -115     3280

 COOLING
  YESTERDAY        0                         1     -1        0
  MONTH TO DATE    5                        16    -11       38
  SINCE MAR 1      5                        20    -15       55
  SINCE JAN 1      5                        20    -15       58
..................................................................


WIND (MPH)
  HIGHEST WIND SPEED    21   HIGHEST WIND DIRECTION    SE (120)
  HIGHEST GUST SPEED    29   HIGHEST GUST DIRECTION     E (110)
  AVERAGE WIND SPEED    10.8


SKY COVER
  POSSIBLE SUNSHINE  MM
  AVERAGE SKY COVER 0.0


WEATHER CONDITIONS
 THE FOLLOWING WEATHER WAS RECORDED YESTERDAY.
  NO SIGNIFICANT WEATHER WAS OBSERVED.


RELATIVE HUMIDITY (PERCENT)
 HIGHEST    70           500 AM
 LOWEST     24           300 PM
 AVERAGE    47

..........................................................


THE CHANUTE KS CLIMATE NORMALS FOR TODAY
                         NORMAL    RECORD    YEAR
 MAXIMUM TEMPERATURE (F)   70        91      1965
 MINIMUM TEMPERATURE (F)   48        25      1966


SUNRISE AND SUNSET
APRIL 21 2018.........SUNRISE   639 AM CDT   SUNSET   803 PM CDT
APRIL 22 2018.........SUNRISE   637 AM CDT   SUNSET   804 PM CDT


-  INDICATES NEGATIVE NUMBERS.
R  INDICATES RECORD WAS SET OR TIED.
MM INDICATES DATA IS MISSING.
T  INDICATES TRACE AMOUNT.




$$
