920
CDUS43 KICT 141245
CLICNU


CLIMATE REPORT
NATIONAL WEATHER SERVICE WICHITA KS
745 AM CDT MON MAY 14 2018


...................................

...THE CHANUTE KS CLIMATE SUMMARY FOR MAY 13 2018...

CLIMATE NORMAL PERIOD 1981 TO 2010
CLIMATE RECORD PERIOD 1894 TO 2018


WEATHER ITEM   OBSERVED TIME   RECORD YEAR NORMAL DEPARTURE LAST
                VALUE   (LST)  VALUE       VALUE  FROM      YEAR
                                                  NORMAL
..................................................................
TEMPERATURE (F)
 YESTERDAY
  MAXIMUM         88    344 PM  91    1956  75     13       77
  MINIMUM         66    620 AM  39    1910  55     11       50
  AVERAGE         77                        65     12       64

PRECIPITATION (IN)
  YESTERDAY        0.00          2.61 2005   0.18  -0.18     0.00
  MONTH TO DATE    1.72                      2.16  -0.44     5.03
  SINCE MAR 1      4.31                      9.60  -5.29    18.07
  SINCE JAN 1      6.92                     12.76  -5.84    20.22

DEGREE DAYS
 HEATING
  YESTERDAY        0                         3     -3        1
  MONTH TO DATE    0                        48    -48       43
  SINCE MAR 1    941                       878     63      662
  SINCE JUL 1   4287                      4450   -163     3430

 COOLING
  YESTERDAY       12                         3      9        0
  MONTH TO DATE  106                        26     80       27
  SINCE MAR 1    115                        57     58       82
  SINCE JAN 1    115                        57     58       85
..................................................................


WIND (MPH)
  HIGHEST WIND SPEED    24   HIGHEST WIND DIRECTION     S (170)
  HIGHEST GUST SPEED    36   HIGHEST GUST DIRECTION     S (180)
  AVERAGE WIND SPEED    11.9


SKY COVER
  POSSIBLE SUNSHINE  MM
  AVERAGE SKY COVER 0.0


WEATHER CONDITIONS
 THE FOLLOWING WEATHER WAS RECORDED YESTERDAY.
  FOG


RELATIVE HUMIDITY (PERCENT)
 HIGHEST    93           500 AM
 LOWEST     48           500 PM
 AVERAGE    71

..........................................................


THE CHANUTE KS CLIMATE NORMALS FOR TODAY
                         NORMAL    RECORD    YEAR
 MAXIMUM TEMPERATURE (F)   75        91      1963
 MINIMUM TEMPERATURE (F)   55        39      2000


SUNRISE AND SUNSET
MAY 14 2018...........SUNRISE   613 AM CDT   SUNSET   824 PM CDT
MAY 15 2018...........SUNRISE   612 AM CDT   SUNSET   825 PM CDT


-  INDICATES NEGATIVE NUMBERS.
R  INDICATES RECORD WAS SET OR TIED.
MM INDICATES DATA IS MISSING.
T  INDICATES TRACE AMOUNT.




$$
