000
CDUS43 KICT 080621
CLICNU


CLIMATE REPORT
NATIONAL WEATHER SERVICE WICHITA KS
120 AM CDT TUE MAY 8 2018


...................................

...THE CHANUTE KS CLIMATE SUMMARY FOR MAY 7 2018...

CLIMATE NORMAL PERIOD 1981 TO 2010
CLIMATE RECORD PERIOD 1894 TO 2018


WEATHER ITEM   OBSERVED TIME   RECORD YEAR NORMAL DEPARTURE LAST
                VALUE   (LST)  VALUE       VALUE  FROM      YEAR
                                                  NORMAL
..................................................................
TEMPERATURE (F)
 YESTERDAY
  MAXIMUM         89    240 PM  91    1934  74     15       84
  MINIMUM         56    540 AM  36    1989  53      3       56
  AVERAGE         73                        63     10       70

PRECIPITATION (IN)
  YESTERDAY        0.00          1.78 1943   0.16  -0.16     0.00
  MONTH TO DATE    0.41                      1.11  -0.70     1.39
  SINCE MAR 1      3.00                      8.55  -5.55    14.43
  SINCE JAN 1      5.61                     11.71  -6.10    16.58

DEGREE DAYS
 HEATING
  YESTERDAY        0                         4     -4        0
  MONTH TO DATE    0                        30    -30       41
  SINCE MAR 1    941                       860     81      660
  SINCE JUL 1   4287                      4432   -145     3428

 COOLING
  YESTERDAY        8                         2      6        5
  MONTH TO DATE   37                        12     25        6
  SINCE MAR 1     46                        43      3       61
  SINCE JAN 1     46                        43      3       64
..................................................................


WIND (MPH)
  HIGHEST WIND SPEED    12   HIGHEST WIND DIRECTION    SE (130)
  HIGHEST GUST SPEED    15   HIGHEST GUST DIRECTION    SE (140)
  AVERAGE WIND SPEED     5.7


SKY COVER
  POSSIBLE SUNSHINE  MM
  AVERAGE SKY COVER 0.0


WEATHER CONDITIONS
 THE FOLLOWING WEATHER WAS RECORDED YESTERDAY.
  NO SIGNIFICANT WEATHER WAS OBSERVED.


RELATIVE HUMIDITY (PERCENT)
 HIGHEST    80           500 AM
 LOWEST     26           100 PM
 AVERAGE    53

..........................................................


THE CHANUTE KS CLIMATE NORMALS FOR TODAY
                         NORMAL    RECORD    YEAR
 MAXIMUM TEMPERATURE (F)   74        91      1962
 MINIMUM TEMPERATURE (F)   53        35      1976


SUNRISE AND SUNSET
MAY  8 2018...........SUNRISE   619 AM CDT   SUNSET   819 PM CDT
MAY  9 2018...........SUNRISE   618 AM CDT   SUNSET   819 PM CDT


-  INDICATES NEGATIVE NUMBERS.
R  INDICATES RECORD WAS SET OR TIED.
MM INDICATES DATA IS MISSING.
T  INDICATES TRACE AMOUNT.




$$
