000
CDUS43 KICT 250624
CLICNU


CLIMATE REPORT
NATIONAL WEATHER SERVICE WICHITA KS
123 AM CDT SUN MAR 25 2018


...................................

...THE CHANUTE KS CLIMATE SUMMARY FOR MARCH 24 2018...

CLIMATE NORMAL PERIOD 1981 TO 2010
CLIMATE RECORD PERIOD 1894 TO 2018


WEATHER ITEM   OBSERVED TIME   RECORD YEAR NORMAL DEPARTURE LAST
                VALUE   (LST)  VALUE       VALUE  FROM      YEAR
                                                  NORMAL
..................................................................
TEMPERATURE (F)
 YESTERDAY
  MAXIMUM         67   1231 AM  92    1910  61      6       70
  MINIMUM         39   1131 PM   9    1974  39      0       53
  AVERAGE         53                        50      3       62

PRECIPITATION (IN)
  YESTERDAY        0.00          1.60 1912   0.11  -0.11     0.10
  MONTH TO DATE    1.13                      2.28  -1.15     0.36
  SINCE MAR 1      1.13                      2.28  -1.15     0.36
  SINCE JAN 1      3.74                      5.44  -1.70     2.51

DEGREE DAYS
 HEATING
  YESTERDAY       12                        15     -3        3
  MONTH TO DATE  409                       459    -50      331
  SINCE MAR 1    409                       459    -50      331
  SINCE JUL 1   3755                      4031   -276     3099

 COOLING
  YESTERDAY        0                         0      0        0
  MONTH TO DATE    0                         0      0       17
  SINCE MAR 1      0                         0      0       17
  SINCE JAN 1      0                         0      0       20
..................................................................


WIND (MPH)
  HIGHEST WIND SPEED    28   HIGHEST WIND DIRECTION    NW (320)
  HIGHEST GUST SPEED    34   HIGHEST GUST DIRECTION     N (340)
  AVERAGE WIND SPEED    14.4


SKY COVER
  POSSIBLE SUNSHINE  MM
  AVERAGE SKY COVER 0.3


WEATHER CONDITIONS
 THE FOLLOWING WEATHER WAS RECORDED YESTERDAY.
  NO SIGNIFICANT WEATHER WAS OBSERVED.


RELATIVE HUMIDITY (PERCENT)
 HIGHEST    97           400 AM
 LOWEST     44           200 PM
 AVERAGE    71

..........................................................


THE CHANUTE KS CLIMATE NORMALS FOR TODAY
                         NORMAL    RECORD    YEAR
 MAXIMUM TEMPERATURE (F)   61        88      1910
 MINIMUM TEMPERATURE (F)   39         8      1955


SUNRISE AND SUNSET
MARCH 25 2018.........SUNRISE   718 AM CDT   SUNSET   738 PM CDT
MARCH 26 2018.........SUNRISE   716 AM CDT   SUNSET   739 PM CDT


-  INDICATES NEGATIVE NUMBERS.
R  INDICATES RECORD WAS SET OR TIED.
MM INDICATES DATA IS MISSING.
T  INDICATES TRACE AMOUNT.




$$
