000
CDUS43 KICT 140636
CLICNU


CLIMATE REPORT
NATIONAL WEATHER SERVICE WICHITA KS
135 AM CDT SAT APR 14 2018


...................................

...THE CHANUTE KS CLIMATE SUMMARY FOR APRIL 13 2018...

CLIMATE NORMAL PERIOD 1981 TO 2010
CLIMATE RECORD PERIOD 1894 TO 2018


WEATHER ITEM   OBSERVED TIME   RECORD YEAR NORMAL DEPARTURE LAST
                VALUE   (LST)  VALUE       VALUE  FROM      YEAR
                                                  NORMAL
..................................................................
TEMPERATURE (F)
 YESTERDAY
  MAXIMUM         81   1247 PM  91    1936  67     14       80
  MINIMUM         49   1159 PM  22    1957  45      4       55
  AVERAGE         65                        56      9       68

PRECIPITATION (IN)
  YESTERDAY        T             1.95 1993   0.14  -0.14      T
  MONTH TO DATE    0.08                      1.68  -1.60     2.75
  SINCE MAR 1      1.54                      4.72  -3.18     4.77
  SINCE JAN 1      4.15                      7.88  -3.73     6.92

DEGREE DAYS
 HEATING
  YESTERDAY        0                        10    -10        0
  MONTH TO DATE  242                       149     93      101
  SINCE MAR 1    762                       708     54      511
  SINCE JUL 1   4108                      4280   -172     3279

 COOLING
  YESTERDAY        0                         1     -1        3
  MONTH TO DATE    5                         9     -4       12
  SINCE MAR 1      5                        13     -8       29
  SINCE JAN 1      5                        13     -8       32
..................................................................


WIND (MPH)
  HIGHEST WIND SPEED    35   HIGHEST WIND DIRECTION     S (190)
  HIGHEST GUST SPEED    46   HIGHEST GUST DIRECTION     S (180)
  AVERAGE WIND SPEED    23.1


SKY COVER
  POSSIBLE SUNSHINE  MM
  AVERAGE SKY COVER 0.2


WEATHER CONDITIONS
 THE FOLLOWING WEATHER WAS RECORDED YESTERDAY.
  THUNDERSTORM
  LIGHT RAIN


RELATIVE HUMIDITY (PERCENT)
 HIGHEST    76           400 AM
 LOWEST     42           800 PM
 AVERAGE    59

..........................................................


THE CHANUTE KS CLIMATE NORMALS FOR TODAY
                         NORMAL    RECORD    YEAR
 MAXIMUM TEMPERATURE (F)   68        96      1936
 MINIMUM TEMPERATURE (F)   45        23      1950


SUNRISE AND SUNSET
APRIL 14 2018.........SUNRISE   648 AM CDT   SUNSET   757 PM CDT
APRIL 15 2018.........SUNRISE   647 AM CDT   SUNSET   758 PM CDT


-  INDICATES NEGATIVE NUMBERS.
R  INDICATES RECORD WAS SET OR TIED.
MM INDICATES DATA IS MISSING.
T  INDICATES TRACE AMOUNT.




$$
