000
CXUS53 KICT 010624
CLMCNU
CLIMATE REPORT
NATIONAL WEATHER SERVICE WICHITA KANSAS
124 AM CDT THU JUN 01 2023
...................................
...THE CHANUTE KS CLIMATE SUMMARY FOR THE MONTH OF MAY 2023...
CLIMATE NORMAL PERIOD 1991 TO 2020
CLIMATE RECORD PERIOD 1894 TO 2023
WEATHER OBSERVED NORMAL DEPART LAST YEAR`S
VALUE DATE(S) VALUE FROM VALUE DATE(S)
NORMAL
................................................................
TEMPERATURE (F)
RECORD
HIGH 99 05/31/1934
LOW 28 05/02/2005
05/01/1909
HIGHEST 93 05/06 91 05/12
05/14
LOWEST 33 05/03 44 05/01
AVG. MAXIMUM 80.7 77.8 2.9 77.5
AVG. MINIMUM 56.8 56.1 0.7 59.0
MEAN 68.8 66.9 1.9 68.2
DAYS MAX >= 90 3 0.7 2.3 3
DAYS MAX <= 32 0 0.0 0.0 0
DAYS MIN <= 32 0 0.1 -0.1 0
DAYS MIN <= 0 0 0.0 0.0 0
PRECIPITATION (INCHES)
RECORD
MAXIMUM 18.35 1990
MINIMUM 1.66 1988
TOTALS 3.61 5.87 -2.26 9.17
DAILY AVG. 0.12 0.19 -0.07 0.30
DAYS >= .01 11 12.3 -1.3 17
DAYS >= .10 8 8.4 -0.4 11
DAYS >= .50 3 3.9 -0.9 6
DAYS >= 1.00 0 1.6 -1.6 3
GREATEST
24 HR. TOTAL 0.77 05/12 TO 05/13
DEGREE DAYS
HEATING TOTAL 54 70 -16 74
SINCE 7/1 3941 4225 -284 MM
COOLING TOTAL 176 131 45 181
................................................................
WIND (MPH)
AVERAGE WIND SPEED 7.0
HIGHEST WIND SPEED/DIRECTION 31/130 DATE 05/24
HIGHEST GUST SPEED/DIRECTION 43/350 DATE 05/09
SKY COVER
POSSIBLE SUNSHINE (PERCENT) MM
AVERAGE SKY COVER 0.31
NUMBER OF DAYS FAIR 20
NUMBER OF DAYS PC 7
NUMBER OF DAYS CLOUDY 4
AVERAGE RH (PERCENT) 69
WEATHER CONDITIONS. NUMBER OF DAYS WITH
THUNDERSTORM 7 MIXED PRECIP 0
HEAVY RAIN 5 RAIN 6
LIGHT RAIN 12 FREEZING RAIN 0
LT FREEZING RAIN 0 HAIL 0
HEAVY SNOW 0 SNOW 0
LIGHT SNOW 0 SLEET 0
FOG 20 FOG W/VIS <= 1/4 MILE 3
HAZE 3
- INDICATES NEGATIVE NUMBERS.
R INDICATES RECORD WAS SET OR TIED.
MM INDICATES DATA IS MISSING.
T INDICATES TRACE AMOUNT.
$$