635
CXUS53 KICT 011841
CLMCNU


CLIMATE REPORT
NATIONAL WEATHER SERVICE WICHITA KS
1240 PM CST MON JAN 1 2018

...................................

...THE CHANUTE KS CLIMATE SUMMARY FOR THE MONTH OF DECEMBER 2017...

CLIMATE NORMAL PERIOD 1981 TO 2010
CLIMATE RECORD PERIOD 1894 TO 2017

WEATHER         OBSERVED          NORMAL  DEPART  LAST YEAR`S
                 VALUE   DATE(S)  VALUE   FROM    VALUE  DATE(S)
                                          NORMAL
................................................................
TEMPERATURE (F)
RECORD
 HIGH              77   12/07/1966
 LOW              -17   12/23/1989
                        12/22/1989
HIGHEST            76   12/04                         70  12/25
LOWEST              2   12/31                         -6  12/18
AVG. MAXIMUM     47.7              44.0     3.7     44.8
AVG. MINIMUM     26.3              25.3     1.0     23.8
MEAN             37.0              34.7     2.3     34.3
DAYS MAX >= 90      0               0.0     0.0        0
DAYS MAX <= 32      4               4.8    -0.8        4
DAYS MIN <= 32     22              23.4    -1.4       27
DAYS MIN <= 0       0               0.7    -0.7        2

PRECIPITATION (INCHES)
RECORD
 MAXIMUM         6.03   1984
 MINIMUM         0.00   1938
                        1929
TOTALS           0.24              1.75   -1.51     0.78
DAILY AVG.       0.01              0.06   -0.05     0.03
DAYS >= .01         2               6.9    -4.9        6
DAYS >= .10         1               3.6    -2.6        3
DAYS >= .50         0               1.2    -1.2        0
DAYS >= 1.00        0               0.5    -0.5        0
GREATEST
 24 HR. TOTAL    0.22   12/17 TO 12/17

DEGREE_DAYS
HEATING TOTAL     862               941     -79      942
 SINCE 7/1       1563              1793    -230     1420
COOLING TOTAL       0                 0       0        0
.................................................................

WIND (MPH)
AVERAGE WIND SPEED              10.0
HIGHEST WIND SPEED/DIRECTION    35/320    DATE  12/04
HIGHEST GUST SPEED/DIRECTION    45/320    DATE  12/04

SKY COVER
POSSIBLE SUNSHINE (PERCENT)   MM
AVERAGE SKY COVER           0.30
NUMBER OF DAYS FAIR           17
NUMBER OF DAYS PC              9
NUMBER OF DAYS CLOUDY          5

AVERAGE RH (PERCENT)     62

WEATHER CONDITIONS. NUMBER OF DAYS WITH
THUNDERSTORM              0     MIXED PRECIP               0
HEAVY RAIN                0     RAIN                       0
LIGHT RAIN                3     FREEZING RAIN              0
LT FREEZING RAIN          0     HAIL                       0
HEAVY SNOW                0     SNOW                       0
LIGHT SNOW                0     SLEET                      0
FOG                       9     FOG W/VIS <= 1/4 MILE      0
HAZE                      5

-  INDICATES NEGATIVE NUMBERS.
R  INDICATES RECORD WAS SET OR TIED.
MM INDICATES DATA IS MISSING.
T  INDICATES TRACE AMOUNT.

$$
