000
CXUS55 KGJT 011010
CF6CNY
PRELIMINARY LOCAL CLIMATOLOGICAL DATA (WS FORM: F-6)
STATION: CANYONLANDS AIRPORT UT
MONTH: NOVEMBER
YEAR: 2021
LATITUDE: 38 46 N
LONGITUDE: 109 45 W
TEMPERATURE IN F: :PCPN: SNOW: WIND :SUNSHINE: SKY :PK WND
================================================================================
1 2 3 4 5 6A 6B 7 8 9 10 11 12 13 14 15 16 17 18
12Z AVG MX 2MIN
DY MAX MIN AVG DEP HDD CDD WTR SNW DPTH SPD SPD DIR MIN PSBL S-S WX SPD DR
================================================================================
1 66 37 52 6 13 0 0.00 M M 2.3 9 330 M M 0 13 340
2 65 44 55 9 10 0 T M M 4.1 15 310 M M 6 19 300
3 61 36 49 3 16 0 0.00 M M 3.0 10 330 M M 0 12 300
4 63 36 50 5 15 0 0.00 M M 1.7 9 140 M M 0 12 110
5 64 34 49 5 16 0 0.00 M M 1.7 8 140 M M 0 10 150
6 68 34 51 7 14 0 0.00 M M 3.0 10 130 M M 0 12 110
7 72 36 54 10 11 0 0.00 M M 7.5 23 210 M M 0 29 220
8 67 39 53 10 12 0 0.00 M M 2.3 12 180 M M 0 14 190
9 56 36 46 3 19 0 0.02 M M 5.1 24 270 M M 4 36 230
10 57 35 46 4 19 0 0.00 M M 8.2 21 300 M M 1 26 300
11 57 28 43 1 22 0 0.00 M M 3.4 13 270 M M 0 16 270
12 60 29 45 4 20 0 0.00 M M 1.3 8 270 M M 0 9 80
13 60 31 46 5 19 0 0.00 M M 2.6 10 310 M M 0 13 310
14 59 30 45 5 20 0 0.00 M M 2.5 9 150 M M 0 13 140
15 62 30 46 6 19 0 0.00 M M 1.8 9 310 M M 0 11 150
16 59 33 46 7 19 0 0.00 M M 2.2 12 340 M M 0 14 340
17 56 29 43 4 22 0 0.00 M M 6.1 22 320 M M 0 30 310
18 52 28 40 2 25 0 0.00 M M 2.9 12 140 M M 0 14 130
19 57 33 45 7 20 0 0.00 M M 2.4 12 330 M M 2 14 330
20 56 34 45 8 20 0 0.00 M M 6.3 17 280 M M 3 22 280
21 52 21 37 0 28 0 0.00 M M 5.7 21 70 M M 0 25 70
22 50 20 35 -1 30 0 0.00 M M 2.0 9 320 M M 0 12 320
23 43 19 31 -5 34 0 0.00 M M 1.6 13 310 M M 0 15 330
24 47 22 35 0 30 0 0.00 M M 7.2 21 290 M M 0 28 280
25 45 16 31 -4 34 0 0.00 M M 4.3 13 30 M M 0 17 20
26 47 16 32 -2 33 0 0.00 M M 2.3 12 320 M M 0 15 330
27 50 18 34 0 31 0 0.00 M M 2.5 9 320 M M 0 13 280
28 54 20 37 3 28 0 0.00 M M 2.2 9 330 M M 0 10 330
29 55 21 38 5 27 0 0.00 M M 1.9 8 220 M M 0 9 350
30 55 21 38 5 27 0 0.00 M M 2.4 10 260 M M 0 11 340
================================================================================
SM 1715 866 653 0 0.02 M 102.5 M 16
================================================================================
AV 57.2 28.9 3.4 FASTST M M 1 MAX(MPH)
MISC ----> 24 270 36 230
================================================================================
NOTES:
# LAST OF SEVERAL OCCURRENCES
COLUMN 17 PEAK WIND IN M.P.H.
PRELIMINARY LOCAL CLIMATOLOGICAL DATA (WS FORM: F-6) , PAGE 2
STATION: CANYONLANDS AIRPORT UT
MONTH: NOVEMBER
YEAR: 2021
LATITUDE: 38 46 N
LONGITUDE: 109 45 W
[TEMPERATURE DATA] [PRECIPITATION DATA] SYMBOLS USED IN COLUMN 16
AVERAGE MONTHLY: 43.0 TOTAL FOR MONTH: 0.02 1 = FOG OR MIST
DPTR FM NORMAL: 3.5 DPTR FM NORMAL: -0.38 2 = FOG REDUCING VISIBILITY
HIGHEST: 72 ON 7 GRTST 24HR 0.02 ON 9- 9 TO 1/4 MILE OR LESS
LOWEST: 16 ON 26,25 3 = THUNDER
SNOW, ICE PELLETS, HAIL 4 = ICE PELLETS
TOTAL MONTH: M 5 = HAIL
GRTST 24HR M ON M 6 = FREEZING RAIN OR DRIZZLE
GRTST DEPTH: M ON M 7 = DUSTSTORM OR SANDSTORM:
VSBY 1/2 MILE OR LESS
8 = SMOKE OR HAZE
[NO. OF DAYS WITH] [WEATHER - DAYS WITH] 9 = BLOWING SNOW
X = TORNADO
MAX 32 OR BELOW: 0 0.01 INCH OR MORE: 1
MAX 90 OR ABOVE: 0 0.10 INCH OR MORE: 0
MIN 32 OR BELOW: 17 0.50 INCH OR MORE: 0
MIN 0 OR BELOW: 0 1.00 INCH OR MORE: 0
[HDD (BASE 65) ]
TOTAL THIS MO. 653 CLEAR (SCALE 0-3) 28
DPTR FM NORMAL -112 PTCLDY (SCALE 4-7) 2
TOTAL FM JUL 1 1066 CLOUDY (SCALE 8-10) 0
DPTR FM NORMAL -89
[CDD (BASE 65) ]
TOTAL THIS MO. 0
DPTR FM NORMAL 0 [PRESSURE DATA]
TOTAL FM JAN 1 1689 HIGHEST SLP 30.69 ON 25
DPTR FM NORMAL 275 LOWEST SLP 29.84 ON 16
[REMARKS]
#FINAL-11-21#