686
CXUS55 KPUB 011625
CF6COS
PRELIMINARY LOCAL CLIMATOLOGICAL DATA (WS FORM: F-6)
STATION: COLORADO SPRINGS CO
MONTH: AUGUST
YEAR: 2020
LATITUDE: 38 49 N
LONGITUDE: 104 43 W
TEMPERATURE IN F: :PCPN: SNOW: WIND :SUNSHINE: SKY :PK WND
================================================================================
1 2 3 4 5 6A 6B 7 8 9 10 11 12 13 14 15 16 17 18
12Z AVG MX 2MIN
DY MAX MIN AVG DEP HDD CDD WTR SNW DPTH SPD SPD DIR MIN PSBL S-S WX SPD DR
================================================================================
1 88 57 73 3 0 8 0.00 0.0 0 7.2 32 60 M M 4 44 60
2 84 58 71 1 0 6 T 0.0 0 7.0 21 160 M M 6 3 24 80
3 77 58 68 -2 0 3 0.01 0.0 0 8.1 30 340 M M 8 138 39 330
4 93 58 76 6 0 11 0.05 0.0 0 6.9 31 70 M M 7 138 43 70
5 86 57 72 2 0 7 0.29 0.0 0 7.0 28 150 M M 5 13 39 150
6 91 59 75 5 0 10 0.03 0.0 0 7.4 28 30 M M 5 3 35 230
7 95 60 78 8 0 13 0.00 0.0 0 7.6 21 230 M M 2 25 220
8 94 59 77 7 0 12 0.00 0.0 0 8.0 20 230 M M 5 26 270
9 94 61 78 8 0 13 0.00 0.0 0 7.7 18 20 M M 5 26 50
10 93 61 77 7 0 12 0.00 0.0 0 9.2 30 70 M M 5 38 38 80
11 96 57 77 8 0 12 0.00 0.0 0 8.2 22 70 M M 6 29 80
12 90 58 74 5 0 9 T 0.0 0 8.3 18 140 M M 4 138 23 140
13 92 57 75 6 0 10 0.00 0.0 0 8.0 22 100 M M 3 30 110
14 96 57 77 8 0 12 0.00 0.0 0 9.9 29 130 M M 3 8 36 130
15 89 61 75 6 0 10 0.24 T 0 5.8 26 60 M M 5 358 32 60
16 92 61 77 8 0 12 0.83 T 0 4.7 37 310 M M 4 358 50 340
17 88 57 73 4 0 8 0.00 0.0 0 8.4 23 140 M M 4 30 160
18 94 56 75 6 0 10 0.00 0.0 0 6.0 18 130 M M 5 28 310
19 91 63 77 9 0 12 0.04 0.0 0 8.7 29 330 M M 6 38 39 330
20 93 58 76 8 0 11 0.88 0.0 0 7.4 32 310 M M 4 3 49 230
21 90 59 75 7 0 10 0.00 0.0 0 7.9 17 350 M M 2 8 23 350
22 95 60 78 10 0 13 0.00 0.0 0 7.8 18 30 M M 1 8 23 40
23 92 61 77 9 0 12 0.00 0.0 0 7.4 22 300 M M 3 8 30 300
24 93 61 77 9 0 12 T 0.0 0 8.2 35 270 M M 4 8 46 270
25 92 63 78 10 0 13 0.00 0.0 0 8.1 20 340 M M 5 8 25 340
26 91 60 76 9 0 11 T 0.0 0 11.3 33 340 M M 5 38 45 340
27 90 59 75 8 0 10 0.00 0.0 0 6.8 17 160 M M 6 26 110
28 82 59 71 4 0 6 0.03 0.0 0 15.1 33 340 M M 7 1 49 340
29 74 54 64 -3 1 0 0.32 0.0 0 8.4 33 300 M M 6 13 47 300
30 88 53 71 5 0 6 T 0.0 0 7.4 38 10 M M 4 3 51 20
31 76 46 61 -5 4 0 0.02 0.0 0 16.0 32 350 M M 4 43 350
================================================================================
SM 2779 1808 5 294 2.74 T 255.9 M 143
================================================================================
AV 89.6 58.3 8.3 FASTST M M 5 MAX(MPH)
MISC ----> 38 10 51 20
================================================================================
NOTES:
COLUMN 7; ON 8/20; ADDED 0.18 INCHES OF PRECIPITATION TO THE PRECIPITATION TOTAL
PRODUCED BY ASOS FROM BACKUP OBSERVER RAIN GAUGE (NWS SUPPLIED) DUE TO A BRIEF
FAILURE OF THE AWPAG DURING A HEAVY RAIN EVENT.
COLUMN 17 PEAK WIND IN M.P.H.
PRELIMINARY LOCAL CLIMATOLOGICAL DATA (WS FORM: F-6) , PAGE 2
STATION: COLORADO SPRINGS CO
MONTH: AUGUST
YEAR: 2020
LATITUDE: 38 49 N
LONGITUDE: 104 43 W
[TEMPERATURE DATA] [PRECIPITATION DATA] SYMBOLS USED IN COLUMN 16
AVERAGE MONTHLY: 74.0 TOTAL FOR MONTH: 2.74 1 = FOG OR MIST
DPTR FM NORMAL: 5.3 DPTR FM NORMAL: -0.60 2 = FOG REDUCING VISIBILITY
HIGHEST: 96 ON 14,11 GRTST 24HR 1.07 ON 15-16 TO 1/4 MILE OR LESS
LOWEST: 46 ON 31 3 = THUNDER
SNOW, ICE PELLETS, HAIL 4 = ICE PELLETS
TOTAL MONTH: T 5 = HAIL
GRTST 24HR T ON 15,16 6 = FREEZING RAIN OR DRIZZLE
GRTST DEPTH: 0 7 = DUSTSTORM OR SANDSTORM:
VSBY 1/2 MILE OR LESS
8 = SMOKE OR HAZE
[NO. OF DAYS WITH] [WEATHER - DAYS WITH] 9 = BLOWING SNOW
X = TORNADO
MAX 32 OR BELOW: 0 0.01 INCH OR MORE: 11
MAX 90 OR ABOVE: 21 0.10 INCH OR MORE: 5
MIN 32 OR BELOW: 0 0.50 INCH OR MORE: 2
MIN 0 OR BELOW: 0 1.00 INCH OR MORE: 0
[HDD (BASE 65) ]
TOTAL THIS MO. 5 CLEAR (SCALE 0-3) 6
DPTR FM NORMAL -16 PTCLDY (SCALE 4-7) 24
TOTAL FM JUL 1 5 CLOUDY (SCALE 8-10) 1
DPTR FM NORMAL -22
[CDD (BASE 65) ]
TOTAL THIS MO. 294
DPTR FM NORMAL 160 [PRESSURE DATA]
TOTAL FM JAN 1 791 HIGHEST SLP M ON M
DPTR FM NORMAL 373 LOWEST SLP 29.66 ON 30
[REMARKS]
#FINAL-08-20#