000
CXUS53 KLSX 011400
CF6COU
PRELIMINARY LOCAL CLIMATOLOGICAL DATA (WS FORM: F-6)
STATION: COLUMBIA ASOS
MONTH: APRIL
YEAR: 2020
LATITUDE: 38 49 N
LONGITUDE: 92 13 W
TEMPERATURE IN F: :PCPN: SNOW: WIND :SUNSHINE: SKY :PK WND
================================================================================
1 2 3 4 5 6A 6B 7 8 9 10 11 12 13 14 15 16 17 18
12Z AVG MX 2MIN
DY MAX MIN AVG DEP HDD CDD WTR SNW DPTH SPD SPD DIR MIN PSBL S-S WX SPD DR
================================================================================
1 69 40 55 5 10 0 0.00 0.0 0 9.2 16 110 M M 0 23 120
2 74 51 63 12 2 0 0.02 0.0 0 12.5 24 160 M M 2 3 33 120
3 61 35 48 -3 17 0 0.31 0.0 0 12.2 20 300 M M 9 18 25 310
4 42 33 38 -13 27 0 0.06 T 0 7.9 15 360 M M 10 1 19 340
5 55 40 48 -4 17 0 0.00 0.0 0 4.8 9 160 M M 10 18 12 140
6 73 48 61 9 4 0 0.00 0.0 0 9.1 17 190 M M 9 25 200
7 82 63 73 21 0 8 0.00 0.0 0 9.6 18 220 M M 5 24 210
8 88 50 69 16 0 4 0.00 0.0 0 10.4 40 360 M M 0 12 51 360
9 60 35 48 -5 17 0 0.00 0.0 0 15.1 31 290 M M 1 48 320
10 56 30 43 -10 22 0 0.00 0.0 0 6.8 14 20 M M 2 18 20
11 64 45 55 1 10 0 T 0.0 0 11.3 24 170 M M 8 33 190
12 67 35 51 -3 14 0 0.35 T 0 14.6 33 320 M M 6 13 53 330
13 46 31 39 -15 26 0 0.00 0.0 0 14.4 33 320 M M 3 46 320
14 52 32 42 -13 23 0 0.00 0.0 0 8.8 22 280 M M 3 32 290
15 52 37 45 -10 20 0 0.00 0.0 0 9.7 18 230 M M 1 27 220
16 57 38 48 -7 17 0 0.00 0.0 0 13.1 28 70 M M 8 38 80
17 44 33 39 -17 26 0 0.26 0.0 0 10.8 21 350 M M 8 1 26 330
18 63 28 46 -10 19 0 0.00 0.0 0 9.1 18 190 M M 0 24 220
19 69 47 58 2 7 0 0.00 0.0 0 7.5 18 10 M M 1 27 10
20 68 42 55 -2 10 0 T 0.0 0 7.1 16 270 M M 2 22 270
21 68 44 56 -1 9 0 0.00 0.0 0 7.8 16 310 M M 0 20 290
22 70 45 58 1 7 0 0.13 0.0 0 11.5 24 180 M M 4 1 33 190
23 69 53 61 3 4 0 0.34 0.0 0 7.8 17 360 M M 7 1 22 350
24 73 50 62 4 3 0 1.28 0.0 0 8.1 25 240 M M 6 13 38 250
25 60 45 53 -5 12 0 1.03 0.0 0 14.3 29 360 M M 8 1 39 360
26 70 41 56 -2 9 0 0.01 0.0 0 4.4 13 150 M M 1 16 150
27 73 50 62 3 3 0 0.07 0.0 0 12.3 25 180 M M 5 35 180
28 83 33 58 -1 7 0 0.46 0.0 0 10.9 41 320 M M 4 13 56 320
29 56 50 53 -6 12 0 0.21 0.0 0 12.3 30 310 M M 8 1 40 310
30 70 46 58 -2 7 0 0.00 0.0 0 10.0 22 300 M M 0 28 290
================================================================================
SM 1934 1250 361 12 4.53 T 303.4 M 131
================================================================================
AV 64.5 41.7 10.1 FASTST M M 4 MAX(MPH)
MISC ----> 41 320 56 320
================================================================================
NOTES:
# LAST OF SEVERAL OCCURRENCES
COLUMN 17 PEAK WIND IN M.P.H.
PRELIMINARY LOCAL CLIMATOLOGICAL DATA (WS FORM: F-6) , PAGE 2
STATION: COLUMBIA ASOS
MONTH: APRIL
YEAR: 2020
LATITUDE: 38 49 N
LONGITUDE: 92 13 W
[TEMPERATURE DATA] [PRECIPITATION DATA] SYMBOLS USED IN COLUMN 16
AVERAGE MONTHLY: 53.1 TOTAL FOR MONTH: 4.53 1 = FOG OR MIST
DPTR FM NORMAL: -1.9 DPTR FM NORMAL: 0.04 2 = FOG REDUCING VISIBILITY
HIGHEST: 88 ON 8 GRTST 24HR 2.31 ON 24-25 TO 1/4 MILE OR LESS
LOWEST: 28 ON 18 3 = THUNDER
SNOW, ICE PELLETS, HAIL 4 = ICE PELLETS
TOTAL MONTH: T 5 = HAIL
GRTST 24HR T ON 4- 4 6 = FREEZING RAIN OR DRIZZLE
GRTST DEPTH: 0 7 = DUSTSTORM OR SANDSTORM:
VSBY 1/2 MILE OR LESS
8 = SMOKE OR HAZE
[NO. OF DAYS WITH] [WEATHER - DAYS WITH] 9 = BLOWING SNOW
X = TORNADO
MAX 32 OR BELOW: 0 0.01 INCH OR MORE: 13
MAX 90 OR ABOVE: 0 0.10 INCH OR MORE: 9
MIN 32 OR BELOW: 4 0.50 INCH OR MORE: 2
MIN 0 OR BELOW: 0 1.00 INCH OR MORE: 2
[HDD (BASE 65) ]
TOTAL THIS MO. 361 CLEAR (SCALE 0-3) 14
DPTR FM NORMAL 40 PTCLDY (SCALE 4-7) 11
TOTAL FM JUL 1 4543 CLOUDY (SCALE 8-10) 5
DPTR FM NORMAL -358
[CDD (BASE 65) ]
TOTAL THIS MO. 12
DPTR FM NORMAL -10 [PRESSURE DATA]
TOTAL FM JAN 1 12 HIGHEST SLP 30.34 ON 14
DPTR FM NORMAL -13 LOWEST SLP 29.44 ON 12
[REMARKS]
#FINAL-04-20#