000
CXUS54 KFWD 010731
CF6CPT
PRELIMINARY LOCAL CLIMATOLOGICAL DATA (WS FORM: F-6)
STATION: CLEBURNE
MONTH: AUGUST
YEAR: 2021
LATITUDE: 32 20 N
LONGITUDE: 97 24 W
TEMPERATURE IN F: :PCPN: SNOW: WIND :SUNSHINE: SKY :PK WND
================================================================================
1 2 3 4 5 6A 6B 7 8 9 10 11 12 13 14 15 16 17 18
12Z AVG MX 2MIN
DY MAX MIN AVG DEP HDD CDD WTR SNW DPTH SPD SPD DIR MIN PSBL S-S WX SPD DR
================================================================================
1 97 73 85 0 0 20 0.48 M M 7.4 13 360 M M 5 3 20 360
2 90 73 82 -3 0 17 0.03 M M 7.5 15 350 M M 6 1 23 350
3 91 68 80 -5 0 15 0.00 M M 5.8 12 60 M M 4 1 15 30
4 91 70 81 -4 0 16 0.00 M M 5.1 13 80 M M 1 1 15 70
5 93 72 83 -2 0 18 0.00 M M 8.5 12 150 M M 0 18 210
6 95 77 86 1 0 21 0.00 M M 9.7 14 130 M M 0 22 130
7 97 73 85 0 0 20 0.00 M M 11.9 18 180 M M 2 25 170
8 99 77 88 3 0 23 0.00 M M 15.4 25 170 M M 1 32 170
9 99 77 88 3 0 23 0.00 M M 15.0 21 170 M M 1 29 170
10 99 75 87 2 0 22 0.00 M M 13.9 18 170 M M 2 28 160
11 99 73 86 1 0 21 0.00 M M 12.7 20 160 M M 0 26 170
12 99 77 88 3 0 23 0.00 M M 10.9 14 150 M M 0 22 130
13 97 75 86 1 0 21 0.00 M M 6.9 13 160 M M 0 18 160
14 93 72 83 -2 0 18 0.28 M M 4.7 17 330 M M 2 13 31 99
15 88 73 81 -3 0 16 0.03 M M 4.9 12 200 M M 3 1 15 160
16 95 72 84 0 0 19 M M M 4.1 10 140 M M 1 16 120
17 90 72 81 -3 0 16 0.85 M M 8.8 16 50 M M 3 18 30 260
18 86 73 80 -4 0 15 0.28 M M 9.3 22 90 M M 7 13 29 90
19 93 75 84 0 0 19 0.23 M M 11.0 17 190 M M 4 1 22 190
20 95 75 85 1 0 20 0.00 M M 12.2 17 160 M M 0 24 170
21 95 75 85 1 0 20 0.00 M M 9.5 15 190 M M 0 18 180
22 97 75 86 2 0 21 0.00 M M 8.3 12 180 M M 0 16 200
23 97 75 86 2 0 21 0.00 M M 8.8 13 170 M M 0 18 180
24 97 73 85 1 0 20 0.00 M M 8.7 13 180 M M 0 17 170
25 99 73 86 3 0 21 0.00 M M 6.6 10 180 M M 0 17 180
26 99 75 87 4 0 22 0.00 M M 5.8 16 60 M M 1 21 80
27 93 73 83 0 0 18 0.00 M M 9.5 16 130 M M 2 22 110
28 95 73 84 1 0 19 0.00 M M 6.8 17 130 M M 2 21 130
29 86 75 81 -1 0 16 0.11 M M 5.8 9 50 M M 4 M M
30 95 73 84 2 0 19 0.00 M M 6.2 13 30 M M 2 18 40
31 97 75 86 4 0 21 0.00 M M 4.0 12 100 M M 1 14 99
================================================================================
SM 2936 2287 0 601 2.29 M 265.7 M 54
================================================================================
AV 94.7 73.8 8.6 FASTST M M 2 MAX(MPH)
MISC ----> 25 170 32 170
================================================================================
NOTES:
# LAST OF SEVERAL OCCURRENCES
COLUMN 17 PEAK WIND IN M.P.H.
PRELIMINARY LOCAL CLIMATOLOGICAL DATA (WS FORM: F-6) , PAGE 2
STATION: CLEBURNE
MONTH: AUGUST
YEAR: 2021
LATITUDE: 32 20 N
LONGITUDE: 97 24 W
[TEMPERATURE DATA] [PRECIPITATION DATA] SYMBOLS USED IN COLUMN 16
AVERAGE MONTHLY: 84.2 TOTAL FOR MONTH: 2.29 1 = FOG OR MIST
DPTR FM NORMAL: 0.2 DPTR FM NORMAL: -0.30 2 = FOG REDUCING VISIBILITY
HIGHEST: 99 ON 26,25 GRTST 24HR 0.85 ON 17-17 TO 1/4 MILE OR LESS
LOWEST: 68 ON 3 3 = THUNDER
SNOW, ICE PELLETS, HAIL 4 = ICE PELLETS
TOTAL MONTH: M 5 = HAIL
GRTST 24HR M ON M 6 = FREEZING RAIN OR DRIZZLE
GRTST DEPTH: M ON M 7 = DUSTSTORM OR SANDSTORM:
VSBY 1/2 MILE OR LESS
8 = SMOKE OR HAZE
[NO. OF DAYS WITH] [WEATHER - DAYS WITH] 9 = BLOWING SNOW
X = TORNADO
MAX 32 OR BELOW: 0 0.01 INCH OR MORE: 8
MAX 90 OR ABOVE: 28 0.10 INCH OR MORE: 6
MIN 32 OR BELOW: 0 0.50 INCH OR MORE: 1
MIN 0 OR BELOW: 0 1.00 INCH OR MORE: 0
[HDD (BASE 65) ]
TOTAL THIS MO. 0 CLEAR (SCALE 0-3) 23
DPTR FM NORMAL 0 PTCLDY (SCALE 4-7) 8
TOTAL FM JUL 1 0 CLOUDY (SCALE 8-10) 0
DPTR FM NORMAL 0
[CDD (BASE 65) ]
TOTAL THIS MO. 601
DPTR FM NORMAL 11 [PRESSURE DATA]
TOTAL FM JAN 1 1902 HIGHEST SLP M ON M
DPTR FM NORMAL -80 LOWEST SLP M ON M
[REMARKS]
#FINAL-08-21#