000
CXUS54 KFWD 010730
CF6CPT
PRELIMINARY LOCAL CLIMATOLOGICAL DATA (WS FORM: F-6)
STATION: CLEBURNE
MONTH: SEPTEMBER
YEAR: 2020
LATITUDE: 32 20 N
LONGITUDE: 97 24 W
TEMPERATURE IN F: :PCPN: SNOW: WIND :SUNSHINE: SKY :PK WND
================================================================================
1 2 3 4 5 6A 6B 7 8 9 10 11 12 13 14 15 16 17 18
12Z AVG MX 2MIN
DY MAX MIN AVG DEP HDD CDD WTR SNW DPTH SPD SPD DIR MIN PSBL S-S WX SPD DR
================================================================================
1 99 72 86 4 0 21 0.40 0.0 0 15.0 24 40 M M 7 13 33 40
2 77 70 74 -7 0 9 0.16 0.0 0 5.8 12 170 M M 7 13 24 170
3 81 72 77 -4 0 12 0.02 0.0 0 6.1 13 160 M M 4 13 18 160
4 82 72 77 -4 0 12 0.02 0.0 0 5.1 9 150 M M 7 1 M M
5 90 72 81 0 0 16 0.09 0.0 0 4.9 28 120 M M 3 13 43 120
6 90 70 80 0 0 15 0.00 0.0 0 5.8 13 180 M M 2 12 14 160
7 93 73 83 3 0 18 0.00 0.0 0 9.7 15 170 M M 0 20 210
8 90 73 82 2 0 17 0.00 0.0 0 11.6 20 170 M M 1 30 160
9 81 54 68 -11 0 3 M 0.0 0 11.4 16 310 M M 9 13 24 310
10 64 54 59 -20 6 0 0.00 0.0 0 11.7 17 340 M M 10 1 18 320
11 77 63 70 -9 0 5 0.00 0.0 0 6.7 10 340 M M 7 15 330
12 86 66 76 -2 0 11 0.00 0.0 0 4.7 7 350 M M 2 M M
13 86 68 77 -1 0 12 0.00 0.0 0 9.4 15 360 M M 0 21 360
14 86 68 77 -1 0 12 0.00 0.0 0 9.7 14 350 M M 2 16 20
15 86 72 79 2 0 14 0.00 0.0 0 7.5 13 350 M M 6 14 330
16 86 70 78 1 0 13 0.00 0.0 0 5.6 12 340 M M 1 13 20
17 86 72 79 3 0 14 0.00 0.0 0 7.8 14 10 M M 4 16 30
18 84 64 74 -2 0 9 0.00 0.0 0 8.3 16 40 M M 2 M M
19 79 64 72 -4 0 7 0.00 0.0 0 8.5 14 60 M M 1 1 18 50
20 81 57 69 -6 0 4 0.00 0.0 0 8.2 14 60 M M 3 21 60
21 75 66 71 -4 0 6 0.03 0.0 0 11.7 16 60 M M 9 1 22 60
22 72 66 69 -6 0 4 0.15 0.0 0 8.9 12 30 M M 9 1 M M
23 72 66 69 -5 0 4 0.02 0.0 0 8.5 14 360 M M 10 1 15 360
24 77 61 69 -5 0 4 0.00 0.0 0 6.9 13 350 M M 6 16 10
25 82 59 71 -3 0 6 0.00 0.0 0 7.1 12 130 M M 3 12 15 150
26 84 64 74 1 0 9 0.00 0.0 0 10.7 16 170 M M 0 23 160
27 90 66 78 5 0 13 0.00 0.0 0 14.2 22 340 M M 5 36 340
28 77 55 66 -6 0 1 0.00 0.0 0 15.3 27 350 M M 3 39 350
29 79 48 64 -8 1 0 0.00 0.0 0 8.2 15 300 M M 0 21 330
30 90 55 73 1 0 8 0.00 0.0 0 5.8 9 180 M M 0 15 170
================================================================================
SM 2482 1952 7 279 0.89 0.0 260.8 M 123
================================================================================
AV 82.7 65.1 8.7 FASTST M M 4 MAX(MPH)
MISC ----> # 28 120 # 43 120
================================================================================
NOTES:
# LAST OF SEVERAL OCCURRENCES
COLUMN 17 PEAK WIND IN M.P.H.
PRELIMINARY LOCAL CLIMATOLOGICAL DATA (WS FORM: F-6) , PAGE 2
STATION: CLEBURNE
MONTH: SEPTEMBER
YEAR: 2020
LATITUDE: 32 20 N
LONGITUDE: 97 24 W
[TEMPERATURE DATA] [PRECIPITATION DATA] SYMBOLS USED IN COLUMN 16
AVERAGE MONTHLY: 73.9 TOTAL FOR MONTH: 0.89 1 = FOG OR MIST
DPTR FM NORMAL: -3.0 DPTR FM NORMAL: -2.26 2 = FOG REDUCING VISIBILITY
HIGHEST: 99 ON 1 GRTST 24HR 0.40 ON 1- 1 TO 1/4 MILE OR LESS
LOWEST: 48 ON 29 3 = THUNDER
SNOW, ICE PELLETS, HAIL 4 = ICE PELLETS
TOTAL MONTH: 0.0 INCH 5 = HAIL
GRTST 24HR 0.0 6 = FREEZING RAIN OR DRIZZLE
GRTST DEPTH: 0 7 = DUSTSTORM OR SANDSTORM:
VSBY 1/2 MILE OR LESS
8 = SMOKE OR HAZE
[NO. OF DAYS WITH] [WEATHER - DAYS WITH] 9 = BLOWING SNOW
X = TORNADO
MAX 32 OR BELOW: 0 0.01 INCH OR MORE: 8
MAX 90 OR ABOVE: 7 0.10 INCH OR MORE: 3
MIN 32 OR BELOW: 0 0.50 INCH OR MORE: 0
MIN 0 OR BELOW: 0 1.00 INCH OR MORE: 0
[HDD (BASE 65) ]
TOTAL THIS MO. 7 CLEAR (SCALE 0-3) 13
DPTR FM NORMAL -1 PTCLDY (SCALE 4-7) 12
TOTAL FM JUL 1 7 CLOUDY (SCALE 8-10) 5
DPTR FM NORMAL -1
[CDD (BASE 65) ]
TOTAL THIS MO. 279
DPTR FM NORMAL -86 [PRESSURE DATA]
TOTAL FM JAN 1 2494 HIGHEST SLP M ON M
DPTR FM NORMAL 147 LOWEST SLP M ON M
[REMARKS]
#FINAL-09-20#