000
CXUS54 KFWD 010731
CF6CPT
PRELIMINARY LOCAL CLIMATOLOGICAL DATA (WS FORM: F-6)
STATION: CLEBURNE
MONTH: MAY
YEAR: 2020
LATITUDE: 32 20 N
LONGITUDE: 97 24 W
TEMPERATURE IN F: :PCPN: SNOW: WIND :SUNSHINE: SKY :PK WND
================================================================================
1 2 3 4 5 6A 6B 7 8 9 10 11 12 13 14 15 16 17 18
12Z AVG MX 2MIN
DY MAX MIN AVG DEP HDD CDD WTR SNW DPTH SPD SPD DIR MIN PSBL S-S WX SPD DR
================================================================================
1 86 57 72 3 0 7 0.00 0.0 0 13.9 21 160 M M 0 32 170
2 88 64 76 7 0 11 0.00 0.0 0 16.2 20 170 M M 2 1 31 180
3 88 68 78 9 0 13 0.00 0.0 0 14.2 18 190 M M 1 25 180
4 91 68 80 10 0 15 0.00 0.0 0 14.8 18 160 M M 1 32 160
5 79 63 71 1 0 6 0.01 0.0 0 13.7 25 30 M M 4 35 30
6 81 52 67 -3 0 2 0.00 0.0 0 6.8 10 90 M M 0 16 90
7 84 59 72 2 0 7 0.00 0.0 0 14.9 23 130 M M 4 13 35 180
8 75 55 65 -6 0 0 0.00 0.0 0 16.6 27 360 M M 4 38 360
9 73 50 62 -9 3 0 0.00 0.0 0 8.0 12 120 M M 3 20 110
10 77 54 66 -5 0 1 0.00 0.0 0 6.2 13 110 M M 0 18 100
11 81 55 68 -3 0 3 0.00 0.0 0 10.5 16 160 M M 1 23 150
12 73 64 69 -3 0 4 0.05 0.0 0 11.0 16 170 M M 6 13 23 170
13 86 64 75 3 0 10 0.00 0.0 0 11.8 20 170 M M 7 1 24 140
14 90 70 80 8 0 15 0.00 0.0 0 13.5 18 170 M M 4 25 160
15 88 61 75 3 0 10 0.24 0.0 0 14.6 32 320 M M 7 3 62 320
16 64 61 63 -10 2 0 0.17 0.0 0 11.8 25 350 M M 6 13 33 350
17 84 63 74 1 0 9 0.01 0.0 0 9.7 16 340 M M 1 23 340
18 90 61 76 3 0 11 0.00 0.0 0 6.2 12 140 M M 0 17 170
19 91 68 80 6 0 15 0.00 0.0 0 6.9 15 60 M M 0 22 60
20 84 72 78 4 0 13 0.00 0.0 0 11.4 17 70 M M 5 1 23 70
21 88 68 78 4 0 13 0.00 0.0 0 9.3 17 150 M M 4 1 22 140
22 91 72 82 8 0 17 0.07 0.0 0 12.9 18 200 M M 2 3 29 190
23 90 68 79 4 0 14 0.00 0.0 0 13.3 27 20 M M 4 3 33 20
24 90 66 78 3 0 13 M 0.0 0 13.1 27 100 M M 6 38 40 100
25 73 64 69 -6 0 4 0.20 0.0 0 7.1 16 320 M M 5 1 15 340
26 77 63 70 -5 0 5 0.00 0.0 0 6.9 14 300 M M 5 18 290
27 84 59 72 -4 0 7 0.06 0.0 0 4.8 9 140 M M 1 3 M M
28 84 63 74 -2 0 9 0.00 0.0 0 6.5 10 10 M M 1 17 170
29 86 63 75 -1 0 10 0.00 0.0 0 7.3 17 40 M M 0 22 30
30 86 64 75 -1 0 10 0.00 0.0 0 5.9 13 120 M M 0 15 40
31 86 66 76 -1 0 11 0.00 0.0 0 7.3 12 90 M M 3 16 110
================================================================================
SM 2588 1945 5 265 0.81 0.0 327.1 M 87
================================================================================
AV 83.5 62.7 10.6 FASTST M M 3 MAX(MPH)
MISC ----> # 32 320 # 62 320
================================================================================
NOTES:
# LAST OF SEVERAL OCCURRENCES
COLUMN 17 PEAK WIND IN M.P.H.
PRELIMINARY LOCAL CLIMATOLOGICAL DATA (WS FORM: F-6) , PAGE 2
STATION: CLEBURNE
MONTH: MAY
YEAR: 2020
LATITUDE: 32 20 N
LONGITUDE: 97 24 W
[TEMPERATURE DATA] [PRECIPITATION DATA] SYMBOLS USED IN COLUMN 16
AVERAGE MONTHLY: 73.1 TOTAL FOR MONTH: 0.81 1 = FOG OR MIST
DPTR FM NORMAL: 0.4 DPTR FM NORMAL: -4.04 2 = FOG REDUCING VISIBILITY
HIGHEST: 91 ON 22,19 GRTST 24HR 0.24 ON 15-15 TO 1/4 MILE OR LESS
LOWEST: 50 ON 9 3 = THUNDER
SNOW, ICE PELLETS, HAIL 4 = ICE PELLETS
TOTAL MONTH: 0.0 INCH 5 = HAIL
GRTST 24HR 0.0 6 = FREEZING RAIN OR DRIZZLE
GRTST DEPTH: 0 7 = DUSTSTORM OR SANDSTORM:
VSBY 1/2 MILE OR LESS
8 = SMOKE OR HAZE
[NO. OF DAYS WITH] [WEATHER - DAYS WITH] 9 = BLOWING SNOW
X = TORNADO
MAX 32 OR BELOW: 0 0.01 INCH OR MORE: 8
MAX 90 OR ABOVE: 7 0.10 INCH OR MORE: 3
MIN 32 OR BELOW: 0 0.50 INCH OR MORE: 0
MIN 0 OR BELOW: 0 1.00 INCH OR MORE: 0
[HDD (BASE 65) ]
TOTAL THIS MO. 5 CLEAR (SCALE 0-3) 17
DPTR FM NORMAL -6 PTCLDY (SCALE 4-7) 14
TOTAL FM JUL 1 2118 CLOUDY (SCALE 8-10) 0
DPTR FM NORMAL -332
[CDD (BASE 65) ]
TOTAL THIS MO. 265
DPTR FM NORMAL 14 [PRESSURE DATA]
TOTAL FM JAN 1 436 HIGHEST SLP M ON M
DPTR FM NORMAL 74 LOWEST SLP M ON M
[REMARKS]
#FINAL-05-20#