000
CXUS51 KRLX 011639
CF6CRW
PRELIMINARY LOCAL CLIMATOLOGICAL DATA (WS FORM: F-6)
STATION: CHARLESTON WV
MONTH: DECEMBER
YEAR: 2022
LATITUDE: 38 22 N
LONGITUDE: 81 36 W
TEMPERATURE IN F: :PCPN: SNOW: WIND :SUNSHINE: SKY :PK WND
================================================================================
1 2 3 4 5 6A 6B 7 8 9 10 11 12 13 14 15 16 17 18
12Z AVG MX 2MIN
DY MAX MIN AVG DEP HDD CDD WTR SNW DPTH SPD SPD DIR MIN PSBL S-S WX SPD DR
================================================================================
1 40 26 33 -9 32 0 0.00 0.0 0 4.6 17 280 M M 2 26 270
2 63 22 43 1 22 0 T 0.0 0 2.9 12 170 M M 5 14 160
3 61 33 47 5 18 0 0.11 0.0 0 10.2 22 200 M M 6 1 32 310
4 44 25 35 -6 30 0 0.00 0.0 0 0.8 9 220 M M 2 12 250
5 57 22 40 -1 25 0 T 0.0 0 2.2 10 140 M M 6 13 130
6 60 48 54 13 11 0 0.27 0.0 0 2.4 9 160 M M 10 1 12 160
7 66 53 60 20 5 0 0.17 0.0 0 5.1 14 330 M M 10 1 19 320
8 54 47 51 11 14 0 0.10 0.0 0 3.0 10 30 M M 10 1 15 40
9 55 45 50 10 15 0 0.06 0.0 0 3.5 10 120 M M 10 18 12 110
10 54 48 51 11 14 0 0.04 0.0 0 1.5 7 160 M M 9 1 9 310
11 49 41 45 5 20 0 T 0.0 0 2.1 9 290 M M 10 1 13 320
12 43 38 41 2 24 0 0.00 0.0 0 3.7 8 40 M M 10 11 40
13 49 31 40 1 25 0 0.00 0.0 0 3.8 10 50 M M 5 14 50
14 51 32 42 3 23 0 0.09 0.0 0 3.9 15 140 M M 9 1 21 140
15 51 39 45 6 20 0 0.10 0.0 0 7.4 18 140 M M 9 25 140
16 44 34 39 0 26 0 T 0.0 0 6.1 17 250 M M 7 24 250
17 40 33 37 -1 28 0 T T 0 8.2 18 240 M M 8 27 240
18 33 22 28 -10 37 0 T T 0 6.3 20 250 M M 8 29 250
19 36 19 28 -10 37 0 0.00 0.0 0 1.5 9 240 M M 3 13 240
20 44 21 33 -5 32 0 0.00 0.0 0 2.7 8 70 M M 5 9 40
21 50 20 35 -3 30 0 0.00 0.0 0 2.6 8 50 M M 3 10 60
22 50 39 45 8 20 0 0.03 0.0 0 4.5 14 140 M M 9 1 19 130
23 46 0 23 -14 42 0 0.17 1.7 1 16.8 31 280 M M 10 12389 47 290
24 15 0 8 -29 57 0 T T 1 15.1 25 230 M M 10 9 35 230
25 24 12 18 -19 47 0 T T 1 9.9 22 250 M M 4 29 240
26 27 9 18 -19 47 0 T T T 1.4 9 170 M M 7 11 150
27 36 24 30 -6 35 0 0.00 0.0 T 2.0 9 220 M M 8 12 200
28 52 19 36 0 29 0 0.00 0.0 0 2.6 14 220 M M 2 17 210
29 67 24 46 10 19 0 0.00 0.0 0 3.2 13 220 M M 3 18 210
30 69 46 58 22 7 0 0.00 0.0 0 4.4 16 200 M M 8 20 230
31 59 50 55 19 10 0 0.11 0.0 0 3.4 14 190 M M 9 1 17 190
================================================================================
SM 1489 922 801 0 1.25 1.7 147.8 M 217
================================================================================
AV 48.0 29.7 4.8 FASTST M M 7 MAX(MPH)
MISC ----> 31 280 47 290
================================================================================
NOTES:
# LAST OF SEVERAL OCCURRENCES
COLUMN 17 PEAK WIND IN M.P.H.
PRELIMINARY LOCAL CLIMATOLOGICAL DATA (WS FORM: F-6) , PAGE 2
STATION: CHARLESTON WV
MONTH: DECEMBER
YEAR: 2022
LATITUDE: 38 22 N
LONGITUDE: 81 36 W
[TEMPERATURE DATA] [PRECIPITATION DATA] SYMBOLS USED IN COLUMN 16
AVERAGE MONTHLY: 38.9 TOTAL FOR MONTH: 1.25 1 = FOG OR MIST
DPTR FM NORMAL: 0.2 DPTR FM NORMAL: -2.31 2 = FOG REDUCING VISIBILITY
HIGHEST: 69 ON 30 GRTST 24HR 0.43 ON 6- 7 TO 1/4 MILE OR LESS
LOWEST: 0 ON 24,23 3 = THUNDER
SNOW, ICE PELLETS, HAIL 4 = ICE PELLETS
TOTAL MONTH: 1.7 INCHES 5 = HAIL
GRTST 24HR 1.7 ON 23-23 6 = FREEZING RAIN OR DRIZZLE
GRTST DEPTH: 1 ON 25,24 7 = DUSTSTORM OR SANDSTORM:
VSBY 1/2 MILE OR LESS
8 = SMOKE OR HAZE
[NO. OF DAYS WITH] [WEATHER - DAYS WITH] 9 = BLOWING SNOW
X = TORNADO
MAX 32 OR BELOW: 3 0.01 INCH OR MORE: 11
MAX 90 OR ABOVE: 0 0.10 INCH OR MORE: 7
MIN 32 OR BELOW: 17 0.50 INCH OR MORE: 0
MIN 0 OR BELOW: 2 1.00 INCH OR MORE: 0
[HDD (BASE 65) ]
TOTAL THIS MO. 801 CLEAR (SCALE 0-3) 4
DPTR FM NORMAL -15 PTCLDY (SCALE 4-7) 14
TOTAL FM JUL 1 1756 CLOUDY (SCALE 8-10) 13
DPTR FM NORMAL 66
[CDD (BASE 65) ]
TOTAL THIS MO. 0
DPTR FM NORMAL 0 [PRESSURE DATA]
TOTAL FM JAN 1 1157 HIGHEST SLP 30.59 ON 1
DPTR FM NORMAL -3 LOWEST SLP 29.30 ON 23
[REMARKS]
#FINAL-12-22#