359
CXUS51 KRLX 011913
CF6CRW
PRELIMINARY LOCAL CLIMATOLOGICAL DATA (WS FORM: F-6)
STATION: CHARLESTON WV
MONTH: JUNE
YEAR: 2020
LATITUDE: 38 22 N
LONGITUDE: 81 36 W
TEMPERATURE IN F: :PCPN: SNOW: WIND :SUNSHINE: SKY :PK WND
================================================================================
1 2 3 4 5 6A 6B 7 8 9 10 11 12 13 14 15 16 17 18
12Z AVG MX 2MIN
DY MAX MIN AVG DEP HDD CDD WTR SNW DPTH SPD SPD DIR MIN PSBL S-S WX SPD DR
================================================================================
1 75 44 60 -8 5 0 0.00 0.0 0 1.1 8 310 M M 2 1 13 280
2 86 56 71 3 0 6 T 0.0 0 5.7 20 240 M M 4 29 220
3 89 68 79 10 0 14 0.00 0.0 0 7.4 21 230 M M 2 26 230
4 89 63 76 7 0 11 0.66 0.0 0 5.8 22 330 M M 6 13 33 350
5 78 67 73 4 0 8 0.55 0.0 0 2.3 9 210 M M 8 13 13 280
6 88 65 77 7 0 12 0.29 0.0 0 3.2 24 330 M M 5 13 35 340
7 82 59 71 1 0 6 0.00 0.0 0 2.7 10 330 M M 2 1 15 30
8 87 54 71 1 0 6 0.00 0.0 0 1.8 9 60 M M 2 1 11 320
9 93 62 78 8 0 13 T 0.0 0 3.2 18 180 M M 3 3 22 180
10 91 72 82 11 0 17 0.01 0.0 0 7.9 22 290 M M 5 3 31 290
11 80 60 70 -1 0 5 0.01 0.0 0 5.6 15 250 M M 6 20 230
12 84 55 70 -1 0 5 0.00 0.0 0 3.3 14 320 M M 2 12 19 320
13 78 53 66 -6 0 1 0.00 0.0 0 4.1 14 40 M M 4 128 20 20
14 73 57 65 -7 0 0 0.34 0.0 0 3.5 14 320 M M 7 12 20 340
15 74 57 66 -6 0 1 0.00 0.0 0 3.5 14 110 M M 8 12 17 120
16 75 55 65 -7 0 0 T 0.0 0 3.0 13 70 M M 7 15 70
17 70 59 65 -7 0 0 0.14 0.0 0 1.7 10 30 M M 9 1 14 30
18 77 62 70 -3 0 5 0.13 0.0 0 2.2 12 290 M M 8 123 15 290
19 83 62 73 0 0 8 0.00 0.0 0 2.2 10 250 M M 7 13 14 310
20 88 62 75 2 0 10 0.00 0.0 0 1.7 10 320 M M 4 1 18 360
21 91 63 77 3 0 12 0.36 0.0 0 3.3 31 130 M M 3 13 41 130
22 84 67 76 2 0 11 T 0.0 0 4.4 16 220 M M 6 12 21 210
23 77 66 72 -2 0 7 0.73 0.0 0 4.2 14 240 M M 6 1 18 240
24 82 61 72 -2 0 7 T 0.0 0 4.8 15 230 M M 5 12 19 250
25 83 60 72 -2 0 7 0.02 0.0 0 3.0 22 330 M M 4 12 34 320
26 86 57 72 -2 0 7 0.00 0.0 0 4.8 15 240 M M 3 1 24 160
27 81 69 75 1 0 10 T 0.0 0 8.9 23 230 M M 6 8 32 240
28 76 70 73 -2 0 8 0.33 0.0 0 6.9 14 230 M M 9 1 18 230
29 85 69 77 2 0 12 T 0.0 0 2.5 8 230 M M 7 13 12 220
30 89 69 79 4 0 14 0.01 0.0 0 2.3 12 230 M M 5 13 15 230
================================================================================
SM 2474 1843 5 223 3.58 0.0 117.0 M 155
================================================================================
AV 82.5 61.4 3.9 FASTST M M 5 MAX(MPH)
MISC ----> 31 130 41 130
================================================================================
NOTES:
# LAST OF SEVERAL OCCURRENCES
COLUMN 17 PEAK WIND IN M.P.H.
PRELIMINARY LOCAL CLIMATOLOGICAL DATA (WS FORM: F-6) , PAGE 2
STATION: CHARLESTON WV
MONTH: JUNE
YEAR: 2020
LATITUDE: 38 22 N
LONGITUDE: 81 36 W
[TEMPERATURE DATA] [PRECIPITATION DATA] SYMBOLS USED IN COLUMN 16
AVERAGE MONTHLY: 72.0 TOTAL FOR MONTH: 3.58 1 = FOG OR MIST
DPTR FM NORMAL: 0.0 DPTR FM NORMAL: -0.71 2 = FOG REDUCING VISIBILITY
HIGHEST: 93 ON 9 GRTST 24HR 1.21 ON 4- 5 TO 1/4 MILE OR LESS
LOWEST: 44 ON 1 3 = THUNDER
SNOW, ICE PELLETS, HAIL 4 = ICE PELLETS
TOTAL MONTH: 0.0 INCH 5 = HAIL
GRTST 24HR 0.0 6 = FREEZING RAIN OR DRIZZLE
GRTST DEPTH: 0 7 = DUSTSTORM OR SANDSTORM:
VSBY 1/2 MILE OR LESS
8 = SMOKE OR HAZE
[NO. OF DAYS WITH] [WEATHER - DAYS WITH] 9 = BLOWING SNOW
X = TORNADO
MAX 32 OR BELOW: 0 0.01 INCH OR MORE: 13
MAX 90 OR ABOVE: 3 0.10 INCH OR MORE: 9
MIN 32 OR BELOW: 0 0.50 INCH OR MORE: 3
MIN 0 OR BELOW: 0 1.00 INCH OR MORE: 0
[HDD (BASE 65) ]
TOTAL THIS MO. 5 CLEAR (SCALE 0-3) 5
DPTR FM NORMAL -8 PTCLDY (SCALE 4-7) 23
TOTAL FM JUL 1 4044 CLOUDY (SCALE 8-10) 2
DPTR FM NORMAL -431
[CDD (BASE 65) ]
TOTAL THIS MO. 223
DPTR FM NORMAL 3 [PRESSURE DATA]
TOTAL FM JAN 1 346 HIGHEST SLP 30.33 ON 1
DPTR FM NORMAL 16 LOWEST SLP 29.71 ON 23
[REMARKS]
#FINAL-06-20#