980
CXUS52 KFFC 011110
CF6CSG
PRELIMINARY LOCAL CLIMATOLOGICAL DATA (WS FORM: F-6)
STATION: COLUMBUS
MONTH: DECEMBER
YEAR: 2020
LATITUDE: 32 31 N
LONGITUDE: 84 56 W
TEMPERATURE IN F: :PCPN: SNOW: WIND :SUNSHINE: SKY :PK WND
================================================================================
1 2 3 4 5 6A 6B 7 8 9 10 11 12 13 14 15 16 17 18
12Z AVG MX 2MIN
DY MAX MIN AVG DEP HDD CDD WTR SNW DPTH SPD SPD DIR MIN PSBL S-S WX SPD DR
================================================================================
1 48 29 39 -13 26 0 0.00 0.0 M 7.9 16 310 M M 1 22 330
2 59 27 43 -9 22 0 0.00 0.0 M 2.6 12 320 M M 0 17 30
3 61 31 46 -6 19 0 0.00 0.0 M 3.7 12 150 M M 0 16 160
4 62 40 51 -1 14 0 0.13 0.0 M 6.9 24 320 M M 5 1 33 320
5 61 36 49 -2 16 0 0.00 0.0 M 5.4 14 340 M M 0 19 340
6 61 39 50 -1 15 0 0.12 0.0 M 2.7 9 310 M M 3 1 14 280
7 55 36 46 -5 19 0 0.02 M M 9.7 23 320 M M 5 1 33 330
8 56 33 45 -5 20 0 0.00 0.0 M 7.2 16 320 M M 0 22 330
9 64 31 48 -2 17 0 0.00 0.0 M 2.7 14 300 M M 0 18 19 300
10 70 36 53 3 12 0 0.00 0.0 M 0.8 7 230 M M 0 1 11 200
11 67 39 53 3 12 0 0.00 0.0 M 2.1 12 230 M M 0 15 190
12 70 49 60 10 5 0 0.11 M M 5.7 16 200 M M 6 1 26 210
13 67 58 63 14 2 0 0.06 0.0 M 3.7 10 180 M M 9 12 15 170
14 67 42 55 6 10 0 0.18 M M 12.4 28 270 M M 6 1 40 280
15 56 39 48 -1 17 0 0.01 0.0 M 8.0 16 80 M M 5 8 22 80
16 50 44 47 -2 18 0 0.47 M M 7.0 18 150 M M 10 1 23 160
17 47 31 39 -10 26 0 0.00 0.0 M 8.6 16 330 M M 7 21 320
18 56 27 42 -6 23 0 0.00 0.0 M 1.9 12 30 M M 0 1 16 40
19 57 29 43 -5 22 0 0.00 0.0 M 3.2 13 170 M M 0 16 170
20 57 44 51 3 14 0 0.07 M M 3.2 12 120 M M 9 1 14 130
21 62 42 52 4 13 0 0.00 0.0 M 5.0 18 300 M M 4 12 24 290
22 67 35 51 3 14 0 0.00 0.0 M 2.3 14 310 M M 0 1 22 330
23 69 38 54 6 11 0 T M M 6.0 15 150 M M 2 3 21 150
24 58 33 46 -2 19 0 1.69 0.0 M 9.5 25 310 M M 8 13 37 300
25 40 26 33 -14 32 0 0.00 0.0 M 9.3 23 310 M M 1 31 310
26 50 25 38 -9 27 0 0.00 0.0 M 2.4 12 340 M M 0 16 360
27 58 25 42 -5 23 0 0.00 0.0 M 1.0 7 180 M M 0 10 210
28 66 29 48 1 17 0 0.00 0.0 M 1.1 8 300 M M 2 13 280
29 68 41 55 8 10 0 0.00 0.0 M 2.5 9 150 M M 2 12 150
30 67 45 56 9 9 0 T M M 7.9 13 100 M M 7 17 90
31 60 52 56 9 9 0 0.22 0.0 M 7.8 13 90 M M 10 1 16 90
================================================================================
SM 1856 1131 513 0 3.08 0.0 160.2 M 102
================================================================================
AV 59.9 36.5 5.2 FASTST M M 3 MAX(MPH)
MISC ----> 28 270 40 280
================================================================================
NOTES:
# LAST OF SEVERAL OCCURRENCES
COLUMN 17 PEAK WIND IN M.P.H.
PRELIMINARY LOCAL CLIMATOLOGICAL DATA (WS FORM: F-6) , PAGE 2
STATION: COLUMBUS
MONTH: DECEMBER
YEAR: 2020
LATITUDE: 32 31 N
LONGITUDE: 84 56 W
[TEMPERATURE DATA] [PRECIPITATION DATA] SYMBOLS USED IN COLUMN 16
AVERAGE MONTHLY: 48.2 TOTAL FOR MONTH: 3.08 1 = FOG OR MIST
DPTR FM NORMAL: -0.9 DPTR FM NORMAL: -1.19 2 = FOG REDUCING VISIBILITY
HIGHEST: 70 ON 12,10 GRTST 24HR 1.69 ON 24-24 TO 1/4 MILE OR LESS
LOWEST: 25 ON 27,26 3 = THUNDER
SNOW, ICE PELLETS, HAIL 4 = ICE PELLETS
TOTAL MONTH: 0.0 INCH 5 = HAIL
GRTST 24HR 0.0 6 = FREEZING RAIN OR DRIZZLE
GRTST DEPTH: M ON M 7 = DUSTSTORM OR SANDSTORM:
VSBY 1/2 MILE OR LESS
8 = SMOKE OR HAZE
[NO. OF DAYS WITH] [WEATHER - DAYS WITH] 9 = BLOWING SNOW
X = TORNADO
MAX 32 OR BELOW: 0 0.01 INCH OR MORE: 11
MAX 90 OR ABOVE: 0 0.10 INCH OR MORE: 7
MIN 32 OR BELOW: 11 0.50 INCH OR MORE: 1
MIN 0 OR BELOW: 0 1.00 INCH OR MORE: 1
[HDD (BASE 65) ]
TOTAL THIS MO. 513 CLEAR (SCALE 0-3) 18
DPTR FM NORMAL 16 PTCLDY (SCALE 4-7) 9
TOTAL FM JUL 1 671 CLOUDY (SCALE 8-10) 4
DPTR FM NORMAL -157
[CDD (BASE 65) ]
TOTAL THIS MO. 0
DPTR FM NORMAL -4 [PRESSURE DATA]
TOTAL FM JAN 1 2630 HIGHEST SLP 30.42 ON 18
DPTR FM NORMAL 262 LOWEST SLP 29.67 ON 24
[REMARKS]
#FINAL-12-20#