000
CXUS52 KFFC 011010
CF6CSG
PRELIMINARY LOCAL CLIMATOLOGICAL DATA (WS FORM: F-6)
STATION: COLUMBUS
MONTH: JULY
YEAR: 2023
LATITUDE: 32 31 N
LONGITUDE: 84 56 W
TEMPERATURE IN F: :PCPN: SNOW: WIND :SUNSHINE: SKY :PK WND
================================================================================
1 2 3 4 5 6A 6B 7 8 9 10 11 12 13 14 15 16 17 18
12Z AVG MX 2MIN
DY MAX MIN AVG DEP HDD CDD WTR SNW DPTH SPD SPD DIR MIN PSBL S-S WX SPD DR
================================================================================
1 96 72 84 2 0 19 0.58 0.0 M 5.4 21 360 M M 3 13 36 340
2 95 73 84 2 0 19 0.81 0.0 M 4.0 28 240 M M 2 13 51 220
3 92 73 83 0 0 18 T 0.0 M 4.0 13 20 M M 3 19 20
4 91 73 82 -1 0 17 2.72 0.0 M 3.0 23 190 M M 2 138 35 210
5 93 74 84 1 0 19 T 0.0 M 4.6 17 10 M M 1 13 26 20
6 94 73 84 1 0 19 T 0.0 M 5.5 20 340 M M 2 3 27 330
7 90 73 82 -1 0 17 0.02 0.0 M 5.9 25 330 M M 2 13 38 310
8 92 74 83 0 0 18 T 0.0 M 7.1 18 290 M M 0 28 300
9 90 72 81 -2 0 16 0.10 0.0 M 6.4 20 250 M M 5 13 27 240
10 88 73 81 -2 0 16 0.05 0.0 M 5.9 15 320 M M 7 1 21 10
11 93 72 83 0 0 18 0.00 0.0 M 3.0 13 310 M M 1 19 310
12 93 73 83 0 0 18 0.00 0.0 M 3.3 12 240 M M 2 3 16 240
13 90 73 82 -1 0 17 0.04 0.0 M 5.0 22 270 M M 3 13 31 260
14 93 74 84 1 0 19 0.00 0.0 M 3.5 9 320 M M 7 12 290
15 95 77 86 3 0 21 0.00 0.0 M 6.1 17 300 M M 1 25 300
16 95 77 86 3 0 21 T 0.0 M 5.5 14 330 M M 4 20 320
17 92 73 83 0 0 18 0.00 0.0 M 3.5 14 320 M M 0 8 22 330
18 94 71 83 0 0 18 0.00 0.0 M 3.0 12 330 M M 0 18 18 350
19 96 78 87 4 0 22 T 0.0 M 5.0 20 330 M M 1 3 26 320
20 97 76 87 3 0 22 0.00 0.0 M 5.6 18 300 M M 1 25 290
21 97 75 86 2 0 21 0.38 0.0 M 7.2 35 330 M M 2 13 48 330
22 87 73 80 -4 0 15 0.10 0.0 M 6.1 21 320 M M 3 13 27 330
23 89 73 81 -3 0 16 0.08 0.0 M 4.3 13 230 M M 5 3 17 200
24 93 70 82 -2 0 17 0.00 0.0 M 4.1 14 290 M M 1 19 300
25 94 72 83 -1 0 18 0.00 0.0 M 4.4 14 320 M M 1 17 300
26 96 72 84 0 0 19 0.00 0.0 M 2.3 16 190 M M 1 3 21 220
27 97 73 85 1 0 20 0.13 0.0 M 2.4 20 250 M M 1 3 27 250
28 92 75 84 1 0 19 T 0.0 M 2.8 12 100 M M 1 3 17 100
29 97 76 87 4 0 22 0.00 0.0 M 4.4 15 240 M M 2 3 20 240
30 95 75 85 2 0 20 0.38 0.0 M 4.5 29 320 M M 1 3 38 320
31 94 72 83 0 0 18 0.00 0.0 M 5.4 13 320 M M 2 18 320
================================================================================
SM 2890 2280 0 577 5.39 0.0 143.2 M 67
================================================================================
AV 93.2 73.5 4.6 FASTST M M 2 MAX(MPH)
MISC ----> 35 330 51 220
================================================================================
NOTES:
# LAST OF SEVERAL OCCURRENCES
COLUMN 17 PEAK WIND IN M.P.H.
PRELIMINARY LOCAL CLIMATOLOGICAL DATA (WS FORM: F-6) , PAGE 2
STATION: COLUMBUS
MONTH: JULY
YEAR: 2023
LATITUDE: 32 31 N
LONGITUDE: 84 56 W
[TEMPERATURE DATA] [PRECIPITATION DATA] SYMBOLS USED IN COLUMN 16
AVERAGE MONTHLY: 83.4 TOTAL FOR MONTH: 5.39 1 = FOG OR MIST
DPTR FM NORMAL: 0.2 DPTR FM NORMAL: 1.04 2 = FOG REDUCING VISIBILITY
HIGHEST: 97 ON 29,27 GRTST 24HR 2.72 ON 4- 4 TO 1/4 MILE OR LESS
LOWEST: 70 ON 24 3 = THUNDER
SNOW, ICE PELLETS, HAIL 4 = ICE PELLETS
TOTAL MONTH: 0.0 INCH 5 = HAIL
GRTST 24HR 0.0 6 = FREEZING RAIN OR DRIZZLE
GRTST DEPTH: M ON M 7 = DUSTSTORM OR SANDSTORM:
VSBY 1/2 MILE OR LESS
8 = SMOKE OR HAZE
[NO. OF DAYS WITH] [WEATHER - DAYS WITH] 9 = BLOWING SNOW
X = TORNADO
MAX 32 OR BELOW: 0 0.01 INCH OR MORE: 12
MAX 90 OR ABOVE: 28 0.10 INCH OR MORE: 8
MIN 32 OR BELOW: 0 0.50 INCH OR MORE: 3
MIN 0 OR BELOW: 0 1.00 INCH OR MORE: 1
[HDD (BASE 65) ]
TOTAL THIS MO. 0 CLEAR (SCALE 0-3) 26
DPTR FM NORMAL 0 PTCLDY (SCALE 4-7) 5
TOTAL FM JUL 1 0 CLOUDY (SCALE 8-10) 0
DPTR FM NORMAL 0
[CDD (BASE 65) ]
TOTAL THIS MO. 577
DPTR FM NORMAL 13 [PRESSURE DATA]
TOTAL FM JAN 1 1378 HIGHEST SLP M ON M
DPTR FM NORMAL -71 LOWEST SLP 29.82 ON 8
[REMARKS]
#FINAL-07-23#