000
CXUS54 KOUN 010810
CF6CSM
PRELIMINARY LOCAL CLIMATOLOGICAL DATA (WS FORM: F-6)
STATION: CLINTON
MONTH: OCTOBER
YEAR: 2023
LATITUDE: 35 20 N
LONGITUDE: 99 12 W
TEMPERATURE IN F: :PCPN: SNOW: WIND :SUNSHINE: SKY :PK WND
================================================================================
1 2 3 4 5 6A 6B 7 8 9 10 11 12 13 14 15 16 17 18
12Z AVG MX 2MIN
DY MAX MIN AVG DEP HDD CDD WTR SNW DPTH SPD SPD DIR MIN PSBL S-S WX SPD DR
================================================================================
1 89 68 79 12 0 14 0.00 M M 14.4 24 170 M M 1 32 170
2 89 63 76 9 0 11 0.00 M M 14.1 23 160 M M 2 33 170
3 86 70 78 12 0 13 T M M 19.4 29 180 M M 2 35 190
4 81 64 73 7 0 8 1.02 M M 9.8 26 350 M M 5 13 36 320
5 80 57 69 3 0 4 0.00 M M 10.3 21 10 M M 1 26 20
6 75 51 63 -2 2 0 0.00 M M 10.7 32 30 M M 4 8 39 30
7 67 44 56 -9 9 0 0.00 0.0 M 5.1 10 200 M M 4 13 200
8 82 48 65 1 0 0 0.00 0.0 M 13.1 24 220 M M 0 30 210
9 85 51 68 4 0 3 0.00 M M 8.2 16 360 M M 0 23 40
10 88 52 70 6 0 5 0.00 M M 12.2 26 190 M M 0 35 190
11 84 60 72 9 0 7 0.00 M M 23.1 33 150 M M 0 42 160
12 89 64 77 14 0 12 0.00 M M 19.9 32 190 M M 6 42 170
13 69 46 58 -4 7 0 0.00 M M 20.7 35 340 M M 1 8 45 350
14 64 44 54 -8 11 0 0.00 M M 15.3 28 330 M M 0 36 330
15 64 41 53 -8 12 0 0.00 M M 12.8 24 360 M M 0 34 350
16 67 37 52 -9 13 0 0.00 M M 8.1 16 330 M M 0 24 340
17 79 45 62 2 3 0 0.00 M M 17.0 24 170 M M 0 31 170
18 78 50 64 4 1 0 0.00 M M 14.3 24 10 M M 0 31 180
19 88 52 70 10 0 5 0.00 M M 10.4 20 330 M M 0 26 290
20 89 55 72 13 0 7 0.00 M M 9.0 16 190 M M 0 21 180
21 89 61 75 16 0 10 0.00 M M 10.8 16 210 M M 0 21 210
22 85 57 71 13 0 6 0.00 M M 16.8 31 180 M M 0 39 180
23 82 63 73 15 0 8 T M M 21.2 31 200 M M 2 41 200
24 74 63 69 12 0 4 1.35 M M 15.6 28 160 M M 9 1 36 160
25 70 63 67 10 0 2 M M M 16.3 26 170 M M 9 13 33 170
26 77 61 69 13 0 4 0.00 M M 18.7 29 190 M M 3 35 190
27 63 43 53 -3 12 0 0.00 M M 17.2 31 340 M M 3 40 360
28 46 33 40 -16 25 0 M M M 15.8 25 10 M M 10 138 31 10
29 36 31 34 -21 31 0 M M M 22.6 32 360 M M 10 13 41 360
30 46 29 38 -17 27 0 0.00 M M 9.8 24 360 M M 0 33 10
31 48 31 40 -14 25 0 0.00 M M 12.0 26 20 M M 0 33 20
================================================================================
SM 2309 1597 178 123 2.37 0.0 444.7 M 72
================================================================================
AV 74.5 51.5 14.3 FASTST M M 2 MAX(MPH)
MISC ----> 35 340 45 350
================================================================================
NOTES:
# LAST OF SEVERAL OCCURRENCES
COLUMN 17 PEAK WIND IN M.P.H.
PRELIMINARY LOCAL CLIMATOLOGICAL DATA (WS FORM: F-6) , PAGE 2
STATION: CLINTON
MONTH: OCTOBER
YEAR: 2023
LATITUDE: 35 20 N
LONGITUDE: 99 12 W
[TEMPERATURE DATA] [PRECIPITATION DATA] SYMBOLS USED IN COLUMN 16
AVERAGE MONTHLY: 63.0 TOTAL FOR MONTH: 2.37 1 = FOG OR MIST
DPTR FM NORMAL: 2.1 DPTR FM NORMAL: 0.04 2 = FOG REDUCING VISIBILITY
HIGHEST: 89 ON 21,20 GRTST 24HR 1.35 ON 23-24 TO 1/4 MILE OR LESS
LOWEST: 29 ON 30 3 = THUNDER
SNOW, ICE PELLETS, HAIL 4 = ICE PELLETS
TOTAL MONTH: 0.0 INCH 5 = HAIL
GRTST 24HR 0.0 6 = FREEZING RAIN OR DRIZZLE
GRTST DEPTH: M ON M 7 = DUSTSTORM OR SANDSTORM:
VSBY 1/2 MILE OR LESS
8 = SMOKE OR HAZE
[NO. OF DAYS WITH] [WEATHER - DAYS WITH] 9 = BLOWING SNOW
X = TORNADO
MAX 32 OR BELOW: 0 0.01 INCH OR MORE: 2
MAX 90 OR ABOVE: 0 0.10 INCH OR MORE: 2
MIN 32 OR BELOW: 3 0.50 INCH OR MORE: 2
MIN 0 OR BELOW: 0 1.00 INCH OR MORE: 2
[HDD (BASE 65) ]
TOTAL THIS MO. 178 CLEAR (SCALE 0-3) 21
DPTR FM NORMAL -12 PTCLDY (SCALE 4-7) 6
TOTAL FM JUL 1 178 CLOUDY (SCALE 8-10) 4
DPTR FM NORMAL -29
[CDD (BASE 65) ]
TOTAL THIS MO. 123
DPTR FM NORMAL 61 [PRESSURE DATA]
TOTAL FM JAN 1 2179 HIGHEST SLP M ON M
DPTR FM NORMAL 202 LOWEST SLP 29.38 ON 12
[REMARKS]
#FINAL-10-23#