000
CXUS55 KOHX 011210
CF6CSV
PRELIMINARY LOCAL CLIMATOLOGICAL DATA (WS FORM: F-6)
STATION: CROSSVILLE
MONTH: JANUARY
YEAR: 2021
LATITUDE: 35 57 N
LONGITUDE: 85 5 W
TEMPERATURE IN F: :PCPN: SNOW: WIND :SUNSHINE: SKY :PK WND
================================================================================
1 2 3 4 5 6A 6B 7 8 9 10 11 12 13 14 15 16 17 18
12Z AVG MX 2MIN
DY MAX MIN AVG DEP HDD CDD WTR SNW DPTH SPD SPD DIR MIN PSBL S-S WX SPD DR
================================================================================
1 62 46 54 18 11 0 0.39 M M 9.6 18 180 M M 7 1 34 180
2 57 41 49 13 16 0 0.02 M M 5.6 13 280 M M 6 1 19 290
3 41 26 34 -2 31 0 T M M 6.4 21 260 M M 8 1 31 270
4 51 24 38 2 27 0 0.00 M M 3.3 13 270 M M 3 17 260
5 43 26 35 -1 30 0 T M M 6.8 17 310 M M 6 1 26 320
6 43 25 34 -2 31 0 0.00 M M 5.5 12 60 M M 1 1 14 70
7 38 26 32 -4 33 0 0.10 M M 7.6 16 60 M M 6 1 21 70
8 32 28 30 -6 35 0 0.06 M M 8.1 15 330 M M 10 1 22 340
9 28 25 27 -9 38 0 0.00 M M 6.9 13 330 M M 10 1 17 360
10 40 23 32 -4 33 0 0.00 M M 2.6 10 50 M M 5 14 50
11 35 28 32 -4 33 0 0.10 M M 2.1 6 30 M M 10 12 8 10
12 42 21 32 -4 33 0 0.00 M M 3.8 8 260 M M 5 12 11 240
13 46 17 32 -4 33 0 0.00 M M 2.3 8 180 M M 0 1 M M
14 47 24 36 0 29 0 0.00 M M 6.1 16 190 M M 3 1 26 190
15 44 30 37 1 28 0 0.01 M M 6.7 21 260 M M 7 18 32 250
16 32 28 30 -6 35 0 0.04 M M 10.2 22 290 M M 10 1 35 270
17 41 32 37 1 28 0 T M M 7.2 18 280 M M 10 28 280
18 43 30 37 1 28 0 T M M 7.9 18 270 M M 7 1 26 260
19 51 35 43 7 22 0 0.00 M M 6.3 17 280 M M 6 24 260
20 44 26 35 -1 30 0 0.00 M M 6.7 17 320 M M 1 28 280
21 40 33 37 1 28 0 0.30 M M 4.2 10 270 M M 8 12 14 260
22 47 29 38 2 27 0 0.00 M M 5.0 13 330 M M 5 12 18 330
23 44 23 34 -2 31 0 0.00 M M 6.9 15 60 M M 2 20 70
24 47 35 41 5 24 0 T M M 6.6 17 180 M M 9 1 32 150
25 61 44 53 17 12 0 1.06 M M 8.5 18 190 M M 10 13 31 190
26 61 44 53 17 12 0 T M M 9.4 20 260 M M 2 29 280
27 56 30 43 7 22 0 T M M 9.0 20 320 M M 8 1 32 320
28 33 20 27 -9 38 0 0.00 M M 9.0 20 330 M M 5 30 330
29 42 18 30 -6 35 0 0.00 M M 3.5 12 60 M M 0 14 60
30 41 26 34 -2 31 0 0.23 M M 7.3 21 160 M M 8 1 35 150
31 49 31 40 4 25 0 T M M 10.8 21 190 M M 10 1 37 190
================================================================================
SM 1381 894 869 0 2.31 M 201.9 M 188
================================================================================
AV 44.5 28.8 6.5 FASTST M M 6 MAX(MPH)
MISC ----> 22 290 37 190
================================================================================
NOTES:
# LAST OF SEVERAL OCCURRENCES
COLUMN 17 PEAK WIND IN M.P.H.
PRELIMINARY LOCAL CLIMATOLOGICAL DATA (WS FORM: F-6) , PAGE 2
STATION: CROSSVILLE
MONTH: JANUARY
YEAR: 2021
LATITUDE: 35 57 N
LONGITUDE: 85 5 W
[TEMPERATURE DATA] [PRECIPITATION DATA] SYMBOLS USED IN COLUMN 16
AVERAGE MONTHLY: 36.7 TOTAL FOR MONTH: 2.31 1 = FOG OR MIST
DPTR FM NORMAL: 0.9 DPTR FM NORMAL: -2.45 2 = FOG REDUCING VISIBILITY
HIGHEST: 62 ON 1 GRTST 24HR 1.35 ON 25-25 TO 1/4 MILE OR LESS
LOWEST: 17 ON 13 3 = THUNDER
SNOW, ICE PELLETS, HAIL 4 = ICE PELLETS
TOTAL MONTH: M 5 = HAIL
GRTST 24HR M ON M 6 = FREEZING RAIN OR DRIZZLE
GRTST DEPTH: M ON M 7 = DUSTSTORM OR SANDSTORM:
VSBY 1/2 MILE OR LESS
8 = SMOKE OR HAZE
[NO. OF DAYS WITH] [WEATHER - DAYS WITH] 9 = BLOWING SNOW
X = TORNADO
MAX 32 OR BELOW: 3 0.01 INCH OR MORE: 10
MAX 90 OR ABOVE: 0 0.10 INCH OR MORE: 6
MIN 32 OR BELOW: 24 0.50 INCH OR MORE: 1
MIN 0 OR BELOW: 0 1.00 INCH OR MORE: 1
[HDD (BASE 65) ]
TOTAL THIS MO. 869 CLEAR (SCALE 0-3) 8
DPTR FM NORMAL -38 PTCLDY (SCALE 4-7) 13
TOTAL FM JUL 1 2448 CLOUDY (SCALE 8-10) 10
DPTR FM NORMAL -125
[CDD (BASE 65) ]
TOTAL THIS MO. 0
DPTR FM NORMAL 0 [PRESSURE DATA]
TOTAL FM JAN 1 0 HIGHEST SLP 30.57 ON 28
DPTR FM NORMAL 0 LOWEST SLP 29.59 ON 15
[REMARKS]
#FINAL-01-21#