000
CXUS52 KCAE 011500
CF6CUB
PRELIMINARY LOCAL CLIMATOLOGICAL DATA (WS FORM: F-6)
STATION: HAMILTON - OWENS AIRPORT SC
MONTH: JANUARY
YEAR: 2023
LATITUDE: 33 58 N
LONGITUDE: 80 59 W
TEMPERATURE IN F: :PCPN: SNOW: WIND :SUNSHINE: SKY :PK WND
================================================================================
1 2 3 4 5 6A 6B 7 8 9 10 11 12 13 14 15 16 17 18
12Z AVG MX 2MIN
DY MAX MIN AVG DEP HDD CDD WTR SNW DPTH SPD SPD DIR MIN PSBL S-S WX SPD DR
================================================================================
1 68 50 59 12 6 0 0.00 M M 2.4 9 260 M M 6 12 13 210
2 73 47 60 13 5 0 0.00 M M 1.2 8 240 M M 5 12 13 270
3 72 49 61 14 4 0 0.77 M M 3.2 15 210 M M 2 13 20 220
4 68 62 65 18 0 0 0.63 M M 5.3 24 300 M M 9 123 32 300
5 68 44 56 9 9 0 0.00 M M 4.7 21 260 M M 0 1 28 240
6 60 36 48 1 17 0 0.00 M M 2.3 10 300 M M 0 14 310
7 62 34 48 1 17 0 0.00 M M 0.8 10 270 M M 1 18 13 270
8 63 41 52 5 13 0 T M M 2.6 9 150 M M 5 18 13 150
9 60 40 50 3 15 0 T M M 3.7 13 270 M M 4 18 250
10 62 35 49 2 16 0 0.00 M M 2.5 13 200 M M 0 1 22 190
11 66 35 51 4 14 0 0.00 M M 2.1 10 160 M M 1 14 150
12 72 52 62 15 3 0 0.35 M M 7.1 17 170 M M 7 138 27 160
13 59 43 51 4 14 0 0.00 M M 8.1 17 310 M M 7 26 300
14 50 36 43 -4 22 0 0.00 M M 8.1 17 290 M M 0 30 300
15 56 28 42 -5 23 0 0.00 M M 2.8 9 280 M M 0 15 290
16 63 28 46 -1 19 0 0.00 M M 1.4 9 260 M M 0 18 12 250
17 62 45 54 7 11 0 0.09 M M 4.2 14 230 M M 5 1 17 250
18 68 50 59 12 6 0 0.00 M M 3.2 10 230 M M 7 12 13 220
19 74 52 63 16 2 0 0.00 M M 7.1 22 210 M M 5 12 29 210
20 65 43 54 7 11 0 0.00 M M 7.6 15 260 M M 0 21 250
21 48 41 45 -2 20 0 T M M 2.4 10 60 M M 2 15 60
22 48 40 44 -3 21 0 2.37 M M 2.7 10 50 M M 10 1 16 60
23 56 37 47 0 18 0 0.00 M M 8.3 21 270 M M 3 29 290
24 57 29 43 -4 22 0 0.00 M M 1.4 12 170 M M 0 15 160
25 66 42 54 7 11 0 0.96 M M 7.4 21 270 M M 8 1 27 270
26 55 41 48 1 17 0 0.00 M M 10.3 22 270 M M 0 31 270
27 50 30 40 -8 25 0 0.00 M M 3.5 12 270 M M 0 16 280
28 59 29 44 -4 21 0 0.00 M M 1.3 12 180 M M 0 17 170
29 56 34 45 -3 20 0 0.36 M M 0.3 6 330 M M 7 1 8 350
30 63 49 56 8 9 0 0.11 M M 0.9 7 160 M M 9 1 9 150
31 67 55 61 13 4 0 T M M 2.8 10 250 M M 9 1 14 250
================================================================================
SM 1916 1277 415 0 5.64 M 121.7 M 112
================================================================================
AV 61.8 41.2 3.9 FASTST M M 4 MAX(MPH)
MISC ----> 24 300 32 300
================================================================================
NOTES:
# LAST OF SEVERAL OCCURRENCES
COLUMN 17 PEAK WIND IN M.P.H.
PRELIMINARY LOCAL CLIMATOLOGICAL DATA (WS FORM: F-6) , PAGE 2
STATION: HAMILTON - OWENS AIRPORT SC
MONTH: JANUARY
YEAR: 2023
LATITUDE: 33 58 N
LONGITUDE: 80 59 W
[TEMPERATURE DATA] [PRECIPITATION DATA] SYMBOLS USED IN COLUMN 16
AVERAGE MONTHLY: 51.5 TOTAL FOR MONTH: 5.64 1 = FOG OR MIST
DPTR FM NORMAL: 4.4 DPTR FM NORMAL: 2.23 2 = FOG REDUCING VISIBILITY
HIGHEST: 74 ON 19 GRTST 24HR 2.37 ON 22-22 TO 1/4 MILE OR LESS
LOWEST: 28 ON 16,15 3 = THUNDER
SNOW, ICE PELLETS, HAIL 4 = ICE PELLETS
TOTAL MONTH: M 5 = HAIL
GRTST 24HR M ON M 6 = FREEZING RAIN OR DRIZZLE
GRTST DEPTH: M ON M 7 = DUSTSTORM OR SANDSTORM:
VSBY 1/2 MILE OR LESS
8 = SMOKE OR HAZE
[NO. OF DAYS WITH] [WEATHER - DAYS WITH] 9 = BLOWING SNOW
X = TORNADO
MAX 32 OR BELOW: 0 0.01 INCH OR MORE: 8
MAX 90 OR ABOVE: 0 0.10 INCH OR MORE: 7
MIN 32 OR BELOW: 5 0.50 INCH OR MORE: 4
MIN 0 OR BELOW: 0 1.00 INCH OR MORE: 1
[HDD (BASE 65) ]
TOTAL THIS MO. 415 CLEAR (SCALE 0-3) 15
DPTR FM NORMAL -142 PTCLDY (SCALE 4-7) 11
TOTAL FM JUL 1 1278 CLOUDY (SCALE 8-10) 5
DPTR FM NORMAL -149
[CDD (BASE 65) ]
TOTAL THIS MO. 0
DPTR FM NORMAL -3 [PRESSURE DATA]
TOTAL FM JAN 1 0 HIGHEST SLP 30.47 ON 28
DPTR FM NORMAL -3 LOWEST SLP 29.74 ON 25
[REMARKS]
#FINAL-01-23#