000
CXUS52 KCAE 011400
CF6CUB
PRELIMINARY LOCAL CLIMATOLOGICAL DATA (WS FORM: F-6)
STATION: HAMILTON - OWENS AIRPORT SC
MONTH: MARCH
YEAR: 2022
LATITUDE: 33 58 N
LONGITUDE: 80 59 W
TEMPERATURE IN F: :PCPN: SNOW: WIND :SUNSHINE: SKY :PK WND
================================================================================
1 2 3 4 5 6A 6B 7 8 9 10 11 12 13 14 15 16 17 18
12Z AVG MX 2MIN
DY MAX MIN AVG DEP HDD CDD WTR SNW DPTH SPD SPD DIR MIN PSBL S-S WX SPD DR
================================================================================
1 70 36 53 0 12 0 0.00 M M 1.5 8 260 M M 0 12 250
2 80 38 59 5 6 0 0.00 M M 2.8 15 270 M M 0 8 19 250
3 84 43 64 10 1 0 0.00 M M 3.0 15 270 M M 0 22 280
4 68 50 59 5 6 0 0.00 M M 3.5 13 70 M M 0 23 60
5 78 51 65 11 0 0 0.00 M M 4.4 14 180 M M 5 8 19 180
6 83 54 69 15 0 4 0.00 M M 6.2 20 190 M M 1 1 25 180
7 84 66 75 20 0 10 0.05 M M 10.1 22 200 M M 8 29 200
8 72 58 65 10 0 0 0.01 M M 4.4 10 40 M M 7 16 30
9 69 59 64 9 1 0 0.03 M M 3.0 15 270 M M 10 18 18 270
10 61 49 55 -1 10 0 T M M 4.6 10 70 M M 10 1 17 70
11 61 48 55 -1 10 0 0.21 M M 2.3 8 170 M M 10 18 12 70
12 66 31 49 -7 16 0 0.56 M M 11.4 25 270 M M 7 1238 39 320
13 55 25 40 -16 25 0 0.00 M M 2.6 13 210 M M 0 18 250
14 67 33 50 -7 15 0 0.00 M M 2.0 12 150 M M 0 19 170
15 72 41 57 0 8 0 T M M 1.4 10 150 M M 3 15 170
16 64 57 61 4 4 0 0.88 M M 3.1 10 70 M M 10 13 15 70
17 72 53 63 6 2 0 0.01 M M 2.8 10 260 M M 6 1 16 260
18 78 48 63 5 2 0 0.07 M M 3.4 29 260 M M 2 1 35 250
19 79 55 67 9 0 2 T M M 8.4 21 220 M M 5 33 230
20 69 46 58 0 7 0 0.00 M M 6.8 20 260 M M 0 26 270
21 73 41 57 -1 8 0 0.00 M M 2.2 12 30 M M 0 19 20
22 77 49 63 4 2 0 0.00 M M 4.1 17 150 M M 3 22 150
23 78 61 70 11 0 5 0.02 M M 10.1 21 170 M M 5 27 210
24 70 57 64 5 1 0 0.03 M M 6.5 13 260 M M 6 1 16 270
25 72 47 60 0 5 0 0.00 M M 9.0 25 260 M M 2 33 270
26 67 45 56 -4 9 0 0.00 M M 11.0 30 260 M M 0 41 240
27 69 36 53 -7 12 0 0.00 M M 6.6 21 270 M M 0 30 310
28 70 42 56 -4 9 0 0.00 M M 2.9 15 300 M M 1 21 320
29 67 44 56 -5 9 0 0.00 M M 3.4 12 150 M M 1 14 160
30 84 52 68 7 0 3 0.00 M M 8.8 22 160 M M 6 31 160
31 76 59 68 7 0 3 0.45 M M 10.3 22 180 M M 5 1 33 160
================================================================================
SM 2235 1474 180 27 2.32 M 162.6 M 113
================================================================================
AV 72.1 47.5 5.2 FASTST M M 4 MAX(MPH)
MISC ----> 30 260 41 240
================================================================================
NOTES:
# LAST OF SEVERAL OCCURRENCES
COLUMN 17 PEAK WIND IN M.P.H.
PRELIMINARY LOCAL CLIMATOLOGICAL DATA (WS FORM: F-6) , PAGE 2
STATION: HAMILTON - OWENS AIRPORT SC
MONTH: MARCH
YEAR: 2022
LATITUDE: 33 58 N
LONGITUDE: 80 59 W
[TEMPERATURE DATA] [PRECIPITATION DATA] SYMBOLS USED IN COLUMN 16
AVERAGE MONTHLY: 59.8 TOTAL FOR MONTH: 2.32 1 = FOG OR MIST
DPTR FM NORMAL: 2.6 DPTR FM NORMAL: -1.16 2 = FOG REDUCING VISIBILITY
HIGHEST: 84 ON 30, 7 GRTST 24HR 0.89 ON 16-17 TO 1/4 MILE OR LESS
LOWEST: 25 ON 13 3 = THUNDER
SNOW, ICE PELLETS, HAIL 4 = ICE PELLETS
TOTAL MONTH: M 5 = HAIL
GRTST 24HR M ON M 6 = FREEZING RAIN OR DRIZZLE
GRTST DEPTH: M ON M 7 = DUSTSTORM OR SANDSTORM:
VSBY 1/2 MILE OR LESS
8 = SMOKE OR HAZE
[NO. OF DAYS WITH] [WEATHER - DAYS WITH] 9 = BLOWING SNOW
X = TORNADO
MAX 32 OR BELOW: 0 0.01 INCH OR MORE: 11
MAX 90 OR ABOVE: 0 0.10 INCH OR MORE: 4
MIN 32 OR BELOW: 2 0.50 INCH OR MORE: 2
MIN 0 OR BELOW: 0 1.00 INCH OR MORE: 0
[HDD (BASE 65) ]
TOTAL THIS MO. 180 CLEAR (SCALE 0-3) 17
DPTR FM NORMAL -86 PTCLDY (SCALE 4-7) 10
TOTAL FM JUL 1 1792 CLOUDY (SCALE 8-10) 4
DPTR FM NORMAL -322
[CDD (BASE 65) ]
TOTAL THIS MO. 27
DPTR FM NORMAL 2 [PRESSURE DATA]
TOTAL FM JAN 1 59 HIGHEST SLP 30.52 ON 14
DPTR FM NORMAL 26 LOWEST SLP 29.41 ON 12
[REMARKS]
#FINAL-03-22#