000
CXUS54 KHGX 012237
CF6CXO
PRELIMINARY LOCAL CLIMATOLOGICAL DATA (WS FORM: F-6)
STATION: CONROE
MONTH: AUGUST
YEAR: 2023
LATITUDE: 30 21 N
LONGITUDE: 95 25 W
TEMPERATURE IN F: :PCPN: SNOW: WIND :SUNSHINE: SKY :PK WND
================================================================================
1 2 3 4 5 6A 6B 7 8 9 10 11 12 13 14 15 16 17 18
12Z AVG MX 2MIN
DY MAX MIN AVG DEP HDD CDD WTR SNW DPTH SPD SPD DIR MIN PSBL S-S WX SPD DR
================================================================================
1 104 79 92 8 0 27 0.00 0.0 0 3.6 10 180 M M 1 17 170
2 104 75 90 6 0 25 0.00 0.0 0 5.3 18 160 M M 0 1 26 150
3 102 74 88 4 0 23 0.00 0.0 0 6.4 21 170 M M 1 27 150
4 102 75 89 5 0 24 0.00 0.0 0 6.8 18 150 M M 2 1 25 140
5 103 81 92 8 0 27 0.00 0.0 0 8.5 16 160 M M 3 21 150
6 102 80 91 7 0 26 0.00 0.0 0 9.1 17 160 M M 2 23 170
7 104 82 93 9 0 28 0.00 0.0 0 9.1 17 160 M M 3 25 160
8 102 81 92 8 0 27 0.00 0.0 0 9.8 22 150 M M 2 28 150
9 103 81 92 8 0 27 0.00 0.0 0 12.6 21 190 M M 3 30 210
10 104 82 93 9 0 28 0.00 0.0 0 11.9 21 190 M M 3 29 180
11 105 82 94 10 0 29 0.00 0.0 0 11.5 20 170 M M 2 28 160
12 104 81 93 9 0 28 0.00 0.0 0 9.4 20 160 M M 4 28 200
13 103 79 91 7 0 26 0.00 0.0 0 9.4 15 160 M M 1 22 170
14 104 78 91 7 0 26 0.00 0.0 0 7.2 15 170 M M 2 20 240
15 103 78 91 8 0 26 0.00 0.0 0 6.6 16 330 M M 0 25 340
16 101 65 83 0 0 18 0.00 0.0 0 3.2 13 30 M M 0 20 80
17 106 64 85 2 0 20 0.00 0.0 0 4.6 17 170 M M 0 22 170
18 104 79 92 9 0 27 0.00 0.0 0 7.4 15 160 M M 1 20 180
19 104 78 91 8 0 26 0.00 0.0 0 6.5 16 150 M M 1 20 160
20 109 78 94 11 0 29 0.00 0.0 0 6.2 15 280 M M 1 22 340
21 102 78 90 7 0 25 0.00 0.0 0 6.0 18 160 M M 1 8 25 140
22 100 78 89 6 0 24 0.01 0.0 0 8.9 26 120 M M 1 42 100
23 104 73 89 7 0 24 0.00 0.0 0 4.3 14 140 M M 1 23 140
24 108 75 92 10 0 27 0.00 0.0 0 4.1 15 150 M M 2 22 140
25 105 76 91 9 0 26 0.00 0.0 0 6.3 20 180 M M 0 25 150
26 105 73 89 7 0 24 0.00 0.0 0 4.4 13 120 M M 1 18 100
27 109 73 91 9 0 26 T 0.0 0 7.2 26 300 M M 2 3 40 310
28 94 72 83 1 0 18 T 0.0 0 4.6 17 360 M M 2 1 25 360
29 97 70 84 2 0 19 0.00 0.0 0 5.0 17 20 M M 3 29 20
30 100 63 82 1 0 17 0.00 0.0 0 5.1 16 330 M M 0 26 330
31 99 64 82 1 0 17 0.00 0.0 0 3.3 16 10 M M 1 28 360
================================================================================
SM 3196 2347 0 764 0.01 0.0 214.3 M 46
================================================================================
AV103.1 75.7 6.9 FASTST M M 1 MAX(MPH)
MISC ----> # 26 120 42 100
================================================================================
NOTES:
# LAST OF SEVERAL OCCURRENCES
COLUMN 17 PEAK WIND IN M.P.H.
PRELIMINARY LOCAL CLIMATOLOGICAL DATA (WS FORM: F-6) , PAGE 2
STATION: CONROE
MONTH: AUGUST
YEAR: 2023
LATITUDE: 30 21 N
LONGITUDE: 95 25 W
[TEMPERATURE DATA] [PRECIPITATION DATA] SYMBOLS USED IN COLUMN 16
AVERAGE MONTHLY: 89.4 TOTAL FOR MONTH: 0.01 1 = FOG OR MIST
DPTR FM NORMAL: 6.3 DPTR FM NORMAL: -3.84 2 = FOG REDUCING VISIBILITY
HIGHEST: 109 ON 27,20 GRTST 24HR 0.01 ON 22-22 TO 1/4 MILE OR LESS
LOWEST: 63 ON 30 3 = THUNDER
SNOW, ICE PELLETS, HAIL 4 = ICE PELLETS
TOTAL MONTH: 0.0 INCH 5 = HAIL
GRTST 24HR 0.0 6 = FREEZING RAIN OR DRIZZLE
GRTST DEPTH: 0 7 = DUSTSTORM OR SANDSTORM:
VSBY 1/2 MILE OR LESS
8 = SMOKE OR HAZE
[NO. OF DAYS WITH] [WEATHER - DAYS WITH] 9 = BLOWING SNOW
X = TORNADO
MAX 32 OR BELOW: 0 0.01 INCH OR MORE: 1
MAX 90 OR ABOVE: 31 0.10 INCH OR MORE: 0
MIN 32 OR BELOW: 0 0.50 INCH OR MORE: 0
MIN 0 OR BELOW: 0 1.00 INCH OR MORE: 0
[HDD (BASE 65) ]
TOTAL THIS MO. 0 CLEAR (SCALE 0-3) 29
DPTR FM NORMAL 0 PTCLDY (SCALE 4-7) 2
TOTAL FM JUL 1 0 CLOUDY (SCALE 8-10) 0
DPTR FM NORMAL 0
[CDD (BASE 65) ]
TOTAL THIS MO. 764
DPTR FM NORMAL 204 [PRESSURE DATA]
TOTAL FM JAN 1 2607 HIGHEST SLP 30.08 ON 15
DPTR FM NORMAL 508 LOWEST SLP 29.67 ON 27
[REMARKS]
#FINAL-08-23#