000
CXUS52 KMLB 010628
CF6DAB
PRELIMINARY LOCAL CLIMATOLOGICAL DATA (WS FORM: F-6)
STATION: DAYTONA BEACH
MONTH: APRIL
YEAR: 2022
LATITUDE: 29 10 N
LONGITUDE: 81 3 W
TEMPERATURE IN F: :PCPN: SNOW: WIND :SUNSHINE: SKY :PK WND
================================================================================
1 2 3 4 5 6A 6B 7 8 9 10 11 12 13 14 15 16 17 18
12Z AVG MX 2MIN
DY MAX MIN AVG DEP HDD CDD WTR SNW DPTH SPD SPD DIR MIN PSBL S-S WX SPD DR
================================================================================
1 77 68 73 5 0 8 0.83 0.0 0 4.7 12 70 M M 7 13 16 180
2 78 64 71 3 0 6 0.96 0.0 0 3.3 25 330 M M 8 13 31 330
3 75 60 68 0 0 3 0.00 0.0 0 6.4 20 10 M M 4 12 23 10
4 79 58 69 1 0 4 0.00 0.0 0 4.1 15 80 M M 1 1 21 80
5 89 66 78 10 0 13 0.01 0.0 0 6.7 25 230 M M 4 13 35 220
6 88 69 79 11 0 14 T 0.0 0 6.3 16 200 M M 5 3 23 200
7 79 66 73 4 0 8 0.24 0.0 0 10.7 37 240 M M 6 13 52 230
8 75 58 67 -2 0 2 0.00 0.0 0 12.3 29 260 M M 2 35 260
9 72 52 62 -7 3 0 0.00 0.0 0 11.5 36 250 M M 3 46 260
10 71 45 58 -11 7 0 0.00 0.0 0 3.1 13 70 M M 0 17 30
11 77 49 63 -6 2 0 0.00 0.0 0 3.8 15 100 M M 0 1 22 80
12 82 59 71 1 0 6 0.00 0.0 0 5.5 16 90 M M 3 1 23 80
13 83 62 73 3 0 8 0.00 0.0 0 6.4 15 110 M M 6 1 22 160
14 86 65 76 6 0 11 T 0.0 0 3.0 12 170 M M 7 1 15 160
15 82 69 76 6 0 11 T 0.0 0 7.1 24 40 M M 6 1 29 40
16 83 64 74 4 0 9 0.00 0.0 0 4.6 14 80 M M 4 1 18 80
17 89 67 78 8 0 13 0.10 0.0 0 4.6 14 110 M M 7 13 20 250
18 86 71 79 8 0 14 0.00 0.0 0 5.8 15 300 M M 7 19 310
19 73 62 68 -3 0 3 0.00 0.0 0 13.3 22 10 M M 2 29 20
20 78 63 71 0 0 6 0.00 0.0 0 13.8 24 70 M M 5 29 60
21 80 69 75 4 0 10 0.00 0.0 0 13.9 24 70 M M 7 31 70
22 78 69 74 3 0 9 T 0.0 0 14.3 23 60 M M 5 29 40
23 80 70 75 3 0 10 0.00 0.0 0 11.4 21 70 M M 5 26 90
24 83 71 77 5 0 12 T 0.0 0 8.9 17 70 M M 4 24 70
25 84 66 75 3 0 10 0.00 0.0 0 4.9 15 80 M M 2 1 20 70
26 84 62 73 1 0 8 0.00 0.0 0 4.1 14 70 M M 1 1 19 90
27 88 67 78 6 0 13 0.12 0.0 0 9.0 16 30 M M 6 1 22 40
28 81 70 76 4 0 11 T 0.0 0 13.3 24 50 M M 5 1 30 60
29 80 70 75 3 0 10 0.00 0.0 0 11.2 21 80 M M 5 27 80
30 81 69 75 2 0 10 0.00 0.0 0 6.5 17 70 M M 4 22 100
================================================================================
SM 2421 1920 12 242 2.26 0.0 234.5 M 131
================================================================================
AV 80.7 64.0 7.8 FASTST M M 4 MAX(MPH)
MISC ----> 37 240 52 230
================================================================================
NOTES:
# LAST OF SEVERAL OCCURRENCES
COLUMN 17 PEAK WIND IN M.P.H.
PRELIMINARY LOCAL CLIMATOLOGICAL DATA (WS FORM: F-6) , PAGE 2
STATION: DAYTONA BEACH
MONTH: APRIL
YEAR: 2022
LATITUDE: 29 10 N
LONGITUDE: 81 3 W
[TEMPERATURE DATA] [PRECIPITATION DATA] SYMBOLS USED IN COLUMN 16
AVERAGE MONTHLY: 72.4 TOTAL FOR MONTH: 2.26 1 = FOG OR MIST
DPTR FM NORMAL: 2.2 DPTR FM NORMAL: 0.03 2 = FOG REDUCING VISIBILITY
HIGHEST: 89 ON 17, 5 GRTST 24HR 1.96 ON 31- 1 TO 1/4 MILE OR LESS
LOWEST: 45 ON 10 3 = THUNDER
SNOW, ICE PELLETS, HAIL 4 = ICE PELLETS
TOTAL MONTH: 0.0 INCH 5 = HAIL
GRTST 24HR 0.0 6 = FREEZING RAIN OR DRIZZLE
GRTST DEPTH: 9 ON M 7 = DUSTSTORM OR SANDSTORM:
VSBY 1/2 MILE OR LESS
8 = SMOKE OR HAZE
[NO. OF DAYS WITH] [WEATHER - DAYS WITH] 9 = BLOWING SNOW
X = TORNADO
MAX 32 OR BELOW: 0 0.01 INCH OR MORE: 6
MAX 90 OR ABOVE: 0 0.10 INCH OR MORE: 5
MIN 32 OR BELOW: 0 0.50 INCH OR MORE: 2
MIN 0 OR BELOW: 0 1.00 INCH OR MORE: 0
[HDD (BASE 65) ]
TOTAL THIS MO. 12 CLEAR (SCALE 0-3) 8
DPTR FM NORMAL -8 PTCLDY (SCALE 4-7) 21
TOTAL FM JUL 1 449 CLOUDY (SCALE 8-10) 1
DPTR FM NORMAL -254
[CDD (BASE 65) ]
TOTAL THIS MO. 242
DPTR FM NORMAL 68 [PRESSURE DATA]
TOTAL FM JAN 1 505 HIGHEST SLP M ON M
DPTR FM NORMAL 164 LOWEST SLP 29.76 ON 7
[REMARKS]
#FINAL-04-22#