000
CXUS55 KVEF 010910
CF6DAG
PRELIMINARY LOCAL CLIMATOLOGICAL DATA (WS FORM: F-6)
STATION: BARSTOW-DAGGETT CA
MONTH: OCTOBER
YEAR: 2023
LATITUDE: 34 51 N
LONGITUDE: 116 47 W
TEMPERATURE IN F: :PCPN: SNOW: WIND :SUNSHINE: SKY :PK WND
================================================================================
1 2 3 4 5 6A 6B 7 8 9 10 11 12 13 14 15 16 17 18
12Z AVG MX 2MIN
DY MAX MIN AVG DEP HDD CDD WTR SNW DPTH SPD SPD DIR MIN PSBL S-S WX SPD DR
================================================================================
1 71 51 61 -14 4 0 0.00 0.0 0 9.1 21 300 M M 3 27 300
2 76 51 64 -11 1 0 0.00 0.0 0 7.1 14 280 M M 0 19 270
3 80 55 68 -6 0 3 0.00 0.0 0 6.6 15 290 M M 0 19 280
4 87 57 72 -2 0 7 0.00 0.0 0 6.2 16 90 M M 0 22 90
5 91 56 74 1 0 9 0.00 0.0 0 6.4 14 90 M M 0 20 100
6 93 62 78 5 0 13 0.00 0.0 0 6.6 14 280 M M 0 18 100
7 95 62 79 7 0 14 0.00 0.0 0 7.4 14 290 M M 0 18 280
8 96 62 79 7 0 14 0.00 0.0 0 7.2 14 290 M M 0 17 290
9 96 64 80 8 0 15 0.00 0.0 0 14.0 28 270 M M 0 36 280
10 90 64 77 6 0 12 0.00 0.0 0 20.7 38 270 M M 0 51 270
11 76 55 66 -5 0 1 0.00 0.0 0 22.5 38 270 M M 1 8 48 250
12 77 51 64 -6 1 0 0.00 0.0 0 6.2 14 300 M M 0 16 110
13 80 49 65 -5 0 0 0.00 0.0 0 6.1 12 70 M M 0 15 40
14 83 51 67 -3 0 2 0.00 0.0 0 5.8 12 260 M M 0 15 270
15 87 53 70 1 0 5 0.00 0.0 0 5.1 12 290 M M 0 15 50
16 91 57 74 5 0 9 0.00 0.0 0 6.8 15 260 M M 0 18 280
17 90 59 75 7 0 10 0.00 0.0 0 7.8 17 300 M M 0 22 290
18 94 58 76 8 0 11 0.00 0.0 0 6.7 14 290 M M 0 17 280
19 95 60 78 10 0 13 0.00 0.0 0 7.8 14 290 M M 0 8 18 280
20 96 63 80 13 0 15 0.00 0.0 0 10.3 16 270 M M 0 20 270
21 93 67 80 13 0 15 0.00 0.0 0 12.6 20 270 M M 0 23 260
22 86 60 73 7 0 8 0.00 0.0 0 18.9 28 270 M M 0 36 270
23 80 60 70 4 0 5 0.00 0.0 0 15.0 33 250 M M 0 45 250
24 83 55 69 3 0 4 0.00 0.0 0 8.4 16 270 M M 0 19 260
25 81 55 68 3 0 3 T 0.0 M 13.3 28 250 M M 0 35 260
26 77 55 66 1 0 1 0.00 0.0 0 16.2 30 260 M M 0 38 270
27 73 48 61 -3 4 0 0.00 0.0 0 12.3 26 260 M M 0 35 260
28 73 48 61 -3 4 0 0.00 0.0 0 9.9 22 290 M M 0 28 350
29 65 41 53 -11 12 0 0.00 0.0 0 6.4 17 40 M M 1 24 10
30 67 34 51 -12 14 0 0.00 0.0 0 4.7 10 100 M M 0 16 70
31 73 40 57 -6 8 0 0.00 0.0 0 6.6 15 280 M M 0 18 70
================================================================================
SM 2595 1703 48 189 T 0.0 300.7 M 5
================================================================================
AV 83.7 54.9 9.7 FASTST M M 0 MAX(MPH)
MISC ----> # 38 270 51 270
================================================================================
NOTES:
# LAST OF SEVERAL OCCURRENCES
COLUMN 17 PEAK WIND IN M.P.H.
PRELIMINARY LOCAL CLIMATOLOGICAL DATA (WS FORM: F-6) , PAGE 2
STATION: BARSTOW-DAGGETT CA
MONTH: OCTOBER
YEAR: 2023
LATITUDE: 34 51 N
LONGITUDE: 116 47 W
[TEMPERATURE DATA] [PRECIPITATION DATA] SYMBOLS USED IN COLUMN 16
AVERAGE MONTHLY: 69.3 TOTAL FOR MONTH: T 1 = FOG OR MIST
DPTR FM NORMAL: 0.5 DPTR FM NORMAL: -0.24 2 = FOG REDUCING VISIBILITY
HIGHEST: 96 ON 20, 9 GRTST 24HR T ON 25-25 TO 1/4 MILE OR LESS
LOWEST: 34 ON 30 3 = THUNDER
SNOW, ICE PELLETS, HAIL 4 = ICE PELLETS
TOTAL MONTH: 0.0 INCH 5 = HAIL
GRTST 24HR 0.0 6 = FREEZING RAIN OR DRIZZLE
GRTST DEPTH: 0 7 = DUSTSTORM OR SANDSTORM:
VSBY 1/2 MILE OR LESS
8 = SMOKE OR HAZE
[NO. OF DAYS WITH] [WEATHER - DAYS WITH] 9 = BLOWING SNOW
X = TORNADO
MAX 32 OR BELOW: 0 0.01 INCH OR MORE: 0
MAX 90 OR ABOVE: 12 0.10 INCH OR MORE: 0
MIN 32 OR BELOW: 0 0.50 INCH OR MORE: 0
MIN 0 OR BELOW: 0 1.00 INCH OR MORE: 0
[HDD (BASE 65) ]
TOTAL THIS MO. 48 CLEAR (SCALE 0-3) 31
DPTR FM NORMAL 3 PTCLDY (SCALE 4-7) 0
TOTAL FM JUL 1 48 CLOUDY (SCALE 8-10) 0
DPTR FM NORMAL 3
[CDD (BASE 65) ]
TOTAL THIS MO. 189
DPTR FM NORMAL 26 [PRESSURE DATA]
TOTAL FM JAN 1 3036 HIGHEST SLP M ON M
DPTR FM NORMAL -82 LOWEST SLP 29.51 ON 11
[REMARKS]
#FINAL-10-23#