000
CXUS51 KRNK 011926
CF6DAN
PRELIMINARY LOCAL CLIMATOLOGICAL DATA (WS FORM: F-6)
STATION: DANVILLE VA
MONTH: AUGUST
YEAR: 2020
LATITUDE: 36 34 N
LONGITUDE: 79 20 W
TEMPERATURE IN F: :PCPN: SNOW: WIND :SUNSHINE: SKY :PK WND
================================================================================
1 2 3 4 5 6A 6B 7 8 9 10 11 12 13 14 15 16 17 18
12Z AVG MX 2MIN
DY MAX MIN AVG DEP HDD CDD WTR SNW DPTH SPD SPD DIR MIN PSBL S-S WX SPD DR
================================================================================
1 91 73 82 4 0 17 T 0.0 0 2.6 10 220 M M 4 1 13 180
2 92 69 81 3 0 16 2.03 0.0 0 7.1 30 200 M M 2 13 48 220
3 84 69 77 -1 0 12 0.24 0.0 0 3.6 9 50 M M 7 13 18 100
4 88 68 78 0 0 13 0.27 0.0 0 7.3 24 250 M M 3 29 250
5 88 68 78 0 0 13 0.10 0.0 0 2.8 17 320 M M 4 13 21 290
6 88 69 79 1 0 14 0.15 0.0 0 1.8 16 150 M M 5 13 24 160
7 85 71 78 0 0 13 0.00 0.0 0 1.6 9 240 M M 5 12 12 240
8 90 72 81 3 0 16 0.66 0.0 0 1.8 12 230 M M 6 123 15 240
9 91 70 81 3 0 16 0.00 0.0 0 1.9 8 350 M M 3 12 11 200
10 92 68 80 2 0 15 0.00 0.0 0 2.6 10 340 M M 1 12 15 160
11 90 71 81 3 0 16 0.00 0.0 0 1.8 7 150 M M 3 1 11 190
12 89 72 81 3 0 16 0.09 0.0 0 2.2 9 350 M M 3 13 15 80
13 87 72 80 2 0 15 0.16 0.0 0 4.6 15 50 M M 6 1 18 40
14 85 73 79 1 0 14 0.12 0.0 0 3.8 12 40 M M 7 1 14 50
15 74 65 70 -7 0 5 0.76 0.0 0 7.5 15 50 M M 10 1 20 40
16 76 64 70 -7 0 5 0.07 0.0 0 5.1 10 360 M M 8 1 15 10
17 83 63 73 -4 0 8 0.08 0.0 0 2.9 9 220 M M 6 12 11 250
18 86 62 74 -3 0 9 0.00 0.0 0 2.3 8 340 M M 3 12 11 230
19 84 65 75 -2 0 10 0.00 0.0 0 3.8 9 40 M M 2 1 13 70
20 83 67 75 -2 0 10 0.00 0.0 0 3.7 12 40 M M 4 15 40
21 77 70 74 -3 0 9 0.93 0.0 0 2.3 13 340 M M 9 13 18 330
22 82 70 76 -1 0 11 0.00 0.0 0 1.3 6 230 M M 5 1 8 170
23 86 67 77 1 0 12 0.00 0.0 0 5.2 14 230 M M 3 1 16 230
24 86 70 78 2 0 13 T 0.0 0 5.3 13 260 M M 1 17 240
25 91 70 81 5 0 16 0.00 0.0 0 7.4 14 240 M M 2 19 250
26 91 67 79 3 0 14 0.00 0.0 0 3.2 8 320 M M 0 11 340
27 94 69 82 6 0 17 0.00 0.0 0 6.5 14 250 M M 0 1 16 220
28 92 73 83 7 0 18 0.02 0.0 0 5.0 16 240 M M 1 20 240
29 90 70 80 5 0 15 0.04 0.0 0 7.3 18 250 M M 3 26 220
30 86 66 76 1 0 11 0.00 0.0 0 3.8 10 350 M M 1 13 350
31 84 68 76 1 0 11 0.26 0.0 0 3.9 16 10 M M 8 13 19 10
================================================================================
SM 2685 2131 0 400 5.98 0.0 122.0 M 125
================================================================================
AV 86.6 68.7 3.9 FASTST M M 4 MAX(MPH)
MISC ----> 30 200 48 220
================================================================================
NOTES:
# LAST OF SEVERAL OCCURRENCES
COLUMN 17 PEAK WIND IN M.P.H.
PRELIMINARY LOCAL CLIMATOLOGICAL DATA (WS FORM: F-6) , PAGE 2
STATION: DANVILLE VA
MONTH: AUGUST
YEAR: 2020
LATITUDE: 36 34 N
LONGITUDE: 79 20 W
[TEMPERATURE DATA] [PRECIPITATION DATA] SYMBOLS USED IN COLUMN 16
AVERAGE MONTHLY: 77.7 TOTAL FOR MONTH: 5.98 1 = FOG OR MIST
DPTR FM NORMAL: 0.7 DPTR FM NORMAL: 2.01 2 = FOG REDUCING VISIBILITY
HIGHEST: 94 ON 27 GRTST 24HR 2.03 ON 2- 2 TO 1/4 MILE OR LESS
LOWEST: 62 ON 18 3 = THUNDER
SNOW, ICE PELLETS, HAIL 4 = ICE PELLETS
TOTAL MONTH: 0.0 INCH 5 = HAIL
GRTST 24HR 0.0 6 = FREEZING RAIN OR DRIZZLE
GRTST DEPTH: 0 7 = DUSTSTORM OR SANDSTORM:
VSBY 1/2 MILE OR LESS
8 = SMOKE OR HAZE
[NO. OF DAYS WITH] [WEATHER - DAYS WITH] 9 = BLOWING SNOW
X = TORNADO
MAX 32 OR BELOW: 0 0.01 INCH OR MORE: 16
MAX 90 OR ABOVE: 11 0.10 INCH OR MORE: 11
MIN 32 OR BELOW: 0 0.50 INCH OR MORE: 4
MIN 0 OR BELOW: 0 1.00 INCH OR MORE: 1
[HDD (BASE 65) ]
TOTAL THIS MO. 0 CLEAR (SCALE 0-3) 16
DPTR FM NORMAL 0 PTCLDY (SCALE 4-7) 11
TOTAL FM JUL 1 0 CLOUDY (SCALE 8-10) 4
DPTR FM NORMAL 0
[CDD (BASE 65) ]
TOTAL THIS MO. 400
DPTR FM NORMAL 26 [PRESSURE DATA]
TOTAL FM JAN 1 1331 HIGHEST SLP M ON M
DPTR FM NORMAL 104 LOWEST SLP 29.62 ON 29
[REMARKS]
#FINAL-08-20#