416
CXUS51 KILN 010539
CF6DAY
PRELIMINARY LOCAL CLIMATOLOGICAL DATA (WS FORM: F-6)
STATION: DAYTON OH
MONTH: AUGUST
YEAR: 2020
LATITUDE: 39 54 N
LONGITUDE: 84 12 W
TEMPERATURE IN F: :PCPN: SNOW: WIND :SUNSHINE: SKY :PK WND
================================================================================
1 2 3 4 5 6A 6B 7 8 9 10 11 12 13 14 15 16 17 18
12Z AVG MX 2MIN
DY MAX MIN AVG DEP HDD CDD WTR SNW DPTH SPD SPD DIR MIN PSBL S-S WX SPD DR
================================================================================
1 85 70 78 4 0 13 0.36 0.0 0 7.4 18 160 M M 9 138 21 160
2 81 66 74 0 0 9 1.12 0.0 0 12.0 23 230 M M 9 1 29 220
3 82 67 75 1 0 10 0.16 0.0 0 6.0 15 320 M M 8 138 24 350
4 78 61 70 -4 0 5 0.13 0.0 0 8.5 20 320 M M 7 12 22 310
5 76 55 66 -8 0 1 0.00 0.0 0 4.5 14 280 M M 4 18 270
6 79 58 69 -4 0 4 0.00 0.0 0 3.2 9 330 M M 6 12 40
7 81 57 69 -4 0 4 0.00 0.0 0 6.0 14 20 M M 3 16 30
8 83 58 71 -2 0 6 0.00 0.0 0 2.7 10 340 M M 2 1 12 280
9 87 63 75 2 0 10 0.00 0.0 0 5.0 12 260 M M 3 14 260
10 87 68 78 5 0 13 0.78 0.0 0 8.6 32 330 M M 5 13 42 330
11 85 66 76 3 0 11 T 0.0 0 6.6 21 180 M M 8 25 180
12 84 67 76 3 0 11 0.00 0.0 0 4.9 10 30 M M 6 1 12 350
13 88 64 76 3 0 11 0.00 0.0 0 4.5 12 20 M M 5 15 10
14 83 66 75 2 0 10 0.59 0.0 0 5.2 20 120 M M 8 13 24 120
15 88 65 77 4 0 12 T 0.0 0 6.5 17 120 M M 5 21 120
16 83 67 75 2 0 10 0.00 0.0 0 8.7 18 320 M M 5 12 24 320
17 84 61 73 0 0 8 0.00 0.0 0 8.4 20 270 M M 4 24 290
18 78 61 70 -3 0 5 0.38 0.0 0 6.3 14 20 M M 7 1 17 30
19 78 54 66 -7 0 1 0.00 0.0 0 6.5 13 20 M M 2 18 30
20 81 55 68 -4 0 3 0.00 0.0 0 3.6 10 50 M M 2 16 120
21 84 58 71 -1 0 6 0.00 0.0 0 2.6 9 40 M M 6 11 180
22 87 61 74 2 0 9 0.00 0.0 0 2.9 23 110 M M 5 27 110
23 87 66 77 5 0 12 0.00 0.0 0 5.0 10 190 M M 6 14 240
24 89 69 79 7 0 14 T 0.0 0 10.0 20 240 M M 3 25 240
25 91 73 82 10 0 17 0.00 0.0 0 8.9 20 300 M M 3 25 300
26 90 70 80 8 0 15 0.00 0.0 0 8.9 18 250 M M 2 1 24 250
27 87 73 80 8 0 15 T 0.0 0 11.8 25 250 M M 7 3 31 240
28 87 75 81 10 0 16 T 0.0 0 9.8 23 220 M M 8 3 28 210
29 85 63 74 3 0 9 0.06 0.0 0 10.5 21 290 M M 7 1 28 290
30 78 55 67 -4 0 2 0.00 0.0 0 6.1 12 30 M M 4 14 80
31 84 57 71 0 0 6 0.00 0.0 0 7.0 14 150 M M 5 17 150
================================================================================
SM 2600 1969 0 278 3.58 0.0 208.6 M 164
================================================================================
AV 83.9 63.5 6.7 FASTST M M 5 MAX(MPH)
MISC ----> 32 330 42 330
================================================================================
NOTES:
# LAST OF SEVERAL OCCURRENCES
COLUMN 17 PEAK WIND IN M.P.H.
PRELIMINARY LOCAL CLIMATOLOGICAL DATA (WS FORM: F-6) , PAGE 2
STATION: DAYTON OH
MONTH: AUGUST
YEAR: 2020
LATITUDE: 39 54 N
LONGITUDE: 84 12 W
[TEMPERATURE DATA] [PRECIPITATION DATA] SYMBOLS USED IN COLUMN 16
AVERAGE MONTHLY: 73.7 TOTAL FOR MONTH: 3.58 1 = FOG OR MIST
DPTR FM NORMAL: 1.0 DPTR FM NORMAL: 0.59 2 = FOG REDUCING VISIBILITY
HIGHEST: 91 ON 25 GRTST 24HR 1.48 ON 1- 2 TO 1/4 MILE OR LESS
LOWEST: 54 ON 19 3 = THUNDER
SNOW, ICE PELLETS, HAIL 4 = ICE PELLETS
TOTAL MONTH: 0.0 INCH 5 = HAIL
GRTST 24HR 0.0 6 = FREEZING RAIN OR DRIZZLE
GRTST DEPTH: 0 7 = DUSTSTORM OR SANDSTORM:
VSBY 1/2 MILE OR LESS
8 = SMOKE OR HAZE
[NO. OF DAYS WITH] [WEATHER - DAYS WITH] 9 = BLOWING SNOW
X = TORNADO
MAX 32 OR BELOW: 0 0.01 INCH OR MORE: 8
MAX 90 OR ABOVE: 2 0.10 INCH OR MORE: 7
MIN 32 OR BELOW: 0 0.50 INCH OR MORE: 3
MIN 0 OR BELOW: 0 1.00 INCH OR MORE: 1
[HDD (BASE 65) ]
TOTAL THIS MO. 0 CLEAR (SCALE 0-3) 7
DPTR FM NORMAL -2 PTCLDY (SCALE 4-7) 21
TOTAL FM JUL 1 0 CLOUDY (SCALE 8-10) 3
DPTR FM NORMAL -2
[CDD (BASE 65) ]
TOTAL THIS MO. 278
DPTR FM NORMAL 35 [PRESSURE DATA]
TOTAL FM JAN 1 1060 HIGHEST SLP 30.21 ON 8
DPTR FM NORMAL 278 LOWEST SLP 29.65 ON 29
[REMARKS]
#FINAL-08-20#