000
CXUS55 KDVN 011000
CF6DBQ
PRELIMINARY LOCAL CLIMATOLOGICAL DATA (WS FORM: F-6)
STATION: DUBUQUE IA
MONTH: MAY
YEAR: 2023
LATITUDE: 42 24 N
LONGITUDE: 90 42 W
TEMPERATURE IN F: :PCPN: SNOW: WIND :SUNSHINE: SKY :PK WND
================================================================================
1 2 3 4 5 6A 6B 7 8 9 10 11 12 13 14 15 16 17 18
12Z AVG MX 2MIN
DY MAX MIN AVG DEP HDD CDD WTR SNW DPTH SPD SPD DIR MIN PSBL S-S WX SPD DR
================================================================================
1 59 40 50 -3 15 0 T 0.0 0 19.5 31 330 M M 5 52 350
2 62 42 52 -2 13 0 0.00 0.0 0 17.9 29 340 M M 3 47 280
3 63 35 49 -5 16 0 0.00 0.0 0 8.5 21 340 M M 0 29 340
4 75 38 57 3 8 0 0.00 0.0 0 10.9 20 200 M M 0 28 200
5 74 48 61 6 4 0 0.21 0.0 0 11.9 22 200 M M 6 1 31 200
6 74 55 65 10 0 0 T 0.0 0 10.6 22 140 M M 8 1 28 150
7 82 58 70 14 0 5 0.14 0.0 0 5.8 23 140 M M 2 138 40 140
8 64 53 59 3 6 0 0.93 0.0 0 11.0 18 30 M M 8 13 26 40
9 70 52 61 5 4 0 0.00 0.0 0 5.2 13 110 M M 4 1 16 130
10 76 51 64 7 1 0 0.00 0.0 0 9.2 16 170 M M 0 24 170
11 80 54 67 10 0 2 T 0.0 0 8.9 18 170 M M 3 23 170
12 76 63 70 13 0 5 T 0.0 0 9.1 17 110 M M 9 18 23 140
13 75 59 67 9 0 2 0.00 0.0 0 12.9 21 90 M M 6 1 28 60
14 63 50 57 -1 8 0 0.75 0.0 0 14.2 30 70 M M 10 1 42 70
15 70 47 59 1 6 0 0.00 0.0 0 6.4 14 40 M M 3 19 40
16 79 50 65 6 0 0 0.00 0.0 0 8.3 18 300 M M 0 24 340
17 65 46 56 -3 9 0 0.00 0.0 0 9.2 15 70 M M 0 22 70
18 77 46 62 2 3 0 0.04 0.0 0 10.7 20 180 M M 1 18 28 170
19 63 46 55 -5 10 0 0.12 0.0 0 11.0 21 340 M M 3 18 28 350
20 71 44 58 -2 7 0 0.00 0.0 0 5.8 15 40 M M 0 24 30
21 76 44 60 -1 5 0 0.00 0.0 0 3.0 14 190 M M 0 8 17 200
22 78 51 65 4 0 0 0.00 0.0 0 5.0 17 200 M M 0 24 200
23 81 53 67 5 0 2 0.00 0.0 0 3.7 13 200 M M 0 17 220
24 77 54 66 4 0 1 0.00 0.0 0 10.1 20 80 M M 0 30 60
25 70 46 58 -4 7 0 0.00 0.0 0 10.2 18 90 M M 1 24 80
26 74 42 58 -4 7 0 0.00 0.0 0 8.3 15 90 M M 0 25 90
27 77 46 62 -1 3 0 0.00 0.0 0 6.5 14 110 M M 0 20 150
28 78 50 64 1 1 0 0.00 0.0 0 4.7 12 110 M M 0 17 110
29 83 60 72 8 0 7 0.00 0.0 0 5.8 13 90 M M 0 18 90
30 87 58 73 9 0 8 0.00 0.0 0 5.6 17 180 M M 0 24 160
31 88 62 75 11 0 10 0.00 0.0 0 8.3 22 210 M M 1 29 190
================================================================================
SM 2287 1543 133 42 2.19 0.0 278.2 M 73
================================================================================
AV 73.8 49.8 9.0 FASTST M M 2 MAX(MPH)
MISC ----> 31 330 52 350
================================================================================
NOTES:
# LAST OF SEVERAL OCCURRENCES
COLUMN 17 PEAK WIND IN M.P.H.
PRELIMINARY LOCAL CLIMATOLOGICAL DATA (WS FORM: F-6) , PAGE 2
STATION: DUBUQUE IA
MONTH: MAY
YEAR: 2023
LATITUDE: 42 24 N
LONGITUDE: 90 42 W
[TEMPERATURE DATA] [PRECIPITATION DATA] SYMBOLS USED IN COLUMN 16
AVERAGE MONTHLY: 61.8 TOTAL FOR MONTH: 2.19 1 = FOG OR MIST
DPTR FM NORMAL: 3.0 DPTR FM NORMAL: -2.11 2 = FOG REDUCING VISIBILITY
HIGHEST: 88 ON 31 GRTST 24HR 1.07 ON 7- 8 TO 1/4 MILE OR LESS
LOWEST: 35 ON 3 3 = THUNDER
SNOW, ICE PELLETS, HAIL 4 = ICE PELLETS
TOTAL MONTH: 0.0 INCH 5 = HAIL
GRTST 24HR 0.0 6 = FREEZING RAIN OR DRIZZLE
GRTST DEPTH: 0 7 = DUSTSTORM OR SANDSTORM:
VSBY 1/2 MILE OR LESS
8 = SMOKE OR HAZE
[NO. OF DAYS WITH] [WEATHER - DAYS WITH] 9 = BLOWING SNOW
X = TORNADO
MAX 32 OR BELOW: 0 0.01 INCH OR MORE: 6
MAX 90 OR ABOVE: 0 0.10 INCH OR MORE: 5
MIN 32 OR BELOW: 0 0.50 INCH OR MORE: 2
MIN 0 OR BELOW: 0 1.00 INCH OR MORE: 0
[HDD (BASE 65) ]
TOTAL THIS MO. 133 CLEAR (SCALE 0-3) 22
DPTR FM NORMAL -96 PTCLDY (SCALE 4-7) 6
TOTAL FM JUL 1 6522 CLOUDY (SCALE 8-10) 3
DPTR FM NORMAL -524
[CDD (BASE 65) ]
TOTAL THIS MO. 42
DPTR FM NORMAL 4 [PRESSURE DATA]
TOTAL FM JAN 1 47 HIGHEST SLP 30.42 ON 15
DPTR FM NORMAL 6 LOWEST SLP 29.54 ON 1
[REMARKS]
#FINAL-05-23#