000
CXUS54 KHUN 031852
CF6DCU
PRELIMINARY LOCAL CLIMATOLOGICAL DATA (WS FORM: F-6)
STATION: DECATUR
MONTH: OCTOBER
YEAR: 2022
LATITUDE: 34 39 N
LONGITUDE: 86 56 W
TEMPERATURE IN F: :PCPN: SNOW: WIND :SUNSHINE: SKY :PK WND
================================================================================
1 2 3 4 5 6A 6B 7 8 9 10 11 12 13 14 15 16 17 18
12Z AVG MX 2MIN
DY MAX MIN AVG DEP HDD CDD WTR SNW DPTH SPD SPD DIR MIN PSBL S-S WX SPD DR
================================================================================
1 79 42 61 -7 4 0 0.00 0.0 0 6.2 16 330 M M 0 23 340
2 80 47 64 -4 1 0 0.00 0.0 0 7.4 21 360 M M 0 29 350
3 76 50 63 -4 2 0 0.00 0.0 0 5.9 16 10 M M 0 23 50
4 76 45 61 -6 4 0 0.00 0.0 0 3.4 12 250 M M 0 1 17 260
5 80 42 61 -6 4 0 0.00 0.0 0 2.1 14 20 M M 0 20 350
6 81 M M M M M 0.00 0.0 0 1.3 8 300 M M 0 1 13 290
7 82 46 64 -2 1 0 0.00 0.0 0 5.1 16 20 M M 1 18 24 20
8 69 40 55 -10 10 0 0.00 0.0 0 6.8 18 350 M M 0 24 350
9 70 36 53 -12 12 0 0.00 0.0 0 4.4 14 230 M M 0 18 360
10 76 37 57 -7 8 0 0.00 0.0 0 2.8 14 10 M M 0 19 20
11 80 37 59 -5 6 0 0.00 0.0 0 4.7 13 140 M M 0 24 130
12 73 61 67 3 0 2 1.67 0.0 0 7.3 20 130 M M 7 13 27 160
13 71 45 58 -5 7 0 T 0.0 0 7.5 18 280 M M 4 13 25 320
14 76 41 59 -4 6 0 0.00 0.0 0 5.2 16 220 M M 0 23 240
15 82 50 66 4 0 1 T 0.0 0 6.4 22 220 M M 0 32 210
16 74 51 63 1 2 0 0.16 0.0 0 4.0 16 180 M M 3 1 22 290
17 66 42 54 -8 11 0 0.00 0.0 0 9.1 20 280 M M 2 1 29 280
18 54 32 43 -18 22 0 0.00 0.0 0 9.2 20 320 M M 1 28 320
19 58 31 45 -16 20 0 0.00 0.0 0 5.7 15 250 M M 0 20 240
20 63 28 46 -14 19 0 0.00 0.0 0 2.8 13 280 M M 0 8 20 240
21 76 32 54 -6 11 0 0.00 0.0 0 5.7 14 160 M M 0 24 140
22 77 48 63 3 2 0 0.00 0.0 0 5.7 15 170 M M 0 20 190
23 77 47 62 3 3 0 0.00 0.0 0 5.3 13 190 M M 0 18 19 140
24 80 42 61 2 4 0 0.00 0.0 0 7.4 15 170 M M 0 21 170
25 76 55 66 8 0 1 0.19 0.0 0 12.9 32 150 M M 6 13 43 150
26 59 41 50 -8 15 0 0.00 0.0 0 7.5 22 270 M M 6 30 280
27 70 36 53 -4 12 0 0.00 0.0 0 4.0 12 20 M M 0 16 50
28 73 45 59 2 6 0 0.00 0.0 0 5.2 14 110 M M 1 8 19 120
29 74 50 62 5 3 0 0.27 0.0 0 8.6 15 90 M M 2 1 24 120
30 64 59 62 6 3 0 0.28 0.0 0 10.9 18 150 M M 10 1 26 140
31 67 53 60 4 5 0 0.00 0.0 0 4.8 12 250 M M 9 1 17 240
================================================================================
SM 2259 1311 203 4 2.57 0.0 185.3 M 52
================================================================================
AV 72.9 43.7 6.0 FASTST M M 2 MAX(MPH)
MISC ----> 32 150 43 150
================================================================================
NOTES:
# LAST OF SEVERAL OCCURRENCES
COLUMN 17 PEAK WIND IN M.P.H.
PRELIMINARY LOCAL CLIMATOLOGICAL DATA (WS FORM: F-6) , PAGE 2
STATION: DECATUR
MONTH: OCTOBER
YEAR: 2022
LATITUDE: 34 39 N
LONGITUDE: 86 56 W
[TEMPERATURE DATA] [PRECIPITATION DATA] SYMBOLS USED IN COLUMN 16
AVERAGE MONTHLY: 58.3 TOTAL FOR MONTH: 2.57 1 = FOG OR MIST
DPTR FM NORMAL: -3.7 DPTR FM NORMAL: -0.66 2 = FOG REDUCING VISIBILITY
HIGHEST: 82 ON 15, 7 GRTST 24HR 1.67 ON 12-12 TO 1/4 MILE OR LESS
LOWEST: 28 ON 20 3 = THUNDER
SNOW, ICE PELLETS, HAIL 4 = ICE PELLETS
TOTAL MONTH: 0.0 INCH 5 = HAIL
GRTST 24HR 0.0 6 = FREEZING RAIN OR DRIZZLE
GRTST DEPTH: 0 7 = DUSTSTORM OR SANDSTORM:
VSBY 1/2 MILE OR LESS
8 = SMOKE OR HAZE
[NO. OF DAYS WITH] [WEATHER - DAYS WITH] 9 = BLOWING SNOW
X = TORNADO
MAX 32 OR BELOW: 0 0.01 INCH OR MORE: 5
MAX 90 OR ABOVE: 0 0.10 INCH OR MORE: 5
MIN 32 OR BELOW: 4 0.50 INCH OR MORE: 1
MIN 0 OR BELOW: 0 1.00 INCH OR MORE: 1
[HDD (BASE 65) ]
TOTAL THIS MO. 203 CLEAR (SCALE 0-3) 25
DPTR FM NORMAL 47 PTCLDY (SCALE 4-7) 4
TOTAL FM JUL 1 222 CLOUDY (SCALE 8-10) 2
DPTR FM NORMAL 51
[CDD (BASE 65) ]
TOTAL THIS MO. 4
DPTR FM NORMAL -59 [PRESSURE DATA]
TOTAL FM JAN 1 1902 HIGHEST SLP 30.36 ON 8
DPTR FM NORMAL 81 LOWEST SLP 29.63 ON 25
[REMARKS] MAXIMUM TEMPERATURE AND PRECIPITATION DATA FOR OCTOBER 6TH
WERE TAKEN FROM THE BELLE MINA COOPERATIVE OBSERVER (GHCND:
USC00010655, BLMA1)...WHICH IS LOCATED APPROXIMATELY 4.1 MILES
NORTHEAST OF THE DECATUR ASOS (KDCU).
#FINAL-10-22#