000
CXUS53 KDDC 011315
CF6DDC
PRELIMINARY LOCAL CLIMATOLOGICAL DATA (WS FORM: F-6)
STATION: DODGE CITY KS
MONTH: MAY
YEAR: 2023
LATITUDE: 37 46 N
LONGITUDE: 99 58 W
TEMPERATURE IN F: :PCPN: SNOW: WIND :SUNSHINE: SKY :PK WND
================================================================================
1 2 3 4 5 6A 6B 7 8 9 10 11 12 13 14 15 16 17 18
12Z AVG MX 2MIN
DY MAX MIN AVG DEP HDD CDD WTR SNW DPTH SPD SPD DIR MIN PSBL S-S WX SPD DR
================================================================================
1 70 37 54 -5 11 0 0.00 0.0 0 4.9 14 150 M M 0 19 140
2 72 41 57 -2 8 0 0.00 0.0 0 8.2 18 80 M M 0 22 80
3 75 48 62 2 3 0 0.00 0.0 0 14.8 23 150 M M 0 37 190
4 82 55 69 9 0 4 0.00 0.0 0 15.8 25 170 M M 0 1 34 160
5 86 54 70 10 0 5 0.00 0.0 0 11.2 18 140 M M 3 128 25 200
6 88 51 70 9 0 5 0.00 0.0 0 11.4 21 170 M M 0 18 27 300
7 91 54 73 12 0 8 0.00 0.0 0 14.3 29 200 M M 0 43 200
8 88 51 70 8 0 5 0.00 0.0 0 13.4 23 40 M M 0 1 31 40
9 94 59 77 15 0 12 0.00 0.0 0 19.0 40 90 M M 0 8 57 90
10 89 63 76 14 0 11 0.00 0.0 0 23.2 32 140 M M 3 18 46 170
11 82 60 71 8 0 6 0.02 0.0 0 18.4 31 140 M M 3 138 44 130
12 80 51 66 3 0 1 0.00 0.0 0 14.3 26 270 M M 0 8 36 270
13 74 55 65 1 0 0 0.02 0.0 0 10.0 21 340 M M 4 30 350
14 64 58 61 -3 4 0 0.36 0.0 0 13.3 21 10 M M 10 1 26 360
15 64 54 59 -5 6 0 0.00 0.0 0 14.1 22 360 M M 10 1 31 360
16 80 47 64 -1 1 0 0.00 0.0 0 6.8 15 350 M M 2 18 20 360
17 81 53 67 2 0 2 0.00 0.0 0 8.0 17 130 M M 1 18 21 140
18 82 56 69 3 0 4 T 0.0 0 8.7 22 190 M M 3 13 29 190
19 65 49 57 -9 8 0 1.45 0.0 0 16.0 33 30 M M 5 138 43 40
20 72 44 58 -8 7 0 0.00 0.0 0 4.7 9 150 M M 0 18 12 150
21 76 52 64 -3 1 0 T 0.0 0 14.2 23 150 M M 2 138 36 140
22 73 58 66 -1 0 1 0.01 0.0 0 11.8 23 150 M M 7 138 30 160
23 76 57 67 -1 0 2 0.04 0.0 0 11.1 20 150 M M 7 18 25 130
24 76 59 68 0 0 3 0.01 0.0 0 10.9 16 130 M M 6 18 24 140
25 76 59 68 0 0 3 0.00 0.0 0 13.7 24 150 M M 4 18 34 170
26 79 61 70 1 0 5 T 0.0 0 13.8 23 140 M M 5 18 30 180
27 76 59 68 -1 0 3 0.00 0.0 0 16.3 28 150 M M 2 18 35 170
28 82 59 71 1 0 6 T 0.0 0 17.3 29 170 M M 1 138 37 180
29 85 60 73 3 0 8 0.00 0.0 0 9.6 16 160 M M 1 18 21 140
30 88 60 74 4 0 9 0.17 0.0 0 12.7 38 350 M M 1 138 55 350
31 85 60 73 2 0 8 0.15 0.0 0 8.0 26 240 M M 2 138 35 240
================================================================================
SM 2451 1684 49 111 2.23 0.0 389.9 M 82
================================================================================
AV 79.1 54.3 12.6 FASTST M M 3 MAX(MPH)
MISC ----> 40 90 57 90
================================================================================
NOTES:
# LAST OF SEVERAL OCCURRENCES
COLUMN 17 PEAK WIND IN M.P.H.
PRELIMINARY LOCAL CLIMATOLOGICAL DATA (WS FORM: F-6) , PAGE 2
STATION: DODGE CITY KS
MONTH: MAY
YEAR: 2023
LATITUDE: 37 46 N
LONGITUDE: 99 58 W
[TEMPERATURE DATA] [PRECIPITATION DATA] SYMBOLS USED IN COLUMN 16
AVERAGE MONTHLY: 66.7 TOTAL FOR MONTH: 2.23 1 = FOG OR MIST
DPTR FM NORMAL: 1.9 DPTR FM NORMAL: -0.76 2 = FOG REDUCING VISIBILITY
HIGHEST: 94 ON 9 GRTST 24HR 1.45 ON 19-19 TO 1/4 MILE OR LESS
LOWEST: 37 ON 1 3 = THUNDER
SNOW, ICE PELLETS, HAIL 4 = ICE PELLETS
TOTAL MONTH: 0.0 INCH 5 = HAIL
GRTST 24HR 0.0 6 = FREEZING RAIN OR DRIZZLE
GRTST DEPTH: 0 7 = DUSTSTORM OR SANDSTORM:
VSBY 1/2 MILE OR LESS
8 = SMOKE OR HAZE
[NO. OF DAYS WITH] [WEATHER - DAYS WITH] 9 = BLOWING SNOW
X = TORNADO
MAX 32 OR BELOW: 0 0.01 INCH OR MORE: 9
MAX 90 OR ABOVE: 2 0.10 INCH OR MORE: 4
MIN 32 OR BELOW: 0 0.50 INCH OR MORE: 1
MIN 0 OR BELOW: 0 1.00 INCH OR MORE: 1
[HDD (BASE 65) ]
TOTAL THIS MO. 49 CLEAR (SCALE 0-3) 20
DPTR FM NORMAL -67 PTCLDY (SCALE 4-7) 9
TOTAL FM JUL 1 4737 CLOUDY (SCALE 8-10) 2
DPTR FM NORMAL -68
[CDD (BASE 65) ]
TOTAL THIS MO. 111
DPTR FM NORMAL 3 [PRESSURE DATA]
TOTAL FM JAN 1 135 HIGHEST SLP 30.32 ON 15
DPTR FM NORMAL 7 LOWEST SLP 29.57 ON 11
[REMARKS]
#FINAL-05-23#