000
CXUS53 KDDC 011348
CLSDDC
CLIMATE REPORT
NATIONAL WEATHER SERVICE DODGE CITY, KANSAS
848 AM CDT THU JUN 01 2023
...................................
...THE DODGE CITY KS CLIMATE SUMMARY FOR THE SEASON, FROM
3/1/2023 TO 5/31/2023...
CLIMATE NORMAL PERIOD 1991 TO 2020
CLIMATE RECORD PERIOD 1875 TO 2023
WEATHER OBSERVED NORMAL DEPART LAST YEAR`S
VALUE DATE(S) VALUE FROM VALUE DATE(S)
NORMAL
................................................................
TEMPERATURE (F)
RECORD
HIGH 106 05/29/2011
LOW -15 03/11/1948
HIGHEST 94 05/09 MM MM 100 05/29
LOWEST 8 03/19 MM MM 8 03/12
AVG. MAXIMUM 68.9 68.8 0.1 70.3
AVG. MINIMUM 40.7 40.9 -0.2 39.3
MEAN 54.8 54.8 0.0 54.8
DAYS MAX >= 90 3 5.3 -2.3 13
DAYS MAX <= 32 0 1.4 -1.4 1
DAYS MIN <= 32 27 23.5 3.5 30
DAYS MIN <= 0 0 0.2 -0.2 0
PRECIPITATION (INCHES)
RECORD
MAXIMUM 15.62 1881
MINIMUM 1.35 1893
TOTALS 4.24 6.33 -2.09 2.69
DAYS >= .01 17 21.3 -4.3 16
DAYS >= .10 8 12.0 -4.0 8
DAYS >= .50 2 4.1 -2.1 0
DAYS >= 1.00 2 1.5 0.5 0
GREATEST
24 HR. TOTAL 1.45 05/19 TO 05/19 0.56
SNOWFALL (INCHES)
RECORDS
TOTAL T 2020
24 HR TOTAL T 04/17/2020 TO 04/17/2020
04/12/2020 TO 04/12/2020
03/19/2020 TO 03/19/2020
SNOW DEPTH 13 03/28/2009
TOTALS 0.1R 4.5 -4.4 3.5
SINCE 7/1 12.1 19.1 -7.0 20.0
SNOWDEPTH AVG. 0 0
DAYS >= TRACE 1 2.5 -1.5 10
DAYS >= 1.0 0 1.2 -1.2 2
GREATEST
SNOW DEPTH 0 05/31 1 03/10
03/22
24 HR TOTAL 0.1 03/16 TO 03/16 1.5
DEGREE DAYS
HEATING TOTAL 1048 1063 -15 1116
SINCE 7/1 4737 4805 -68 4532
COOLING TOTAL 135 128 7 194
SINCE 1/1 135 128 7 194
................................................................
WIND (MPH)
AVERAGE WIND SPEED 13.9
RESULTANT WIND SPEED/DIRECTION 2/150
HIGHEST WIND SPEED/DIRECTION 47/350 DATE 03/16
HIGHEST GUST SPEED/DIRECTION 63/350 DATE 03/16
SKY COVER
POSSIBLE SUNSHINE (PERCENT) MM
AVERAGE SKY COVER 0.25
NUMBER OF DAYS FAIR 63
NUMBER OF DAYS PC 22
NUMBER OF DAYS CLOUDY 7
AVERAGE RH (PERCENT) 56
WEATHER CONDITIONS. NUMBER OF DAYS WITH
THUNDERSTORM 11 MIXED PRECIP 0
HEAVY RAIN 3 RAIN 8
LIGHT RAIN 23 FREEZING RAIN 0
LT FREEZING RAIN 0 HAIL 0
HEAVY SNOW 0 SNOW 0
LIGHT SNOW 1 SLEET 0
FOG 42 FOG W/VIS <= 1/4 MILE 4
HAZE 48
- INDICATES NEGATIVE NUMBERS.
R INDICATES RECORD WAS SET OR TIED.
MM INDICATES DATA IS MISSING.
T INDICATES TRACE AMOUNT.
$$