000
CXUS55 KALY 010710
CF6DDH
PRELIMINARY LOCAL CLIMATOLOGICAL DATA (WS FORM: F-6)
STATION: BENNINGTON VT
MONTH: APRIL
YEAR: 2023
LATITUDE: 42 53 N
LONGITUDE: 73 15 W
TEMPERATURE IN F: :PCPN: SNOW: WIND :SUNSHINE: SKY :PK WND
================================================================================
1 2 3 4 5 6A 6B 7 8 9 10 11 12 13 14 15 16 17 18
12Z AVG MX 2MIN
DY MAX MIN AVG DEP HDD CDD WTR SNW DPTH SPD SPD DIR MIN PSBL S-S WX SPD DR
================================================================================
1 69 43 56 17 9 0 M M M 7.2 20 260 M M 8 3 33 270
2 46 24 35 -5 30 0 M M M 8.8 21 350 M M 3 31 350
3 58 22 40 0 25 0 0.00 M M 8.1 24 190 M M 3 36 210
4 53 43 48 7 17 0 T M M 4.2 12 10 M M 9 17 360
5 53 45 49 8 16 0 M M M 8.3 21 130 M M 10 28 120
6 65 47 56 14 9 0 0.04 M M 5.1 15 280 M M 8 8 20 270
7 47 32 40 -2 25 0 0.00 M M 9.2 24 280 M M 1 38 270
8 48 24 36 -6 29 0 0.00 M M 3.7 14 270 M M 0 21 360
9 53 22 38 -5 27 0 0.00 M M 1.9 12 270 M M 1 20 270
10 63 25 44 1 21 0 0.00 M M 2.0 10 270 M M 0 8 14 280
11 70 32 51 7 14 0 T M M 7.1 23 260 M M 2 8 35 270
12 75 51 63 19 2 0 T M M 8.6 21 350 M M 1 29 310
13 85 50 68 24 0 3 0.00 M M 5.6 18 280 M M 0 27 280
14 87 51 69 24 0 4 0.00 M M 3.2 13 100 M M 0 20 110
15 83 62 73 28 0 8 0.00 M M 7.9 20 130 M M 1 25 170
16 76 56 66 20 0 1 T M M 8.7 21 140 M M 5 26 140
17 62 45 54 8 11 0 0.04 M M 4.8 17 140 M M 10 1 24 150
18 48 38 43 -4 22 0 0.03 M M 5.8 14 270 M M 10 1 19 280
19 45 33 39 -8 26 0 0.00 M M 6.3 20 280 M M 8 27 280
20 61 35 48 0 17 0 0.00 M M 2.8 12 270 M M 3 15 280
21 78 43 61 13 4 0 0.00 M M 8.0 18 130 M M 2 26 150
22 62 50 56 8 9 0 T M M 16.8 32 140 M M 2 1 40 140
23 51 41 46 -3 19 0 M M M 6.7 21 120 M M 10 1 32 100
24 51 33 42 -7 23 0 M M M 2.0 9 250 M M 9 18 13 230
25 53 30 42 -8 23 0 M M M 2.8 13 280 M M 5 12 16 330
26 58 27 43 -7 22 0 0.05 M M 3.1 16 270 M M 5 1 21 130
27 59 37 48 -2 17 0 0.00 M M 2.1 10 310 M M 5 12 14 320
28 65 33 49 -2 16 0 0.00 M M 7.3 18 140 M M 0 24 120
29 56 44 50 -1 15 0 M M M 11.9 23 140 M M 10 35 130
30 55 49 52 1 13 0 M M M 12.9 28 120 M M 8 40 100
================================================================================
SM 1835 1167 461 16 0.16 M 192.9 M 139
================================================================================
AV 61.2 38.9 6.4 FASTST M M 5 MAX(MPH)
MISC ----> 32 140 # 40 140
================================================================================
NOTES:
# LAST OF SEVERAL OCCURRENCES
COLUMN 17 PEAK WIND IN M.P.H.
PRELIMINARY LOCAL CLIMATOLOGICAL DATA (WS FORM: F-6) , PAGE 2
STATION: BENNINGTON VT
MONTH: APRIL
YEAR: 2023
LATITUDE: 42 53 N
LONGITUDE: 73 15 W
[TEMPERATURE DATA] [PRECIPITATION DATA] SYMBOLS USED IN COLUMN 16
AVERAGE MONTHLY: 50.0 TOTAL FOR MONTH: 0.16 1 = FOG OR MIST
DPTR FM NORMAL: 4.5 DPTR FM NORMAL: -2.33 2 = FOG REDUCING VISIBILITY
HIGHEST: 87 ON 14 GRTST 24HR 0.20 ON 1- 2 TO 1/4 MILE OR LESS
LOWEST: 22 ON 9, 3 3 = THUNDER
SNOW, ICE PELLETS, HAIL 4 = ICE PELLETS
TOTAL MONTH: M 5 = HAIL
GRTST 24HR M ON M 6 = FREEZING RAIN OR DRIZZLE
GRTST DEPTH: M ON M 7 = DUSTSTORM OR SANDSTORM:
VSBY 1/2 MILE OR LESS
8 = SMOKE OR HAZE
[NO. OF DAYS WITH] [WEATHER - DAYS WITH] 9 = BLOWING SNOW
X = TORNADO
MAX 32 OR BELOW: 0 0.01 INCH OR MORE: 4
MAX 90 OR ABOVE: 0 0.10 INCH OR MORE: 0
MIN 32 OR BELOW: 9 0.50 INCH OR MORE: 0
MIN 0 OR BELOW: 0 1.00 INCH OR MORE: 0
[HDD (BASE 65) ]
TOTAL THIS MO. 461 CLEAR (SCALE 0-3) 14
DPTR FM NORMAL -126 PTCLDY (SCALE 4-7) 7
TOTAL FM JUL 1 5774 CLOUDY (SCALE 8-10) 9
DPTR FM NORMAL -872
[CDD (BASE 65) ]
TOTAL THIS MO. 16
DPTR FM NORMAL 14 [PRESSURE DATA]
TOTAL FM JAN 1 16 HIGHEST SLP M ON M
DPTR FM NORMAL 14 LOWEST SLP 29.06 ON 30
[REMARKS]
#FINAL-04-23#