000
CXUS53 KIWX 010810
CF6DFI
PRELIMINARY LOCAL CLIMATOLOGICAL DATA (WS FORM: F-6)
STATION: DEFIANCE MEMORIAL
MONTH: OCTOBER
YEAR: 2022
LATITUDE: 41 20 N
LONGITUDE: 84 26 W
TEMPERATURE IN F: :PCPN: SNOW: WIND :SUNSHINE: SKY :PK WND
================================================================================
1 2 3 4 5 6A 6B 7 8 9 10 11 12 13 14 15 16 17 18
12Z AVG MX 2MIN
DY MAX MIN AVG DEP HDD CDD WTR SNW DPTH SPD SPD DIR MIN PSBL S-S WX SPD DR
================================================================================
1 73 46 60 2 5 0 0.00 M M 9.1 20 30 M M 0 28 30
2 69 45 57 -1 8 0 0.00 M M 9.9 20 30 M M 1 32 10
3 69 40 55 -2 10 0 0.00 M M 4.5 14 80 M M 0 19 80
4 74 35 55 -2 10 0 0.00 M M 2.2 12 350 M M 0 1 14 350
5 77 40 59 3 6 0 0.00 M M 1.9 9 320 M M 0 15 10
6 76 47 62 6 3 0 T M M 4.9 23 360 M M 4 33 10
7 56 35 46 -10 19 0 0.01 M M 7.9 17 330 M M 8 1 23 360
8 57 30 44 -11 21 0 0.00 M M 5.8 16 230 M M 3 28 240
9 67 36 52 -3 13 0 0.00 M M 6.1 17 220 M M 1 31 260
10 73 37 55 0 10 0 0.00 M M 2.6 13 210 M M 1 19 230
11 75 46 61 7 4 0 T M M 7.0 21 200 M M 6 29 190
12 74 50 62 8 3 0 T M M 9.8 23 200 M M 8 1 33 230
13 58 36 47 -6 18 0 0.01 0.0 0 7.8 22 230 M M 4 1 34 220
14 60 34 47 -6 18 0 T 0.0 0 8.8 23 220 M M 3 37 220
15 54 37 46 -7 19 0 M M M 7.2 20 210 M M 4 27 200
16 64 37 51 -1 14 0 0.00 0.0 0 6.9 20 320 M M 4 27 290
17 48 37 43 -9 22 0 T M M 10.1 22 250 M M 10 39 260
18 45 36 41 -11 24 0 0.01 M M 11.4 25 310 M M 9 37 290
19 51 31 41 -10 24 0 T M M 9.6 23 300 M M 6 37 310
20 54 33 44 -7 21 0 0.00 M M 7.6 15 230 M M 5 24 240
21 73 40 57 7 8 0 0.00 M M 11.5 23 210 M M 0 36 200
22 78 48 63 13 2 0 0.00 M M 10.0 20 200 M M 0 28 200
23 77 57 67 17 0 2 0.00 M M 8.1 22 170 M M 0 30 170
24 78 48 63 14 2 0 0.00 M M 6.9 17 170 M M 0 27 180
25 77 55 66 17 0 1 0.33 M M 7.7 17 170 M M 3 1 30 170
26 61 44 53 5 12 0 0.14 M M 11.1 25 310 M M 9 1 35 310
27 56 35 46 -2 19 0 0.00 M M 5.4 13 90 M M 2 18 50
28 63 35 49 1 16 0 0.00 M M 4.6 12 90 M M 0 1 17 70
29 65 31 48 1 17 0 0.00 M M 2.7 9 100 M M 3 12 12 160
30 62 34 48 1 17 0 0.09 M M 2.6 10 90 M M 4 12 13 100
31 66 56 61 14 4 0 0.19 M M 6.6 16 200 M M 10 1 22 190
================================================================================
SM 2030 1251 369 3 0.78 0.0 218.3 M 108
================================================================================
AV 65.5 40.4 7.0 FASTST M M 3 MAX(MPH)
MISC ----> # 25 310 39 260
================================================================================
NOTES:
# LAST OF SEVERAL OCCURRENCES
COLUMN 17 PEAK WIND IN M.P.H.
PRELIMINARY LOCAL CLIMATOLOGICAL DATA (WS FORM: F-6) , PAGE 2
STATION: DEFIANCE MEMORIAL
MONTH: OCTOBER
YEAR: 2022
LATITUDE: 41 20 N
LONGITUDE: 84 26 W
[TEMPERATURE DATA] [PRECIPITATION DATA] SYMBOLS USED IN COLUMN 16
AVERAGE MONTHLY: 52.9 TOTAL FOR MONTH: 0.78 1 = FOG OR MIST
DPTR FM NORMAL: 0.6 DPTR FM NORMAL: -1.54 2 = FOG REDUCING VISIBILITY
HIGHEST: 78 ON 24,22 GRTST 24HR 0.47 ON 25-26 TO 1/4 MILE OR LESS
LOWEST: 30 ON 8 3 = THUNDER
SNOW, ICE PELLETS, HAIL 4 = ICE PELLETS
TOTAL MONTH: 0.0 INCH 5 = HAIL
GRTST 24HR 0.0 6 = FREEZING RAIN OR DRIZZLE
GRTST DEPTH: 0 7 = DUSTSTORM OR SANDSTORM:
VSBY 1/2 MILE OR LESS
8 = SMOKE OR HAZE
[NO. OF DAYS WITH] [WEATHER - DAYS WITH] 9 = BLOWING SNOW
X = TORNADO
MAX 32 OR BELOW: 0 0.01 INCH OR MORE: 7
MAX 90 OR ABOVE: 0 0.10 INCH OR MORE: 3
MIN 32 OR BELOW: 3 0.50 INCH OR MORE: 0
MIN 0 OR BELOW: 0 1.00 INCH OR MORE: 0
[HDD (BASE 65) ]
TOTAL THIS MO. 369 CLEAR (SCALE 0-3) 16
DPTR FM NORMAL -35 PTCLDY (SCALE 4-7) 10
TOTAL FM JUL 1 468 CLOUDY (SCALE 8-10) 5
DPTR FM NORMAL -60
[CDD (BASE 65) ]
TOTAL THIS MO. 3
DPTR FM NORMAL -8 [PRESSURE DATA]
TOTAL FM JAN 1 955 HIGHEST SLP 30.46 ON 28
DPTR FM NORMAL 208 LOWEST SLP 29.58 ON 26
[REMARKS]
#FINAL-10-22#