000
CXUS54 KFWD 010849
CLMDFW
CLIMATE REPORT
NATIONAL WEATHER SERVICE FORT WORTH TX
249 AM CST FRI DEC 01 2023
...................................
...THE DALLAS/FORT WORTH CLIMATE SUMMARY FOR THE MONTH OF NOVEMBER 2023...
CLIMATE NORMAL PERIOD 1991 TO 2020
CLIMATE RECORD PERIOD 1898 TO 2023
WEATHER OBSERVED NORMAL DEPART LAST YEAR`S
VALUE DATE(S) VALUE FROM VALUE DATE(S)
NORMAL
................................................................
TEMPERATURE (F)
RECORD
HIGH 94 11/05/2017
11/02/2017
06/15/2215507
LOW 19 11/11/1950
HIGHEST 86 11/08 83 3 83 11/09
LOWEST 32 11/27 29 3 30 11/20
AVG. MAXIMUM 67.3 66.6 0.7 63.7
AVG. MINIMUM 48.2 46.2 2.0 46.2
MEAN 57.8 56.4 1.4 55.0
DAYS MAX >= 90 0 0.1 -0.1 0
DAYS MAX <= 32 0 0.0 0.0 0
DAYS MAX >= 100 0 0
DAYS MIN <= 32 1 2.3 -1.3 1
DAYS MIN <= 0 0 0.0 0.0 0
DAYS MIN >= 80 0 0
PRECIPITATION (INCHES)
RECORD
MAXIMUM 9.86 2015
MINIMUM 0.00 1903
TOTALS 0.47 2.53 -2.06 6.40
DAILY AVG. 0.02 0.08 -0.06 0.21
DAYS >= .01 4 6.2 -2.2 8
DAYS >= .10 2 4.1 -2.1 6
DAYS >= .50 0 1.7 -1.7 5
DAYS >= 1.00 0 0.7 -0.7 2
GREATEST
24 HR. TOTAL 0.24 11/09 TO 11/09 3.01
SNOWFALL (INCHES)
RECORDS
TOTAL 5.0 1976
24 HR TOTAL 5.0 11/13/1976 TO 11/14/1976
11/22/1937 TO 11/22/1937
TOTALS 0.0 0.0 0.0 T
SINCE 7/1 0.0 0.0 0.0 MM
SNOWDEPTH AVG. 0 0
DAYS >= TRACE 0 2
DAYS >= 1.0 0 0.0 0.0 0
GREATEST
SNOW DEPTH 0 0 MM
24 HR TOTAL MM T
DEGREE DAYS
HEATING TOTAL 246 285 -39 337
SINCE 7/1 327 358 -31 MM
COOLING TOTAL 36 27 9 44
SINCE 1/1 3568 2819 749 MM
................................................................
WIND (MPH)
AVERAGE WIND SPEED 9.0
HIGHEST WIND SPEED/DIRECTION 31/340 DATE 11/21
HIGHEST GUST SPEED/DIRECTION 43/330 DATE 11/21
SKY COVER
POSSIBLE SUNSHINE (PERCENT) MM
AVERAGE SKY COVER 0.53
NUMBER OF DAYS FAIR 9
NUMBER OF DAYS PC 11
NUMBER OF DAYS CLOUDY 10
AVERAGE RH (PERCENT) 66
WEATHER CONDITIONS. NUMBER OF DAYS WITH
THUNDERSTORM 1 MIXED PRECIP 0
HEAVY RAIN 1 RAIN 2
LIGHT RAIN 7 FREEZING RAIN 0
LT FREEZING RAIN 0 HAIL 0
HEAVY SNOW 0 SNOW 0
LIGHT SNOW 0 SLEET 0
FOG 14 FOG W/VIS <= 1/4 MILE 2
HAZE 2
- INDICATES NEGATIVE NUMBERS.
R INDICATES RECORD WAS SET OR TIED.
MM INDICATES DATA IS MISSING.
T INDICATES TRACE AMOUNT.
$$