000
CXUS55 KCYS 011630
CLMDGW
CLIMATE REPORT
NATIONAL WEATHER SERVICE CHEYENNE WY
930 AM MST THU FEB 01 2024
...................................
...THE CONVERSE CO (DOUGLAS) WY ARPT CLIMATE SUMMARY FOR THE MONTH OF JANUARY 2024...
CLIMATE NORMAL PERIOD 1991 TO 2020
CLIMATE RECORD PERIOD 1998 TO 2024
WEATHER OBSERVED NORMAL DEPART LAST YEAR`S
VALUE DATE(S) VALUE FROM VALUE DATE(S)
NORMAL
................................................................
TEMPERATURE (F)
RECORD
HIGH 71 01/27/2015
LOW -33 01/27/2009
HIGHEST 62 01/31 MM MM 48
LOWEST -30 01/13 MM MM -30
AVG. MAXIMUM 35.9 39.0 -3.1 31.1
AVG. MINIMUM 7.4 12.6 -5.2 10.5
MEAN 21.7 25.8 -4.1 20.8
DAYS MAX >= 90 0 0.0 0.0 0
DAYS MAX <= 32 8 8.6 -0.6 17
DAYS MIN <= 32 31 30.1 0.9 31
DAYS MIN <= 0 10 5.0 5.0 5
PRECIPITATION (INCHES)
RECORD
MAXIMUM 0.65 2009
TOTALS 0.12 0.30 -0.18 0.40
DAYS >= .01 4 4.3 -0.3 4
DAYS >= .10 0 0.8 -0.8 2
DAYS >= .50 0 0.0 0.0 0
DAYS >= 1.00 0 0.0 0.0 0
GREATEST
24 HR. TOTAL 0.06 01/11 TO 01/11 0.23 01/11 TO 01/11
DEGREE DAYS
HEATING TOTAL 1336 1215 121 1360
SINCE 7/1 3976 4226 -250 MM
COOLING TOTAL 0 0 0 0
SINCE 1/1 0 0 0 MM
................................................................
WIND (MPH)
AVERAGE WIND SPEED 6.9
HIGHEST WIND SPEED/DIRECTION 43/350 DATE 01/18
HIGHEST GUST SPEED/DIRECTION 64/360 DATE 01/18
SKY COVER
POSSIBLE SUNSHINE (PERCENT) MM
AVERAGE SKY COVER 0.27
NUMBER OF DAYS FAIR 21
NUMBER OF DAYS PC 8
NUMBER OF DAYS CLOUDY 2
AVERAGE RH (PERCENT) 65
WEATHER CONDITIONS. NUMBER OF DAYS WITH
THUNDERSTORM 0 MIXED PRECIP 0
HEAVY RAIN 0 RAIN 0
LIGHT RAIN 0 FREEZING RAIN 0
LT FREEZING RAIN 0 HAIL 0
HEAVY SNOW 1 SNOW 1
LIGHT SNOW 9 SLEET 0
FOG 6 FOG W/VIS <= 1/4 MILE 0
HAZE 7
- INDICATES NEGATIVE NUMBERS.
R INDICATES RECORD WAS SET OR TIED.
MM INDICATES DATA IS MISSING.
T INDICATES TRACE AMOUNT.
$$