000
CXUS53 KBIS 010930
CF6DIK
PRELIMINARY LOCAL CLIMATOLOGICAL DATA (WS FORM: F-6)
STATION: DICKINSON ND
MONTH: FEBRUARY
YEAR: 2023
LATITUDE: 46 47 N
LONGITUDE: 102 48 W
TEMPERATURE IN F: :PCPN: SNOW: WIND :SUNSHINE: SKY :PK WND
================================================================================
1 2 3 4 5 6A 6B 7 8 9 10 11 12 13 14 15 16 17 18
12Z AVG MX 2MIN
DY MAX MIN AVG DEP HDD CDD WTR SNW DPTH SPD SPD DIR MIN PSBL S-S WX SPD DR
================================================================================
1 29 13 21 4 44 0 0.00 M M 11.8 24 350 M M 3 32 350
2 13 -5 4 -13 61 0 T M M 11.9 24 150 M M 8 8 32 330
3 39 4 22 5 43 0 M M M 15.8 23 150 M M 2 1 29 160
4 41 29 35 18 30 0 0.00 M M 16.0 25 270 M M 1 32 280
5 38 22 30 12 35 0 0.00 M M 10.6 21 160 M M 1 27 160
6 37 25 31 13 34 0 0.00 M M 18.4 30 300 M M 4 37 290
7 40 24 32 14 33 0 0.00 M M 15.4 23 260 M M 0 28 260
8 42 30 36 18 29 0 0.00 M M 12.7 23 320 M M 2 1 31 340
9 32 18 25 7 40 0 T M M 12.7 23 350 M M 3 18 33 360
10 42 19 31 13 34 0 0.00 M M 13.8 20 240 M M 0 25 240
11 45 25 35 17 30 0 0.00 M M 7.5 13 260 M M 0 17 270
12 41 24 33 14 32 0 0.00 M M 12.9 25 270 M M 0 32 270
13 49 30 40 21 25 0 0.00 M M 10.0 20 240 M M 1 24 230
14 38 3 21 2 44 0 T M M 21.3 35 330 M M 10 1 46 330
15 21 2 12 -7 53 0 0.00 M M 14.4 25 320 M M 2 33 320
16 23 4 14 -6 51 0 0.00 M M 7.5 16 200 M M 2 20 200
17 37 19 28 8 37 0 0.00 M M 14.1 31 290 M M 0 39 280
18 40 24 32 12 33 0 T M M 11.0 23 260 M M 7 28 260
19 37 19 28 8 37 0 M M M 9.0 21 220 M M 6 1 25 220
20 31 4 18 -3 47 0 0.00 M M 16.3 32 310 M M 3 44 310
21 13 -9 2 -19 63 0 M M M 16.4 24 30 M M 8 18 32 40
22 -6 -11 -8 -29 73 0 M M M 13.1 21 30 M M 9 1 26 30
23 -5 -22 -13 -35 78 0 M M M 7.0 15 30 M M 5 8 20 30
24 1 -24 -11 -33 76 0 M M M 10.6 23 190 M M 2 18 27 200
25 30 0 15 -7 50 0 0.00 M M 12.3 21 240 M M 1 26 240
26 39 15 27 4 38 0 0.00 M M 9.0 21 180 M M 0 24 180
27 37 15 26 3 39 0 0.00 M M 14.3 28 310 M M 3 35 310
28 28 9 19 -5 46 0 M M M 15.3 25 90 M M 7 12 33 90
================================================================================
SM 852 306 1235 0 T M 361.1 M 90
================================================================================
AV 30.4 10.9 12.9 FASTST M M 3 MAX(MPH)
MISC ----> 35 330 46 330
================================================================================
NOTES:
# LAST OF SEVERAL OCCURRENCES
COLUMN 17 PEAK WIND IN M.P.H.
PRELIMINARY LOCAL CLIMATOLOGICAL DATA (WS FORM: F-6) , PAGE 2
STATION: DICKINSON ND
MONTH: FEBRUARY
YEAR: 2023
LATITUDE: 46 47 N
LONGITUDE: 102 48 W
[TEMPERATURE DATA] [PRECIPITATION DATA] SYMBOLS USED IN COLUMN 16
AVERAGE MONTHLY: 20.7 TOTAL FOR MONTH: T 1 = FOG OR MIST
DPTR FM NORMAL: 1.1 DPTR FM NORMAL: -0.32 2 = FOG REDUCING VISIBILITY
HIGHEST: 49 ON 13 GRTST 24HR 0.06 ON 19-19 TO 1/4 MILE OR LESS
LOWEST: -24 ON 24 3 = THUNDER
SNOW, ICE PELLETS, HAIL 4 = ICE PELLETS
TOTAL MONTH: M 5 = HAIL
GRTST 24HR M ON M 6 = FREEZING RAIN OR DRIZZLE
GRTST DEPTH: M ON M 7 = DUSTSTORM OR SANDSTORM:
VSBY 1/2 MILE OR LESS
8 = SMOKE OR HAZE
[NO. OF DAYS WITH] [WEATHER - DAYS WITH] 9 = BLOWING SNOW
X = TORNADO
MAX 32 OR BELOW: 12 0.01 INCH OR MORE: 0
MAX 90 OR ABOVE: 0 0.10 INCH OR MORE: 0
MIN 32 OR BELOW: 28 0.50 INCH OR MORE: 0
MIN 0 OR BELOW: 6 1.00 INCH OR MORE: 0
[HDD (BASE 65) ]
TOTAL THIS MO. 1235 CLEAR (SCALE 0-3) 19
DPTR FM NORMAL -36 PTCLDY (SCALE 4-7) 5
TOTAL FM JUL 1 6365 CLOUDY (SCALE 8-10) 4
DPTR FM NORMAL 178
[CDD (BASE 65) ]
TOTAL THIS MO. 0
DPTR FM NORMAL 0 [PRESSURE DATA]
TOTAL FM JAN 1 0 HIGHEST SLP 30.72 ON 23
DPTR FM NORMAL 0 LOWEST SLP 29.26 ON 14
[REMARKS]
#FINAL-02-23#