000
CXUS54 KEPZ 011030
CF6DMN
PRELIMINARY LOCAL CLIMATOLOGICAL DATA (WS FORM: F-6)
STATION: DEMING
MONTH: OCTOBER
YEAR: 2021
LATITUDE: 32 15 N
LONGITUDE: 107 42 W
TEMPERATURE IN F: :PCPN: SNOW: WIND :SUNSHINE: SKY :PK WND
================================================================================
1 2 3 4 5 6A 6B 7 8 9 10 11 12 13 14 15 16 17 18
12Z AVG MX 2MIN
DY MAX MIN AVG DEP HDD CDD WTR SNW DPTH SPD SPD DIR MIN PSBL S-S WX SPD DR
================================================================================
1 75 52 64 -4 1 0 0.01 M M 5.5 15 270 M M 3 21 270
2 79 46 63 -5 2 0 0.00 M M 4.6 15 60 M M 0 19 60
3 83 50 67 -1 0 2 0.00 M M 6.8 14 90 M M 0 21 140
4 84 58 71 4 0 6 0.00 M M 8.0 15 90 M M 1 21 140
5 85 61 73 6 0 8 T M M 9.1 22 270 M M 4 29 260
6 85 54 70 4 0 5 T M M 4.6 18 340 M M 1 25 340
7 85 49 67 1 0 2 0.00 M M 4.5 17 270 M M 0 22 270
8 88 50 69 3 0 4 0.00 M M 4.1 13 270 M M 0 18 270
9 88 50 69 4 0 4 0.00 M M 8.4 25 270 M M 0 35 250
10 75 49 62 -3 3 0 0.00 M M 13.9 28 270 M M 0 8 37 260
11 83 37 60 -4 5 0 0.00 M M 8.8 26 250 M M 0 36 250
12 78 48 63 -1 2 0 0.00 M M 15.7 38 240 M M 2 8 54 240
13 71 37 54 -10 11 0 0.00 M M 7.8 20 270 M M 0 27 260
14 72 39 56 -7 9 0 0.00 M M 12.1 24 270 M M 0 33 260
15 71 36 54 -9 11 0 0.00 M M 11.3 25 40 M M 0 32 60
16 75 40 58 -5 7 0 0.00 M M 10.8 20 80 M M 0 8 29 90
17 79 49 64 2 1 0 0.00 M M 6.5 16 70 M M 0 21 90
18 81 52 67 5 0 2 0.00 M M 9.6 25 250 M M 0 33 220
19 77 49 63 1 2 0 0.00 M M 9.9 24 250 M M 0 31 270
20 79 41 60 -1 5 0 0.00 M M 4.4 12 70 M M 0 18 220
21 83 44 64 3 1 0 0.00 M M 5.1 15 50 M M 0 20 50
22 84 46 65 5 0 0 0.00 M M 5.3 15 80 M M 0 20 210
23 80 49 65 5 0 0 0.00 M M 9.7 25 270 M M 0 33 250
24 79 47 63 3 2 0 0.00 M M 9.6 21 270 M M 0 30 240
25 85 44 65 6 0 0 0.00 M M 5.4 14 200 M M 0 21 260
26 73 48 61 2 4 0 0.00 M M 19.0 37 270 M M 1 8 52 280
27 71 45 58 0 7 0 0.00 M M 12.7 28 270 M M 0 38 280
28 72 36 54 -4 11 0 0.00 M M 3.4 13 90 M M 0 19 90
29 77 38 58 1 7 0 0.00 M M 5.5 15 100 M M 0 20 130
30 82 38 60 3 5 0 0.00 M M 8.1 21 250 M M 0 30 240
31 79 42 61 4 4 0 0.00 M M 5.5 15 220 M M 0 21 240
================================================================================
SM 2458 1424 100 33 0.01 M 255.7 M 12
================================================================================
AV 79.3 45.9 8.2 FASTST M M 0 MAX(MPH)
MISC ----> 38 240 54 240
================================================================================
NOTES:
# LAST OF SEVERAL OCCURRENCES
COLUMN 17 PEAK WIND IN M.P.H.
PRELIMINARY LOCAL CLIMATOLOGICAL DATA (WS FORM: F-6) , PAGE 2
STATION: DEMING
MONTH: OCTOBER
YEAR: 2021
LATITUDE: 32 15 N
LONGITUDE: 107 42 W
[TEMPERATURE DATA] [PRECIPITATION DATA] SYMBOLS USED IN COLUMN 16
AVERAGE MONTHLY: 62.6 TOTAL FOR MONTH: 0.01 1 = FOG OR MIST
DPTR FM NORMAL: 0.1 DPTR FM NORMAL: -0.74 2 = FOG REDUCING VISIBILITY
HIGHEST: 88 ON 9, 8 GRTST 24HR 0.10 ON 30- 1 TO 1/4 MILE OR LESS
LOWEST: 36 ON 28,15 3 = THUNDER
SNOW, ICE PELLETS, HAIL 4 = ICE PELLETS
TOTAL MONTH: M 5 = HAIL
GRTST 24HR M ON M 6 = FREEZING RAIN OR DRIZZLE
GRTST DEPTH: M ON M 7 = DUSTSTORM OR SANDSTORM:
VSBY 1/2 MILE OR LESS
8 = SMOKE OR HAZE
[NO. OF DAYS WITH] [WEATHER - DAYS WITH] 9 = BLOWING SNOW
X = TORNADO
MAX 32 OR BELOW: 0 0.01 INCH OR MORE: 1
MAX 90 OR ABOVE: 0 0.10 INCH OR MORE: 0
MIN 32 OR BELOW: 0 0.50 INCH OR MORE: 0
MIN 0 OR BELOW: 0 1.00 INCH OR MORE: 0
[HDD (BASE 65) ]
TOTAL THIS MO. 100 CLEAR (SCALE 0-3) 30
DPTR FM NORMAL -19 PTCLDY (SCALE 4-7) 1
TOTAL FM JUL 1 103 CLOUDY (SCALE 8-10) 0
DPTR FM NORMAL -20
[CDD (BASE 65) ]
TOTAL THIS MO. 33
DPTR FM NORMAL -10 [PRESSURE DATA]
TOTAL FM JAN 1 1937 HIGHEST SLP 30.29 ON 16
DPTR FM NORMAL 123 LOWEST SLP 29.48 ON 12
[REMARKS]
#FINAL-10-21#