000
CXUS53 KEAX 010736
CF6DMO
PRELIMINARY LOCAL CLIMATOLOGICAL DATA (WS FORM: F-6)
STATION: SEDALIA MO
MONTH: JUNE
YEAR: 2023
LATITUDE: 38 42 N
LONGITUDE: 93 6 W
TEMPERATURE IN F: :PCPN: SNOW: WIND :SUNSHINE: SKY :PK WND
================================================================================
1 2 3 4 5 6A 6B 7 8 9 10 11 12 13 14 15 16 17 18
12Z AVG MX 2MIN
DY MAX MIN AVG DEP HDD CDD WTR SNW DPTH SPD SPD DIR MIN PSBL S-S WX SPD DR
================================================================================
1 89 63 76 6 0 11 0.00 M M 7.5 15 160 M M 1 8 24 210
2 90 67 79 9 0 14 T M M 5.0 28 100 M M 0 3 41 100
3 90 63 77 7 0 12 0.00 M M 6.1 18 100 M M 0 1 26 100
4 92 63 78 8 0 13 0.00 M M 5.3 17 100 M M 1 3 22 100
5 90 65 78 7 0 13 0.00 M M 7.0 18 40 M M 0 27 30
6 89 55 72 1 0 7 0.00 M M 2.6 9 230 M M 0 13 230
7 89 66 78 7 0 13 0.00 M M 6.3 22 30 M M 2 3 30 40
8 76 63 70 -2 0 5 0.22 M M 5.4 14 140 M M 7 138 19 140
9 83 59 71 -1 0 6 0.00 M M 6.3 15 110 M M 3 22 130
10 83 61 72 0 0 7 0.01 M M 6.0 15 180 M M 4 20 190
11 69 60 65 -7 0 0 0.40 M M 8.6 16 10 M M 3 1 23 350
12 75 51 63 -10 2 0 0.00 M M 4.7 12 20 M M 2 1 16 350
13 81 53 67 -6 0 2 0.00 M M 7.3 15 210 M M 0 21 210
14 86 57 72 -1 0 7 0.00 M M 4.9 10 210 M M 1 14 260
15 88 61 75 1 0 10 0.00 M M 4.8 10 170 M M 0 8 18 190
16 91 61 76 2 0 11 0.00 M M 5.1 14 40 M M 1 8 18 50
17 91 64 78 4 0 13 0.00 M M 5.9 16 160 M M 1 24 170
18 79 67 73 -1 0 8 1.08 M M 5.6 25 200 M M 4 138 35 190
19 88 64 76 2 0 11 0.00 M M 3.3 10 100 M M 2 12 13 100
20 89 65 77 2 0 12 0.00 M M 6.4 15 80 M M 0 1 21 80
21 89 64 77 2 0 12 0.00 M M 6.5 16 70 M M 1 23 50
22 90 64 77 2 0 12 0.00 M M 4.0 13 60 M M 1 19 70
23 92 65 79 4 0 14 0.00 M M 3.1 9 220 M M 3 14 250
24 94 68 81 6 0 16 0.00 M M 10.6 23 180 M M 1 32 200
25 90 68 79 3 0 14 0.00 M M 9.9 20 300 M M 0 8 32 300
26 87 65 76 0 0 11 0.00 M M 9.3 20 300 M M 0 31 300
27 89 61 75 -1 0 10 0.00 M M 3.0 10 30 M M 0 8 15 30
28 99 70 85 9 0 20 T M M 9.4 20 160 M M 0 27 160
29 101 78 90 14 0 25 0.00 M M 8.8 23 340 M M 0 36 340
30 102 72 87 11 0 22 0.00 M M 5.8 16 240 M M 1 3 26 240
================================================================================
SM 2641 1903 2 331 1.71 M 184.5 M 39
================================================================================
AV 88.0 63.4 6.2 FASTST M M 1 MAX(MPH)
MISC ----> 28 100 41 100
================================================================================
NOTES:
# LAST OF SEVERAL OCCURRENCES
COLUMN 17 PEAK WIND IN M.P.H.
PRELIMINARY LOCAL CLIMATOLOGICAL DATA (WS FORM: F-6) , PAGE 2
STATION: SEDALIA MO
MONTH: JUNE
YEAR: 2023
LATITUDE: 38 42 N
LONGITUDE: 93 6 W
[TEMPERATURE DATA] [PRECIPITATION DATA] SYMBOLS USED IN COLUMN 16
AVERAGE MONTHLY: 75.7 TOTAL FOR MONTH: 1.71 1 = FOG OR MIST
DPTR FM NORMAL: 2.3 DPTR FM NORMAL: -2.75 2 = FOG REDUCING VISIBILITY
HIGHEST: 102 ON 30 GRTST 24HR 1.08 ON 18-18 TO 1/4 MILE OR LESS
LOWEST: 51 ON 12 3 = THUNDER
SNOW, ICE PELLETS, HAIL 4 = ICE PELLETS
TOTAL MONTH: M 5 = HAIL
GRTST 24HR M ON M 6 = FREEZING RAIN OR DRIZZLE
GRTST DEPTH: M ON M 7 = DUSTSTORM OR SANDSTORM:
VSBY 1/2 MILE OR LESS
8 = SMOKE OR HAZE
[NO. OF DAYS WITH] [WEATHER - DAYS WITH] 9 = BLOWING SNOW
X = TORNADO
MAX 32 OR BELOW: 0 0.01 INCH OR MORE: 4
MAX 90 OR ABOVE: 13 0.10 INCH OR MORE: 3
MIN 32 OR BELOW: 0 0.50 INCH OR MORE: 1
MIN 0 OR BELOW: 0 1.00 INCH OR MORE: 1
[HDD (BASE 65) ]
TOTAL THIS MO. 2 CLEAR (SCALE 0-3) 27
DPTR FM NORMAL -7 PTCLDY (SCALE 4-7) 3
TOTAL FM JUL 1 4281 CLOUDY (SCALE 8-10) 0
DPTR FM NORMAL -665
[CDD (BASE 65) ]
TOTAL THIS MO. 331
DPTR FM NORMAL 72 [PRESSURE DATA]
TOTAL FM JAN 1 493 HIGHEST SLP M ON M
DPTR FM NORMAL 120 LOWEST SLP 29.63 ON 11
[REMARKS]
#FINAL-06-23#