000
CXUS55 KVEF 010910
CF6DRA
PRELIMINARY LOCAL CLIMATOLOGICAL DATA (WS FORM: F-6)
STATION: DESERT ROCK-MERCURY NV
MONTH: NOVEMBER
YEAR: 2021
LATITUDE: 36 37 N
LONGITUDE: 116 1 W
TEMPERATURE IN F: :PCPN: SNOW: WIND :SUNSHINE: SKY :PK WND
================================================================================
1 2 3 4 5 6A 6B 7 8 9 10 11 12 13 14 15 16 17 18
12Z AVG MX 2MIN
DY MAX MIN AVG DEP HDD CDD WTR SNW DPTH SPD SPD DIR MIN PSBL S-S WX SPD DR
================================================================================
1 73 47 60 2 5 0 0.00 0.0 0 4.9 18 240 M M 0 27 240
2 75 46 61 4 4 0 0.00 0.0 0 3.6 8 220 M M 1 M M
3 78 47 63 6 2 0 0.00 0.0 0 7.3 15 30 M M 0 M M
4 79 47 63 7 2 0 0.00 0.0 0 5.1 15 230 M M 0 23 230
5 79 46 63 7 2 0 0.00 0.0 0 4.7 17 220 M M 0 22 220
6 80 47 64 8 1 0 0.00 0.0 0 9.8 24 190 M M 0 39 210
7 77 52 65 10 0 0 0.00 0.0 0 14.4 28 200 M M 0 45 190
8 73 47 60 5 5 0 0.00 0.0 0 5.9 16 220 M M 0 27 220
9 70 49 60 6 5 0 T 0.0 0 13.5 25 200 M M 1 41 210
10 77 42 60 6 5 0 0.00 0.0 0 5.7 22 330 M M 0 30 340
11 76 49 63 10 2 0 0.00 0.0 0 10.5 18 30 M M M 24 60
12 77 52 65 12 0 0 0.00 0.0 0 10.7 21 30 M M M 27 30
13 80 46 63 11 2 0 0.00 0.0 0 5.3 17 20 M M M 21 30
14 80 46 63 11 2 0 0.00 0.0 0 3.6 13 210 M M M 16 230
15 78 42 60 8 5 0 0.00 0.0 0 3.3 10 220 M M 0 13 240
16 75 48 62 11 3 0 0.00 0.0 0 4.2 10 330 M M 0 M M
17 69 48 59 8 6 0 0.00 0.0 0 11.7 23 40 M M 0 31 30
18 64 42 53 3 12 0 0.00 0.0 0 8.3 16 120 M M 0 18 120
19 68 43 56 6 9 0 0.00 0.0 0 5.9 13 110 M M 0 M M
20 70 37 54 4 11 0 0.00 0.0 0 8.7 21 20 M M 0 27 20
21 66 46 56 7 9 0 0.00 0.0 0 14.4 21 50 M M 0 33 50
22 65 42 54 5 11 0 0.00 0.0 0 9.9 15 120 M M 0 20 110
23 66 38 52 4 13 0 0.00 0.0 0 4.3 13 240 M M 0 M M
24 57 41 49 1 16 0 0.00 0.0 0 14.5 24 20 M M 0 32 20
25 59 37 48 0 17 0 0.00 0.0 0 11.9 18 80 M M 0 27 90
26 65 37 51 4 14 0 0.00 0.0 0 6.1 15 30 M M 0 18 60
27 71 35 53 6 12 0 0.00 0.0 0 4.3 10 220 M M 0 M M
28 74 41 58 11 7 0 0.00 0.0 0 4.6 13 30 M M 0 M M
29 73 38 56 10 9 0 0.00 0.0 0 3.0 10 210 M M 0 M M
30 76 45 61 15 4 0 0.00 0.0 M 11.2 20 40 M M 0 M M
================================================================================
SM 2170 1323 195 0 T 0.0 231.3 M 2
================================================================================
AV 72.3 44.1 7.7 FASTST M M 0 MAX(MPH)
MISC ----> 28 200 45 190
================================================================================
NOTES:
# LAST OF SEVERAL OCCURRENCES
COLUMN 17 PEAK WIND IN M.P.H.
PRELIMINARY LOCAL CLIMATOLOGICAL DATA (WS FORM: F-6) , PAGE 2
STATION: DESERT ROCK-MERCURY NV
MONTH: NOVEMBER
YEAR: 2021
LATITUDE: 36 37 N
LONGITUDE: 116 1 W
[TEMPERATURE DATA] [PRECIPITATION DATA] SYMBOLS USED IN COLUMN 16
AVERAGE MONTHLY: 58.2 TOTAL FOR MONTH: T 1 = FOG OR MIST
DPTR FM NORMAL: 6.6 DPTR FM NORMAL: -0.27 2 = FOG REDUCING VISIBILITY
HIGHEST: 80 ON 14,13 GRTST 24HR T ON 9- 9 TO 1/4 MILE OR LESS
LOWEST: 35 ON 27 3 = THUNDER
SNOW, ICE PELLETS, HAIL 4 = ICE PELLETS
TOTAL MONTH: 0.0 INCH 5 = HAIL
GRTST 24HR 0.0 6 = FREEZING RAIN OR DRIZZLE
GRTST DEPTH: 0 7 = DUSTSTORM OR SANDSTORM:
VSBY 1/2 MILE OR LESS
8 = SMOKE OR HAZE
[NO. OF DAYS WITH] [WEATHER - DAYS WITH] 9 = BLOWING SNOW
X = TORNADO
MAX 32 OR BELOW: 0 0.01 INCH OR MORE: 0
MAX 90 OR ABOVE: 0 0.10 INCH OR MORE: 0
MIN 32 OR BELOW: 0 0.50 INCH OR MORE: 0
MIN 0 OR BELOW: 0 1.00 INCH OR MORE: 0
[HDD (BASE 65) ]
TOTAL THIS MO. 195 CLEAR (SCALE 0-3) 26
DPTR FM NORMAL -210 PTCLDY (SCALE 4-7) 0
TOTAL FM JUL 1 334 CLOUDY (SCALE 8-10) 4
DPTR FM NORMAL -180
[CDD (BASE 65) ]
TOTAL THIS MO. 0
DPTR FM NORMAL -2 [PRESSURE DATA]
TOTAL FM JAN 1 2694 HIGHEST SLP M ON M
DPTR FM NORMAL 362 LOWEST SLP M ON M
[REMARKS]
#FINAL-11-21#