000
CXUS54 KFWD 010830
CF6DTO
PRELIMINARY LOCAL CLIMATOLOGICAL DATA (WS FORM: F-6)
STATION: DENTON
MONTH: DECEMBER
YEAR: 2022
LATITUDE: 33 12 N
LONGITUDE: 97 12 W
TEMPERATURE IN F: :PCPN: SNOW: WIND :SUNSHINE: SKY :PK WND
================================================================================
1 2 3 4 5 6A 6B 7 8 9 10 11 12 13 14 15 16 17 18
12Z AVG MX 2MIN
DY MAX MIN AVG DEP HDD CDD WTR SNW DPTH SPD SPD DIR MIN PSBL S-S WX SPD DR
================================================================================
1 52 27 40 -9 25 0 T M M 6.5 17 180 M M 5 22 180
2 67 50 59 10 6 0 0.00 M M 11.1 22 190 M M 7 1 30 170
3 59 42 51 3 14 0 T M M 12.2 29 360 M M 3 12 43 360
4 58 44 51 3 14 0 T M M 6.6 18 160 M M 7 23 160
5 80 52 66 18 0 1 T M M 11.3 22 210 M M 4 1 28 200
6 73 56 65 17 0 0 0.02 M M 6.4 13 210 M M 2 16 210
7 60 54 57 10 8 0 0.06 M M 5.6 12 30 M M 10 12 14 40
8 71 55 63 16 2 0 0.00 M M 2.4 10 350 M M 9 128 13 350
9 68 54 61 14 4 0 0.00 M M 7.4 16 30 M M 7 12 20 30
10 66 53 60 14 5 0 1.83 M M 6.6 17 20 M M 10 123 23 20
11 57 50 54 8 11 0 0.00 M M 6.3 14 10 M M 10 1 17 360
12 63 54 59 13 6 0 0.01 M M 10.6 22 150 M M 10 1 35 130
13 68 49 59 13 6 0 0.79 M M 10.2 33 320 M M 6 123 42 320
14 58 37 48 2 17 0 T M M 8.5 17 300 M M 3 26 330
15 54 30 42 -3 23 0 0.00 M M 5.1 14 320 M M 0 20 320
16 48 28 38 -7 27 0 0.00 M M 7.6 18 10 M M 2 24 360
17 52 25 39 -6 26 0 0.00 M M 5.8 13 350 M M 0 18 300
18 56 22 39 -6 26 0 0.00 M M 6.5 17 150 M M 2 23 150
19 50 44 47 3 18 0 0.00 M M 10.9 18 170 M M 10 1 24 160
20 55 34 45 1 20 0 0.00 M M 8.3 16 40 M M 5 1 23 10
21 50 27 39 -5 26 0 0.00 M M 5.0 14 180 M M 2 1 18 180
22 44 10 27 -17 38 0 T M M 18.3 36 320 M M 6 1689 46 330
23 25 10 18 -26 47 0 0.00 M M 12.6 21 330 M M 0 28 350
24 37 18 28 -16 37 0 0.00 M M 3.4 9 310 M M 0 18 280
25 51 16 34 -10 31 0 0.00 M M 5.5 15 190 M M 0 21 190
26 60 23 42 -2 23 0 0.00 M M 9.5 24 360 M M 1 33 360
27 51 19 35 -9 30 0 0.00 M M 9.1 18 160 M M 0 8 24 160
28 73 42 58 15 7 0 0.00 M M 17.0 28 190 M M 0 38 190
29 70 49 60 17 5 0 0.00 M M 8.2 20 220 M M 2 27 220
30 60 40 50 7 15 0 T M M 3.6 9 20 M M 1 12 20
31 72 38 55 12 10 0 0.00 M M 8.2 23 200 M M 1 29 200
================================================================================
SM 1808 1152 527 1 2.71 M 256.3 M 125
================================================================================
AV 58.3 37.2 8.3 FASTST M M 4 MAX(MPH)
MISC ----> 36 320 46 330
================================================================================
NOTES:
# LAST OF SEVERAL OCCURRENCES
COLUMN 17 PEAK WIND IN M.P.H.
PRELIMINARY LOCAL CLIMATOLOGICAL DATA (WS FORM: F-6) , PAGE 2
STATION: DENTON
MONTH: DECEMBER
YEAR: 2022
LATITUDE: 33 12 N
LONGITUDE: 97 12 W
[TEMPERATURE DATA] [PRECIPITATION DATA] SYMBOLS USED IN COLUMN 16
AVERAGE MONTHLY: 47.7 TOTAL FOR MONTH: 2.71 1 = FOG OR MIST
DPTR FM NORMAL: 2.2 DPTR FM NORMAL: -0.05 2 = FOG REDUCING VISIBILITY
HIGHEST: 80 ON 5 GRTST 24HR 1.83 ON 10-10 TO 1/4 MILE OR LESS
LOWEST: 10 ON 23,22 3 = THUNDER
SNOW, ICE PELLETS, HAIL 4 = ICE PELLETS
TOTAL MONTH: M 5 = HAIL
GRTST 24HR M ON M 6 = FREEZING RAIN OR DRIZZLE
GRTST DEPTH: M ON M 7 = DUSTSTORM OR SANDSTORM:
VSBY 1/2 MILE OR LESS
8 = SMOKE OR HAZE
[NO. OF DAYS WITH] [WEATHER - DAYS WITH] 9 = BLOWING SNOW
X = TORNADO
MAX 32 OR BELOW: 1 0.01 INCH OR MORE: 5
MAX 90 OR ABOVE: 0 0.10 INCH OR MORE: 2
MIN 32 OR BELOW: 12 0.50 INCH OR MORE: 2
MIN 0 OR BELOW: 0 1.00 INCH OR MORE: 1
[HDD (BASE 65) ]
TOTAL THIS MO. 527 CLEAR (SCALE 0-3) 17
DPTR FM NORMAL -80 PTCLDY (SCALE 4-7) 8
TOTAL FM JUL 1 1003 CLOUDY (SCALE 8-10) 6
DPTR FM NORMAL -60
[CDD (BASE 65) ]
TOTAL THIS MO. 1
DPTR FM NORMAL -2 [PRESSURE DATA]
TOTAL FM JAN 1 3088 HIGHEST SLP 30.82 ON 23
DPTR FM NORMAL 614 LOWEST SLP 29.60 ON 13
[REMARKS]
#FINAL-12-22#