000
CXUS51 KPBZ 010730
CF6DUJ
PRELIMINARY LOCAL CLIMATOLOGICAL DATA (WS FORM: F-6)
STATION: DUBOIS PA
MONTH: APRIL
YEAR: 2021
LATITUDE: 41 10 N
LONGITUDE: 78 54 W
TEMPERATURE IN F: :PCPN: SNOW: WIND :SUNSHINE: SKY :PK WND
================================================================================
1 2 3 4 5 6A 6B 7 8 9 10 11 12 13 14 15 16 17 18
12Z AVG MX 2MIN
DY MAX MIN AVG DEP HDD CDD WTR SNW DPTH SPD SPD DIR MIN PSBL S-S WX SPD DR
================================================================================
1 35 21 28 -13 37 0 0.08 M M 12.1 25 290 M M 10 18 39 290
2 37 17 27 -14 38 0 0.00 M M 11.1 22 310 M M 0 31 320
3 49 20 35 -7 30 0 0.00 M M 6.9 16 230 M M 4 21 220
4 64 38 51 9 14 0 0.00 M M 10.6 21 340 M M 1 28 310
5 65 36 51 8 14 0 T M M 3.8 13 260 M M 3 17 280
6 74 43 59 16 6 0 0.00 M M 4.5 16 260 M M 2 21 340
7 76 49 63 20 2 0 0.02 M M 4.6 16 280 M M 3 21 290
8 76 57 67 23 0 2 0.00 M M 11.3 20 140 M M 0 29 130
9 64 50 57 13 8 0 0.19 M M 12.0 20 130 M M 7 1 27 130
10 75 53 64 19 1 0 0.10 M M 10.5 18 120 M M 5 1 28 130
11 69 50 60 15 5 0 0.66 M M 7.0 22 250 M M 9 1 29 260
12 55 43 49 4 16 0 0.39 M M 2.8 12 240 M M 9 128 15 240
13 64 43 54 8 11 0 0.00 M M 4.3 13 260 M M 7 12 16 290
14 63 45 54 8 11 0 0.00 M M 6.6 17 240 M M 7 24 250
15 48 33 41 -6 24 0 0.32 M M 8.8 22 280 M M 10 18 30 270
16 45 34 40 -7 25 0 0.06 M M 10.4 20 300 M M 10 1 29 280
17 48 36 42 -5 23 0 0.00 M M 6.6 13 280 M M 10 1 16 250
18 58 33 46 -2 19 0 0.02 M M 5.4 20 290 M M 7 25 280
19 61 40 51 3 14 0 0.00 M M 5.6 16 260 M M 6 21 240
20 60 38 49 1 16 0 0.00 M M 9.9 16 10 M M 7 22 310
21 39 27 33 -16 32 0 0.05 M M 11.6 23 290 M M 8 128 31 300
22 39 24 32 -17 33 0 0.01 M M 11.6 22 290 M M 8 18 31 300
23 60 28 44 -6 21 0 0.00 M M 10.4 23 250 M M 1 33 240
24 59 35 47 -3 18 0 0.04 M M 4.5 13 230 M M 3 19 210
25 58 33 46 -4 19 0 0.06 M M 9.9 24 300 M M 7 1 35 270
26 59 28 44 -7 21 0 0.00 M M 6.5 15 300 M M 0 19 270
27 78 44 61 10 4 0 0.00 M M 9.5 21 270 M M 1 26 270
28 77 60 69 18 0 4 0.00 M M 12.2 21 250 M M 3 31 220
29 68 48 58 6 7 0 0.67 M M 11.6 28 220 M M 9 18 39 220
30 54 36 45 -7 20 0 0.09 M M 17.5 29 300 M M 7 1 44 320
================================================================================
SM 1777 1142 489 6 2.76 M 260.1 M 164
================================================================================
AV 59.2 38.1 8.7 FASTST M M 5 MAX(MPH)
MISC ----> 29 300 44 320
================================================================================
NOTES:
# LAST OF SEVERAL OCCURRENCES
COLUMN 17 PEAK WIND IN M.P.H.
PRELIMINARY LOCAL CLIMATOLOGICAL DATA (WS FORM: F-6) , PAGE 2
STATION: DUBOIS PA
MONTH: APRIL
YEAR: 2021
LATITUDE: 41 10 N
LONGITUDE: 78 54 W
[TEMPERATURE DATA] [PRECIPITATION DATA] SYMBOLS USED IN COLUMN 16
AVERAGE MONTHLY: 48.7 TOTAL FOR MONTH: 2.76 1 = FOG OR MIST
DPTR FM NORMAL: 2.0 DPTR FM NORMAL: -0.69 2 = FOG REDUCING VISIBILITY
HIGHEST: 78 ON 27 GRTST 24HR 0.76 ON 10-11 TO 1/4 MILE OR LESS
LOWEST: 17 ON 2 3 = THUNDER
SNOW, ICE PELLETS, HAIL 4 = ICE PELLETS
TOTAL MONTH: M 5 = HAIL
GRTST 24HR M ON M 6 = FREEZING RAIN OR DRIZZLE
GRTST DEPTH: M ON M 7 = DUSTSTORM OR SANDSTORM:
VSBY 1/2 MILE OR LESS
8 = SMOKE OR HAZE
[NO. OF DAYS WITH] [WEATHER - DAYS WITH] 9 = BLOWING SNOW
X = TORNADO
MAX 32 OR BELOW: 0 0.01 INCH OR MORE: 15
MAX 90 OR ABOVE: 0 0.10 INCH OR MORE: 6
MIN 32 OR BELOW: 7 0.50 INCH OR MORE: 2
MIN 0 OR BELOW: 0 1.00 INCH OR MORE: 0
[HDD (BASE 65) ]
TOTAL THIS MO. 489 CLEAR (SCALE 0-3) 8
DPTR FM NORMAL -66 PTCLDY (SCALE 4-7) 15
TOTAL FM JUL 1 5691 CLOUDY (SCALE 8-10) 7
DPTR FM NORMAL -820
[CDD (BASE 65) ]
TOTAL THIS MO. 6
DPTR FM NORMAL 2 [PRESSURE DATA]
TOTAL FM JAN 1 6 HIGHEST SLP 30.44 ON 3
DPTR FM NORMAL 2 LOWEST SLP 29.42 ON 11
[REMARKS]
#FINAL-04-21#