000
CXUS51 KPBZ 280730
CF6DUJ
PRELIMINARY LOCAL CLIMATOLOGICAL DATA (WS FORM: F-6)
STATION: DUBOIS PA
MONTH: MARCH
YEAR: 2024
LATITUDE: 41 10 N
LONGITUDE: 78 54 W
TEMPERATURE IN F: :PCPN: SNOW: WIND :SUNSHINE: SKY :PK WND
================================================================================
1 2 3 4 5 6A 6B 7 8 9 10 11 12 13 14 15 16 17 18
12Z AVG MX 2MIN
DY MAX MIN AVG DEP HDD CDD WTR SNW DPTH SPD SPD DIR MIN PSBL S-S WX SPD DR
================================================================================
1 48 20 34 4 31 0 T M M 7.9 17 140 M M 2 8 28 120
2 48 38 43 12 22 0 0.25 M M 6.5 16 130 M M 10 128 22 120
3 60 44 52 21 13 0 0.00 M M 4.5 13 110 M M 7 12 16 120
4 71 45 58 27 7 0 0.00 M M 9.5 16 130 M M 1 12 28 140
5 73 48 61 29 4 0 0.07 M M 7.9 16 280 M M 2 25 120
6 58 46 52 20 13 0 0.49 M M 5.7 18 10 M M 10 1 24 360
7 60 41 51 19 14 0 0.00 M M 7.3 16 20 M M 6 21 30
8 60 37 49 17 16 0 0.00 M M 10.7 20 130 M M 2 28 120
9 49 39 44 11 21 0 0.84 M M 10.9 20 130 M M 10 18 36 130
10 39 29 34 1 31 0 0.06 M M 16.3 26 290 M M 10 18 40 290
11 46 29 38 5 27 0 T M M 16.1 25 310 M M 4 39 320
12 65 39 52 18 13 0 0.00 M M 12.0 21 250 M M 1 27 240
13 68 47 58 24 7 0 0.00 M M 8.1 20 230 M M 1 28 230
14 71 44 58 24 7 0 0.19 M M 6.9 28 250 M M 4 3 42 220
15 57 39 48 13 17 0 0.27 M M 10.5 20 240 M M 9 1 27 250
16 56 33 45 10 20 0 T M M 11.0 26 230 M M 5 40 240
17 52 30 41 6 24 0 0.12 M M 11.4 25 260 M M 9 1 39 240
18 32 28 30 -6 35 0 0.01 M M 10.9 20 270 M M 10 26 280
19 41 27 34 -2 31 0 T M M 12.7 24 230 M M 10 39 260
20 42 22 32 -4 33 0 0.06 M M 13.8 29 310 M M 9 18 42 310
21 36 18 27 -10 38 0 0.00 M M 9.1 18 300 M M 3 32 320
22 47 18 33 -4 32 0 0.13 M M 8.1 18 120 M M 7 25 130
23 40 27 34 -3 31 0 0.15 M M 11.3 24 350 M M 8 1 32 350
24 47 22 35 -3 30 0 0.00 M M 7.3 16 360 M M 2 24 350
25 59 31 45 7 20 0 0.00 M M 12.8 21 130 M M 0 32 140
26 58 41 50 11 15 0 0.04 M M 11.0 24 130 M M 5 38 130
27 65 39 52 13 13 0 0.00 M M 10.1 21 220 M M 6 32 240
================================================================================
SM 1448 921 565 0 2.68 M 270.3 M 153
================================================================================
AV 53.6 34.1 10.0 FASTST M M 6 MAX(MPH)
MISC ----> 29 310 # 42 220
================================================================================
NOTES:
# LAST OF SEVERAL OCCURRENCES
COLUMN 17 PEAK WIND IN M.P.H.
PRELIMINARY LOCAL CLIMATOLOGICAL DATA (WS FORM: F-6) , PAGE 2
STATION: DUBOIS PA
MONTH: MARCH
YEAR: 2024
LATITUDE: 41 10 N
LONGITUDE: 78 54 W
[TEMPERATURE DATA] [PRECIPITATION DATA] SYMBOLS USED IN COLUMN 16
AVERAGE MONTHLY: 43.9 TOTAL FOR MONTH: 2.68 1 = FOG OR MIST
DPTR FM NORMAL: 9.4 DPTR FM NORMAL: -0.16 2 = FOG REDUCING VISIBILITY
HIGHEST: 73 ON 5 GRTST 24HR 0.84 ON 9- 9 TO 1/4 MILE OR LESS
LOWEST: 18 ON 22,21 3 = THUNDER
SNOW, ICE PELLETS, HAIL 4 = ICE PELLETS
TOTAL MONTH: M 5 = HAIL
GRTST 24HR M ON M 6 = FREEZING RAIN OR DRIZZLE
GRTST DEPTH: M ON M 7 = DUSTSTORM OR SANDSTORM:
VSBY 1/2 MILE OR LESS
8 = SMOKE OR HAZE
[NO. OF DAYS WITH] [WEATHER - DAYS WITH] 9 = BLOWING SNOW
X = TORNADO
MAX 32 OR BELOW: 1 0.01 INCH OR MORE: 13
MAX 90 OR ABOVE: 0 0.10 INCH OR MORE: 8
MIN 32 OR BELOW: 12 0.50 INCH OR MORE: 1
MIN 0 OR BELOW: 0 1.00 INCH OR MORE: 0
[HDD (BASE 65) ]
TOTAL THIS MO. 565 CLEAR (SCALE 0-3) 9
DPTR FM NORMAL -261 PTCLDY (SCALE 4-7) 9
TOTAL FM JUL 1 4427 CLOUDY (SCALE 8-10) 9
DPTR FM NORMAL -1271
[CDD (BASE 65) ]
TOTAL THIS MO. 0
DPTR FM NORMAL 0 [PRESSURE DATA]
TOTAL FM JAN 1 0 HIGHEST SLP M ON M
DPTR FM NORMAL 0 LOWEST SLP 29.54 ON 16
[REMARKS]