000
CXUS53 KFGF 010815
CF6DVL
PRELIMINARY LOCAL CLIMATOLOGICAL DATA (WS FORM: F-6)
STATION: DEVILS LAKE ND
MONTH: SEPTEMBER
YEAR: 2021
LATITUDE: 48 7 N
LONGITUDE: 98 54 W
TEMPERATURE IN F: :PCPN: SNOW: WIND :SUNSHINE: SKY :PK WND
================================================================================
1 2 3 4 5 6A 6B 7 8 9 10 11 12 13 14 15 16 17 18
12Z AVG MX 2MIN
DY MAX MIN AVG DEP HDD CDD WTR SNW DPTH SPD SPD DIR MIN PSBL S-S WX SPD DR
================================================================================
1 77 62 70 7 0 5 0.00 0.0 0 14.8 23 160 M M 2 36 160
2 70 60 65 3 0 0 1.75 0.0 0 8.1 17 140 M M 8 12 22 140
3 72 54 63 1 2 0 0.00 0.0 0 6.7 14 270 M M 3 12 M M
4 74 53 64 2 1 0 0.00 0.0 0 10.8 18 310 M M 2 29 300
5 74 46 60 -1 5 0 0.00 0.0 0 5.8 12 310 M M 0 18 310
6 78 56 67 6 0 2 0.01 0.0 0 9.6 16 200 M M 1 3 M M
7 74 53 64 3 1 0 0.01 0.0 0 14.2 23 300 M M 1 36 300
8 73 47 60 0 5 0 0.05 0.0 0 9.9 18 340 M M 1 30 320
9 76 47 62 2 3 0 0.00 0.0 0 7.7 14 150 M M 0 M M
10 83 55 69 9 0 4 0.00 0.0 0 7.1 21 20 M M 0 32 20
11 66 49 58 -1 7 0 0.09 0.0 0 8.1 14 330 M M 3 M M
12 65 52 59 0 6 0 0.02 0.0 0 6.0 14 140 M M 10 1 M M
13 62 56 59 0 6 0 0.30 0.0 0 7.6 15 190 M M 7 13 M M
14 71 47 59 1 6 0 0.02 0.0 0 8.2 18 300 M M 1 1 30 290
15 78 45 62 4 3 0 T 0.0 0 10.0 22 180 M M 2 27 180
16 64 47 56 -2 9 0 0.00 0.0 0 10.2 24 270 M M 4 29 270
17 65 46 56 -1 9 0 0.00 0.0 0 14.2 25 290 M M 0 33 300
18 78 52 65 8 0 0 0.00 0.0 0 16.1 22 160 M M 0 33 170
19 82 61 72 16 0 7 T 0.0 0 14.5 21 260 M M 1 25 190
20 66 49 58 2 7 0 0.07 0.0 0 11.3 23 320 M M 5 1 27 320
21 67 39 53 -3 12 0 0.08 0.0 0 8.6 15 240 M M 0 M M
22 75 53 64 9 1 0 0.03 0.0 0 14.3 21 220 M M 0 20 200
23 77 51 64 9 1 0 T 0.0 0 12.0 17 190 M M 1 23 190
24 62 39 51 -3 14 0 0.01 0.0 0 14.8 28 290 M M 1 36 310
25 79 40 60 6 5 0 0.00 0.0 0 11.1 18 250 M M 1 M M
26 78 50 64 11 1 0 0.00 0.0 0 8.2 13 30 M M 0 17 30
27 81 46 64 11 1 0 0.00 0.0 0 9.5 18 170 M M 0 8 24 170
28 91 53 72 20 0 7 0.00 0.0 0 10.4 21 170 M M 0 27 160
29 77 59 68 16 0 3 0.21 0.0 0 11.2 20 170 M M 3 3 20 330
30 70 54 62 11 3 0 0.01 M M 8.2 14 360 M M 3 8 M M
================================================================================
SM 2205 1521 108 28 2.66 0.0 309.2 M 60
================================================================================
AV 73.5 50.7 10.3 FASTST M M 2 MAX(MPH)
MISC ----> 28 290 # 36 160
================================================================================
NOTES:
# LAST OF SEVERAL OCCURRENCES
COLUMN 17 PEAK WIND IN M.P.H.
PRELIMINARY LOCAL CLIMATOLOGICAL DATA (WS FORM: F-6) , PAGE 2
STATION: DEVILS LAKE ND
MONTH: SEPTEMBER
YEAR: 2021
LATITUDE: 48 7 N
LONGITUDE: 98 54 W
[TEMPERATURE DATA] [PRECIPITATION DATA] SYMBOLS USED IN COLUMN 16
AVERAGE MONTHLY: 62.1 TOTAL FOR MONTH: 2.66 1 = FOG OR MIST
DPTR FM NORMAL: 4.6 DPTR FM NORMAL: 0.70 2 = FOG REDUCING VISIBILITY
HIGHEST: 91 ON 28 GRTST 24HR 1.75 ON 2- 2 TO 1/4 MILE OR LESS
LOWEST: 39 ON 24,21 3 = THUNDER
SNOW, ICE PELLETS, HAIL 4 = ICE PELLETS
TOTAL MONTH: 0.0 INCH 5 = HAIL
GRTST 24HR 0.0 6 = FREEZING RAIN OR DRIZZLE
GRTST DEPTH: 0 7 = DUSTSTORM OR SANDSTORM:
VSBY 1/2 MILE OR LESS
8 = SMOKE OR HAZE
[NO. OF DAYS WITH] [WEATHER - DAYS WITH] 9 = BLOWING SNOW
X = TORNADO
MAX 32 OR BELOW: 0 0.01 INCH OR MORE: 14
MAX 90 OR ABOVE: 1 0.10 INCH OR MORE: 3
MIN 32 OR BELOW: 0 0.50 INCH OR MORE: 1
MIN 0 OR BELOW: 0 1.00 INCH OR MORE: 1
[HDD (BASE 65) ]
TOTAL THIS MO. 108 CLEAR (SCALE 0-3) 23
DPTR FM NORMAL -125 PTCLDY (SCALE 4-7) 6
TOTAL FM JUL 1 147 CLOUDY (SCALE 8-10) 1
DPTR FM NORMAL -128
[CDD (BASE 65) ]
TOTAL THIS MO. 28
DPTR FM NORMAL 22 [PRESSURE DATA]
TOTAL FM JAN 1 644 HIGHEST SLP M ON M
DPTR FM NORMAL 390 LOWEST SLP M ON M
[REMARKS]
#FINAL-09-21#