000
CXUS54 KHGX 020623
CF6DWH
PRELIMINARY LOCAL CLIMATOLOGICAL DATA (WS FORM: F-6)
STATION: HOUSTON/D.W._HOOKS
MONTH: JANUARY
YEAR: 2022
LATITUDE: 30 4 N
LONGITUDE: 95 33 W
TEMPERATURE IN F: :PCPN: SNOW: WIND :SUNSHINE: SKY :PK WND
================================================================================
1 2 3 4 5 6A 6B 7 8 9 10 11 12 13 14 15 16 17 18
12Z AVG MX 2MIN
DY MAX MIN AVG DEP HDD CDD WTR SNW DPTH SPD SPD DIR MIN PSBL S-S WX SPD DR
================================================================================
1 85 57 71 18 0 6 T 0.0 0 9.5 21 200 M M 6 8 35 170
2 57 29 43 -9 22 0 0.15 0.0 0 13.8 24 330 M M 4 3 40 340
3 54 28 41 -11 24 0 0.00 0.0 0 2.1 8 20 M M 0 14 300
4 67 34 51 -1 14 0 0.00 0.0 0 4.8 17 200 M M 0 25 190
5 77 45 61 9 4 0 0.00 0.0 0 4.6 17 200 M M 2 12 25 190
6 69 42 56 4 9 0 0.00 0.0 0 6.6 18 10 M M 5 1 25 360
7 52 37 45 -7 20 0 0.00 0.0 0 7.2 14 70 M M 6 18 80
8 79 52 66 14 0 1 0.31 0.0 0 9.7 21 210 M M 10 13 30 210
9 75 55 65 13 0 0 0.23 0.0 0 8.8 18 340 M M 9 13 27 180
10 62 44 53 1 12 0 0.00 0.0 0 11.2 21 10 M M 3 38 360
11 59 37 48 -4 17 0 0.00 0.0 0 4.6 13 60 M M 3 19 70
12 62 47 55 3 10 0 T 0.0 0 2.3 7 140 M M 7 10 150
13 73 41 57 5 8 0 0.00 0.0 0 3.3 12 250 M M 0 18 16 250
14 75 41 58 6 7 0 0.00 0.0 0 4.0 15 210 M M 0 24 210
15 62 36 49 -4 16 0 T 0.0 0 15.0 28 330 M M 1 47 330
16 57 33 45 -8 20 0 0.00 0.0 0 6.7 16 320 M M 0 28 310
17 68 31 50 -3 15 0 0.00 0.0 0 1.2 8 200 M M 0 1 12 230
18 76 40 58 5 7 0 0.00 0.0 0 6.3 22 190 M M 2 1 32 200
19 77 51 64 11 1 0 0.33 0.0 0 5.5 20 350 M M 6 13 30 340
20 51 36 44 -9 21 0 0.02 0.0 0 12.4 22 340 M M 9 39 340
21 53 34 44 -9 21 0 0.01 0.0 0 7.5 16 350 M M 2 22 350
22 56 30 43 -10 22 0 0.00 0.0 0 5.3 12 30 M M 0 19 40
23 61 33 47 -6 18 0 0.00 0.0 0 2.4 9 220 M M 4 13 60
24 53 47 50 -3 15 0 0.45 0.0 0 4.8 12 80 M M 10 13 15 80
25 59 44 52 -2 13 0 0.00 0.0 0 5.8 14 10 M M 9 1 22 30
26 58 39 49 -5 16 0 0.00 0.0 0 5.1 13 60 M M 2 20 40
27 63 39 51 -3 14 0 0.00 0.0 0 4.2 10 50 M M 4 17 60
28 59 36 48 -6 17 0 0.00 0.0 0 8.9 20 360 M M 4 29 360
29 64 30 47 -7 18 0 0.00 0.0 0 3.9 13 210 M M 0 18 210
30 70 34 52 -2 13 0 0.00 0.0 0 5.1 15 220 M M 0 20 210
31 63 46 55 1 10 0 1.15 0.0 0 5.8 16 90 M M 9 1 22 90
================================================================================
SM 1996 1228 404 7 2.65 0.0 198.4 M 117
================================================================================
AV 64.4 39.6 6.4 FASTST M M 4 MAX(MPH)
MISC ----> 28 330 47 330
================================================================================
NOTES:
# LAST OF SEVERAL OCCURRENCES
COLUMN 17 PEAK WIND IN M.P.H.
PRELIMINARY LOCAL CLIMATOLOGICAL DATA (WS FORM: F-6) , PAGE 2
STATION: HOUSTON/D.W._HOOKS
MONTH: JANUARY
YEAR: 2022
LATITUDE: 30 4 N
LONGITUDE: 95 33 W
[TEMPERATURE DATA] [PRECIPITATION DATA] SYMBOLS USED IN COLUMN 16
AVERAGE MONTHLY: 52.0 TOTAL FOR MONTH: 2.65 1 = FOG OR MIST
DPTR FM NORMAL: -1.0 DPTR FM NORMAL: -0.88 2 = FOG REDUCING VISIBILITY
HIGHEST: 85 ON 1 GRTST 24HR 1.15 ON 31-31 TO 1/4 MILE OR LESS
LOWEST: 28 ON 3 3 = THUNDER
SNOW, ICE PELLETS, HAIL 4 = ICE PELLETS
TOTAL MONTH: 0.0 INCH 5 = HAIL
GRTST 24HR 0.0 6 = FREEZING RAIN OR DRIZZLE
GRTST DEPTH: 0 7 = DUSTSTORM OR SANDSTORM:
VSBY 1/2 MILE OR LESS
8 = SMOKE OR HAZE
[NO. OF DAYS WITH] [WEATHER - DAYS WITH] 9 = BLOWING SNOW
X = TORNADO
MAX 32 OR BELOW: 0 0.01 INCH OR MORE: 8
MAX 90 OR ABOVE: 0 0.10 INCH OR MORE: 6
MIN 32 OR BELOW: 5 0.50 INCH OR MORE: 1
MIN 0 OR BELOW: 0 1.00 INCH OR MORE: 1
[HDD (BASE 65) ]
TOTAL THIS MO. 404 CLEAR (SCALE 0-3) 15
DPTR FM NORMAL 15 PTCLDY (SCALE 4-7) 10
TOTAL FM JUL 1 653 CLOUDY (SCALE 8-10) 6
DPTR FM NORMAL -292
[CDD (BASE 65) ]
TOTAL THIS MO. 7
DPTR FM NORMAL -9 [PRESSURE DATA]
TOTAL FM JAN 1 7 HIGHEST SLP 30.59 ON 10
DPTR FM NORMAL -9 LOWEST SLP 29.64 ON 1
[REMARKS]
#FINAL-01-22#