000
CXUS54 KHGX 011410
CF6DWH
PRELIMINARY LOCAL CLIMATOLOGICAL DATA (WS FORM: F-6)
STATION: HOUSTON/D.W._HOOKS
MONTH: SEPTEMBER
YEAR: 2021
LATITUDE: 30 4 N
LONGITUDE: 95 33 W
TEMPERATURE IN F: :PCPN: SNOW: WIND :SUNSHINE: SKY :PK WND
================================================================================
1 2 3 4 5 6A 6B 7 8 9 10 11 12 13 14 15 16 17 18
12Z AVG MX 2MIN
DY MAX MIN AVG DEP HDD CDD WTR SNW DPTH SPD SPD DIR MIN PSBL S-S WX SPD DR
================================================================================
1 98 77 88 5 0 23 0.91 0.0 0 3.6 9 120 M M 2 13 13 140
2 94 76 85 2 0 20 0.31 0.0 0 2.4 17 200 M M 1 123 28 180
3 92 75 84 1 0 19 0.02 0.0 0 2.1 14 200 M M 1 13 20 150
4 95 73 84 2 0 19 0.00 0.0 0 2.0 12 220 M M 1 1 17 220
5 95 77 86 4 0 21 0.00 0.0 0 5.3 13 290 M M 0 20 250
6 94 72 83 1 0 18 T 0.0 0 5.7 16 130 M M 4 13 27 170
7 94 69 82 0 0 17 0.00 0.0 0 2.9 10 360 M M 0 12 15 100
8 96 65 81 -1 0 16 0.00 0.0 0 3.0 10 20 M M 0 1 17 10
9 94 69 82 0 0 17 0.00 0.0 0 5.7 13 70 M M 1 20 80
10 91 65 78 -3 0 13 0.00 0.0 0 4.5 14 90 M M 0 21 90
11 91 60 76 -5 0 11 0.00 0.0 0 3.7 9 140 M M 0 16 110
12 91 67 79 -2 0 14 T 0.0 0 4.9 14 90 M M 1 20 110
13 79 71 75 -6 0 10 0.35 0.0 0 8.2 22 110 M M 6 1 35 90
14 76 69 73 -7 0 8 0.11 0.0 0 13.8 28 70 M M 10 1 44 70
15 84 72 78 -2 0 13 T 0.0 0 5.9 13 10 M M 9 1 18 360
16 82 72 77 -3 0 12 T 0.0 0 4.6 10 30 M M 8 18 15 30
17 90 71 81 1 0 16 0.00 0.0 0 1.9 10 270 M M 5 1 14 270
18 90 72 81 1 0 16 0.22 0.0 0 1.8 14 280 M M 3 138 26 270
19 93 71 82 3 0 17 0.00 0.0 0 1.8 9 120 M M 3 1 14 110
20 94 73 84 5 0 19 0.00 0.0 0 4.9 12 130 M M 2 12 16 130
21 95 74 85 6 0 20 T 0.0 0 4.7 17 360 M M 2 1238 25 350
22 84 58 71 -8 0 6 0.00 0.0 0 8.7 17 360 M M 0 29 20
23 84 54 69 -9 0 4 0.00 0.0 0 1.9 9 50 M M 0 14 30
24 85 56 71 -7 0 6 0.00 0.0 0 2.9 9 110 M M 0 1 16 110
25 87 57 72 -6 0 7 0.00 0.0 0 1.8 9 80 M M 0 1 15 90
26 87 58 73 -5 0 8 0.00 0.0 0 3.4 12 130 M M 0 1 16 130
27 88 65 77 0 0 12 T 0.0 0 1.8 10 130 M M 3 1 15 140
28 87 73 80 3 0 15 0.14 0.0 0 5.6 17 140 M M 6 138 25 110
29 84 68 76 -1 0 11 1.48 0.0 0 4.2 20 310 M M 4 13 33 290
30 91 70 81 5 0 16 0.01 0.0 0 3.6 18 150 M M 3 13 34 140
================================================================================
SM 2685 2049 0 424 3.55 0.0 127.3 M 75
================================================================================
AV 89.5 68.3 4.2 FASTST M M 3 MAX(MPH)
MISC ----> 28 70 44 70
================================================================================
NOTES:
# LAST OF SEVERAL OCCURRENCES
COLUMN 17 PEAK WIND IN M.P.H.
PRELIMINARY LOCAL CLIMATOLOGICAL DATA (WS FORM: F-6) , PAGE 2
STATION: HOUSTON/D.W._HOOKS
MONTH: SEPTEMBER
YEAR: 2021
LATITUDE: 30 4 N
LONGITUDE: 95 33 W
[TEMPERATURE DATA] [PRECIPITATION DATA] SYMBOLS USED IN COLUMN 16
AVERAGE MONTHLY: 78.9 TOTAL FOR MONTH: 3.55 1 = FOG OR MIST
DPTR FM NORMAL: -1.1 DPTR FM NORMAL: -1.64 2 = FOG REDUCING VISIBILITY
HIGHEST: 98 ON 1 GRTST 24HR 1.62 ON 28-29 TO 1/4 MILE OR LESS
LOWEST: 54 ON 23 3 = THUNDER
SNOW, ICE PELLETS, HAIL 4 = ICE PELLETS
TOTAL MONTH: 0.0 INCH 5 = HAIL
GRTST 24HR 0.0 6 = FREEZING RAIN OR DRIZZLE
GRTST DEPTH: 0 7 = DUSTSTORM OR SANDSTORM:
VSBY 1/2 MILE OR LESS
8 = SMOKE OR HAZE
[NO. OF DAYS WITH] [WEATHER - DAYS WITH] 9 = BLOWING SNOW
X = TORNADO
MAX 32 OR BELOW: 0 0.01 INCH OR MORE: 9
MAX 90 OR ABOVE: 18 0.10 INCH OR MORE: 7
MIN 32 OR BELOW: 0 0.50 INCH OR MORE: 2
MIN 0 OR BELOW: 0 1.00 INCH OR MORE: 1
[HDD (BASE 65) ]
TOTAL THIS MO. 0 CLEAR (SCALE 0-3) 21
DPTR FM NORMAL 0 PTCLDY (SCALE 4-7) 7
TOTAL FM JUL 1 0 CLOUDY (SCALE 8-10) 2
DPTR FM NORMAL 0
[CDD (BASE 65) ]
TOTAL THIS MO. 424
DPTR FM NORMAL -26 [PRESSURE DATA]
TOTAL FM JAN 1 2760 HIGHEST SLP 30.25 ON 22
DPTR FM NORMAL -87 LOWEST SLP 29.72 ON 14
[REMARKS]
#FINAL-09-21#