000
CXUS54 KHGX 011515
CF6DWH
PRELIMINARY LOCAL CLIMATOLOGICAL DATA (WS FORM: F-6)
STATION: HOUSTON/D.W._HOOKS
MONTH: JULY
YEAR: 2020
LATITUDE: 30 4 N
LONGITUDE: 95 33 W
TEMPERATURE IN F: :PCPN: SNOW: WIND :SUNSHINE: SKY :PK WND
================================================================================
1 2 3 4 5 6A 6B 7 8 9 10 11 12 13 14 15 16 17 18
12Z AVG MX 2MIN
DY MAX MIN AVG DEP HDD CDD WTR SNW DPTH SPD SPD DIR MIN PSBL S-S WX SPD DR
================================================================================
1 93 81 87 5 0 22 0.00 0.0 0 9.3 17 200 M M 5 8 27 210
2 94 80 87 5 0 22 0.00 0.0 0 6.8 14 190 M M 4 8 26 250
3 94 73 84 2 0 19 0.00 0.0 0 4.9 25 80 M M 2 18 34 70
4 95 72 84 2 0 19 0.00 0.0 0 3.2 12 270 M M 2 18 16 220
5 92 77 85 3 0 20 0.00 0.0 0 6.3 14 240 M M 2 8 20 240
6 91 79 85 3 0 20 0.05 0.0 0 5.6 17 230 M M 4 138 24 240
7 93 76 85 3 0 20 T 0.0 0 6.2 21 350 M M 3 3 29 340
8 94 80 87 5 0 22 0.00 0.0 0 7.9 15 210 M M 4 8 23 220
9 96 80 88 6 0 23 0.00 0.0 0 8.2 16 190 M M 4 18 24 200
10 98 79 89 7 0 24 0.00 0.0 0 6.1 14 200 M M 4 20 210
11 98 79 89 7 0 24 0.00 0.0 0 5.5 14 190 M M 2 19 190
12 95 79 87 5 0 22 0.00 0.0 0 5.6 17 240 M M 2 27 230
13 99 80 90 8 0 25 0.00 0.0 0 7.5 14 190 M M 2 22 150
14 96 79 88 6 0 23 0.00 0.0 0 7.8 15 190 M M 3 21 210
15 96 80 88 6 0 23 0.00 0.0 0 8.4 15 200 M M 3 22 200
16 98 78 88 6 0 23 0.00 0.0 0 5.7 15 130 M M 2 20 140
17 92 76 84 2 0 19 T 0.0 0 6.6 18 130 M M 2 1 24 130
18 93 75 84 2 0 19 T 0.0 0 5.4 16 110 M M 3 3 21 100
19 92 75 84 2 0 19 0.05 0.0 0 3.5 20 120 M M 2 3 24 130
20 90 75 83 1 0 18 0.84 0.0 0 6.1 22 100 M M 2 13 31 110
21 89 75 82 0 0 17 T 0.0 0 7.2 13 100 M M 6 3 17 110
22 88 76 82 0 0 17 0.45 0.0 0 4.0 14 210 M M 3 13 18 210
23 95 76 86 4 0 21 0.00 0.0 0 5.7 16 80 M M 2 26 80
24 93 78 86 4 0 21 0.00 0.0 0 10.3 23 60 M M 4 29 60
25 89 75 82 0 0 17 0.69 0.0 0 9.2 20 80 M M 8 138 26 100
26 90 75 83 0 0 18 0.88 0.0 0 7.5 24 220 M M 6 13 30 220
27 92 75 84 1 0 19 0.37 0.0 0 3.6 14 100 M M 7 13 18 100
28 87 74 81 -2 0 16 1.56 0.0 0 3.0 15 210 M M 3 13 22 190
29 90 73 82 -1 0 17 0.44 0.0 0 3.9 22 180 M M 2 1 32 180
30 93 78 86 3 0 21 0.00 0.0 0 8.1 15 200 M M 4 1 21 210
31 94 78 86 3 0 21 T 0.0 0 8.3 15 220 M M 2 3 22 210
================================================================================
SM 2889 2386 0 631 5.33 0.0 197.4 M 104
================================================================================
AV 93.2 77.0 6.4 FASTST M M 3 MAX(MPH)
MISC ----> # 25 80 # 34 70
================================================================================
NOTES:
# LAST OF SEVERAL OCCURRENCES
COLUMN 17 PEAK WIND IN M.P.H.
PRELIMINARY LOCAL CLIMATOLOGICAL DATA (WS FORM: F-6) , PAGE 2
STATION: HOUSTON/D.W._HOOKS
MONTH: JULY
YEAR: 2020
LATITUDE: 30 4 N
LONGITUDE: 95 33 W
[TEMPERATURE DATA] [PRECIPITATION DATA] SYMBOLS USED IN COLUMN 16
AVERAGE MONTHLY: 85.1 TOTAL FOR MONTH: 5.33 1 = FOG OR MIST
DPTR FM NORMAL: 3.0 DPTR FM NORMAL: 1.49 2 = FOG REDUCING VISIBILITY
HIGHEST: 99 ON 13 GRTST 24HR 1.56 ON 28-28 TO 1/4 MILE OR LESS
LOWEST: 72 ON 4 3 = THUNDER
SNOW, ICE PELLETS, HAIL 4 = ICE PELLETS
TOTAL MONTH: 0.0 INCH 5 = HAIL
GRTST 24HR 0.0 6 = FREEZING RAIN OR DRIZZLE
GRTST DEPTH: 0 7 = DUSTSTORM OR SANDSTORM:
VSBY 1/2 MILE OR LESS
8 = SMOKE OR HAZE
[NO. OF DAYS WITH] [WEATHER - DAYS WITH] 9 = BLOWING SNOW
X = TORNADO
MAX 32 OR BELOW: 0 0.01 INCH OR MORE: 9
MAX 90 OR ABOVE: 27 0.10 INCH OR MORE: 7
MIN 32 OR BELOW: 0 0.50 INCH OR MORE: 4
MIN 0 OR BELOW: 0 1.00 INCH OR MORE: 1
[HDD (BASE 65) ]
TOTAL THIS MO. 0 CLEAR (SCALE 0-3) 18
DPTR FM NORMAL 0 PTCLDY (SCALE 4-7) 13
TOTAL FM JUL 1 0 CLOUDY (SCALE 8-10) 0
DPTR FM NORMAL 0
[CDD (BASE 65) ]
TOTAL THIS MO. 631
DPTR FM NORMAL 99 [PRESSURE DATA]
TOTAL FM JAN 1 1889 HIGHEST SLP 30.08 ON 17
DPTR FM NORMAL 332 LOWEST SLP 29.79 ON 5
[REMARKS]
#FINAL-07-20#